{"id":975,"date":"2011-12-23T10:56:21","date_gmt":"2011-12-23T10:56:21","guid":{"rendered":"http:\/\/www.propiano.org\/romanian\/?page_id=975"},"modified":"2011-12-23T10:56:50","modified_gmt":"2011-12-23T10:56:50","slug":"piata-festivalului-george-enescu-2011","status":"publish","type":"page","link":"https:\/\/www.propiano.org\/romanian\/piata-festivalului-george-enescu-2011\/","title":{"rendered":"Piata Festivalului George Enescu 2011"},"content":{"rendered":"<h2 style=\"text-align: center;\">Piata Festivalului \u201cGeorge Enescu\u201d\u00a02011<\/h2>\n<div>\n<p style=\"text-align: center;\" align=\"center\"><strong>Funda\u0163ia Cultural\u0103 \u201ePro Piano-Rom\u00e2nia\u201d \u015fi Pia\u0163a Festivalului \u201cGeorge Enescu\u201d<\/strong><\/p>\n<p align=\"center\">\u2013 Recitaluri organizate de Fundatie intre 10-18 septembrie 2011-<\/p>\n<p>\u00cen perioada\u00a0<strong>2 \u2013 18 septembrie<\/strong>, \u00een\u00a0<strong>Pia\u0163a Festivalului \u201cGeorge Enescu\u201d<\/strong>\u00a0vor avea loc concerte, recitaluri de pian, vioar\u0103, sufl\u0103tori, concerte camerale, cu acces liber pentru to\u0163i iubitorii de muzic\u0103 ai ora\u015fului.<\/p>\n<p><strong>Invita\u0163i:<\/strong>\u00a0Filarmonica Oltenia din Craiova; Orchestra SinfoniaBucure\u015fti, dirijor: Florin Totan; Trio Strad: Alexandru Tomescu (vioar\u0103), R\u0103zvan Suma (violoncel), Toma Popovici(pian); Orchestra Filarmonicii Banatul din Timi\u015foara, dirijor: Radu Popa,solist: Zoli Toth; Big Bandul Radio, dirijor: Ionel Tudor; Recital Liviu<br \/>\nPrunaru (vioar\u0103), Valentina Svyatlovska (vioar\u0103), Horia Mihail (pian);Stringasong: Berti Barbera, Nicu Patoi \u015fi Sangam String Quartet; OrchestraNa\u0163ional\u0103 Radio, dirijor: Tiberiu Soare.<\/p>\n<p><strong>Programul a fost realizat de ArCuB, cu sprijinul:<\/strong><br \/>\nInspectoratul \u015ecolar al Municipiului Bucure\u015fti<br \/>\nFunda\u0163ia FAMart<br \/>\n<strong>Funda\u0163ia Cultural\u0103 \u201dPro Piano-Rom\u00e2nia\u201d<\/strong><br \/>\nFunda\u0163ia Remember Enescu<br \/>\nRadio Romania Muzical<br \/>\nRadio Romania Cultural<br \/>\nTVR Cultural<br \/>\nCentrul Cultural Local \u201eIon Vinea\u201d Giurgiu<br \/>\nConsiliul Jude\u0163ean Ilfov<br \/>\nMusic Camp International<\/p>\n<p align=\"center\"><strong>Programul perioadei 10 \u2013 18 septembrie 2011,\u00a0<\/strong><strong>realizat de<br \/>\nFunda\u0163ia Cultural\u0103 \u201cPro Piano- Rom\u00e2nia\u201d<\/strong><\/p>\n<p align=\"center\"><strong>10.09 \/\u00a0<\/strong><strong>Ora 14:30<\/strong><\/p>\n<p><strong>Ora 14:30 \u2013 Elevi de la Colegiul Na\u0163ional de Arte \u201eDinu Lipatti\u201d Bucure\u015fti,\u00a0<strong>Colegiul Na\u0163ional de Muzic\u0103 \u201eGeorge Enescu\u201d Bucure\u015fti,<\/strong>Royal Irish Academy of Music<\/strong>(Dublin, Irlanda)<strong>.<\/strong><\/p>\n<p><strong>\u00a0Pian:\u00a0<\/strong>Alyssa Mihai \u2013cl. aV-a, Brigitta Pavel \u2013cl. A VI-a, Horia Ghi\u0163\u0103 \u2013 cl. a VIII-a, Cecilia Pavel \u2013cl. a VIII-a, Alexandra S\u00e2rbu \u2013 cl. aIX-a, Irina Neac\u015fu \u2013cl. a IX-a, \u015etefan Cristian Mircea \u2013cl. a X-a, Toma Ciocan Sas \u2013 cl. a IV-a, Tudor Butaru \u2013\u00a0cl. a III-a \u015fi Oana Butaru \u2013 cl. IV-a, Ana Grosu \u2013 cl. a VII-a, Andrei B\u0103l\u0103\u015fescu \u2013\u00a0 cl. a VII-a, Eliza Puchianu \u2013 student\u0103 Royal Irish Academy.<\/p>\n<p><strong>Profesori \u00eendrum\u0103tori:<\/strong>\u00a0Venera Babe\u015f,\u00a0 H. S. Dr\u0103goi, Viorica Nistoroiu, Andrei Podlacha,.<\/p>\n<p>&#8211;\u00a0<strong>Invitat special:\u00a0<\/strong><strong>Alina Hollender \u2013 violoncel, Viena<\/strong><\/p>\n<p><strong><\/strong>\u00a0&#8211;\u00a0<strong>Muzic\u0103 de camer\u0103:\u00a0<\/strong>1. Duo \u2013 pian la 4 m\u00e2ini: Alexandra Dobrescu \u2013 cl. aXI-a \u015fi C\u0103t\u0103lin R\u0103ducanu \u2013 cl. aXI-a<\/p>\n<p>2. Cvartet de coarde: S\u00e2nziana Dobrovicescu \u2013 vioar\u0103 I, cl. aX-a, \u015etefan Evanghelie \u2013 vioar\u0103 II, cl. aXI-a,<br \/>\nIrina Hre\u0163iuc \u2013 viol\u0103, cl. aX-a, Raluca Bolocan \u2013 violoncel, cl. aX-a<\/p>\n<p><strong>Profesor \u00eendrum\u0103tor:Hora\u0163iu Barnea<\/strong><\/p>\n<p><strong>11.09 \/\u00a0<\/strong><strong>Ora 14:30<\/strong><\/p>\n<p><strong>Tineri interpre\u0163i din B<\/strong><strong>ucure\u015fti \u015fi Buz\u0103u,\u00a0<\/strong>elevi la Colegiul Na\u0163ional de Arte \u201eDinu Lipatti\u201d Bucure\u015fti \u015fi Liceul de Art\u0103 \u201eMargareta Sterian\u201d Buz\u0103u:<\/p>\n<p>Sebastian Cazan \u2013 pian, cl. a III-a, Stefan Bocioc \u2013 pian, cl. a V-a, Alexandra Damian \u2013 pian, cl. a V-a, Alexandru Ioan \u2013 vioar\u0103, cl. a V-a, Bertha Satnoianu\u00a0 \u2013 pian, cl. a VI-a, Cristian Gagiu \u2013 clarinet, cl. a V-a, Alexandra Bi\u0163u \u2013 oboi, cl, A VI-a, Alexandru Nicolae \u2013 cl.arinet, cls. a VII-a, Smaranda Vasile\u2013pian, cls. a X-a, Lu\u0163an Laura- oboi, cl. a XI-a<\/p>\n<p><strong>Profesori \u00eendrum\u0103tori:\u00a0<\/strong>Cristiana Duguleana, Carmen Ghizdeanu, Emil Ni\u0163escu, Dorin Petru\u0163iu, Cristian \u015etef\u0103nescu.<strong><\/strong><\/p>\n<p><strong>12.09 \/<\/strong><strong>\u00a0Ora 17:00<\/strong><\/p>\n<p><strong>Tineri interpre\u0163i din B<\/strong><strong>ucure\u015fti \u015fi Arad,\u00a0<\/strong>elevi laColegiul Na\u0163ional de Arte \u201eDinu Lipatti<strong>:<\/strong><\/p>\n<p>Egizia Daria Soare \u2013 pian, cl. aII-a, Ioana T\u0103nase- pian, cl. aVII-a, Adriana Chiri\u0163\u0103 \u2013 pian, cl. aVIII-a, Marcu-Elisei Diaconu \u2013 corn, cl. aX-a<strong><\/strong><\/p>\n<p><strong>Profesori \u00eendrum\u0103tori<\/strong>: Elena Dumitrescu, Constantin P\u0103una.<\/p>\n<ul>\n<li><strong>Fanfara\u00a0<strong>\u201eCrescendo Harmony\u201d \u2013 Buteni<\/strong><\/strong><\/li>\n<\/ul>\n<p><strong>Dirijorii Fanfarei:\u00a0<\/strong>Marcel Sorin Totolici \u015fi Oddvar Noestdal \u2013 Norvegia, Dan Miculit.<\/p>\n<p><strong>13.09\/\u00a0<\/strong><strong>Ora 17:00<\/strong><\/p>\n<p><strong>Tineri interpre\u0163i din B<\/strong><strong>ucure\u015fti \u015fi Cluj-Napoca,\u00a0<\/strong>elevi la Colegiul Na\u0163ional de Arte \u201eDinu Lipatti\u201d- Bucure\u015fti \u015fi Liceul de Muzic\u0103 \u201eS. Todu\u0163\u0103\u201d Cluj-Napoca:<strong><\/strong><\/p>\n<p>Sarissa Aurori \u2013 pian, cl. aV-a, Andra Borz \u2013 pian, cl. aV-a, Ema Carla Borz\u2013 pian, cl. aVII-a, Andreea<br \/>\nCicireag\u0103-Moisescu\u2013 pian, cl. aVI-a, Maria Urian \u2013 pian, cl. aVII-a, Ana M\u0103n\u0103stireanu si Greta Hilda Pasztor cl. aX-a \u2013 duo patru m\u00e2ini\u00a0<strong>\u2013\u00a0<\/strong>pian, Ioana Olteanu \u2013 vioar\u0103, cl. aX-a, Martha Mitu \u2013 vioar\u0103, cl.aXI-a.<strong><\/strong><\/p>\n<p><strong>Profesori \u00eendrum\u0103tori:<\/strong>\u00a0Monica Noveanu, Mara Pop, Teodora \u0162ugui, Horvath Zoltan, Rodica Dr\u0103golici.<\/p>\n<p><strong>14.09 \/<\/strong>\u00a0<strong>Ora 17:00<\/strong><\/p>\n<p><strong>Tineri interpre\u0163i din B<\/strong><strong>ucure\u015fti,\u00a0<\/strong>elevi la Colegiul Na\u0163ional de Arte \u201eDinu Lipatti\u201d \u015fi \u015ecoala de Muzic\u0103 \u015fi Arte Plastice nr.1 \u201eIosif Sava\u201ddin Bucure\u015fti:<\/p>\n<p>Petru Tolea \u2013 pian, cl.aI-a, Rare\u015f Bratu \u2013 pian, cl. aII-a, Ioana Ruse \u2013 pian, cl. aIII-a, Catinca Popa \u2013 pian, cl. aIV-a, \u015etefan Tolea \u2013 pian, cl. aIV-a, Darius Hamid Pourpanahi \u2013 pian, cl. aVIII-a, Adrian Top \u2013 pian, Adriana Gabrian \u2013 vioar\u0103, cl. aVIII-a, Cornelia Giurgea\u00a0 \u2013 vioar\u0103, cl. aVIII-a, Sanziana Dobrovicescu \u2013 vioar\u0103, cl. aXI-a, Georgiana \u0162ane \u2013 vioar\u0103, cl. aXI-a, Iulia Goiana \u2013 vioar\u0103., cl. aXII-a.<\/p>\n<p><strong>Profesori \u00eendrum\u0103tori:<\/strong>\u00a0Alina Balaban, Marta Paladi, Adriana Pop, Tania Popa, Olivia S\u0103ndescu, Magdalena Ursu.<\/p>\n<p><strong>15.09 \/<\/strong>\u00a0<strong>Ora 17:00<\/strong><\/p>\n<p><strong>Enescu \u015fi muzica rom\u00e2neasc\u0103 .<\/strong><\/p>\n<p><strong>Particip\u0103 tineri interpre\u0163i din B<\/strong><strong>ucure\u015fti \u015fi Ia\u015fi,\u00a0<\/strong>elevi la Colegiul Na\u0163ional de Arte \u201eDinu<br \/>\nLipatti\u201d,\u00a0 \u015ecoala de Muzic\u0103 \u015fi Arte Plastice nr.1 \u201eIosif Sava\u201d, ADA School, Universitatea Na\u0163ional\u0103 de Muzic\u0103 \u2013 Bucure\u015fti \u015fi Colegiul Na\u0163ional de Art\u0103 \u201eOctav B\u0103ncil\u0103\u201d \u2013 Ia\u015fi<strong>:<\/strong><strong><\/strong><\/p>\n<p>Petru Tolea \u2013 pian, cl. I-a,\u00a0 Ioana Andrei- pian, cl a II-a, Egizia Daria Soare- pian, cl. aII-a,\u00a0 Ioana Ruse \u2013<br \/>\npian, cl. aIII-a,\u00a0 Catinca Popa \u2013 pian, cl. aIV-a,\u00a0 \u015etefan Tolea \u2013 pian, cl. aIV-a,\u00a0 Andru Angheliu \u2013 pian, cl. aV-a, Maria\u00a0 R\u0103deanu \u2013 voce, cl. aV-a,\u00a0 Bodan Preda \u2013 flaut, cl. aVI-a,\u00a0 Karina\u00a0 Pavel \u2013 flaut, cl. aVII-a, Darius Hamid Pourpanahi \u2013 pian, cl. aVIII-a, Alexandru\u00a0 P\u0103dureanu \u2013 cl. aXII-a, Andra M\u0103ciuc\u0103 \u2013 pian, cl. aX-a, Andra M\u0103ciuc\u0103 \u2013 chitar\u0103 \u015fi voce, cl. aX-a, Ioana Olteanu \u2013 vioar\u0103, cl. aX-a, Alexandra Truic\u0103 \u2013 corn., cl. aX-a, Elisabeta Nedelciu\u2013 vioar\u0103, cl. aXI-a, Emanuela Matei \u2013 vioar\u0103, cl. aXII-a, Ioana Valentina Cojuharov \u2013 pian, anul III<\/p>\n<p><strong>Profesori \u00eendrum\u0103tori<\/strong>: Stela Avesalon,\u00a0 Mihai Bejan, Rodica Dr\u0103golici, Elena Dumitrescu, Gabriela Nechita, Gra\u0163iela\u00a0 Nichita, Virgil Opri\u0163oiu, Marta Paladi, Adriana Pop, Tania Popa, Olivia\u00a0 S\u0103ndescu, Veronica Sbenghe, Cristian \u015etef\u0103nescu, Conf. Univ. Dr. Vlad Dimulescu.<strong><\/strong><\/p>\n<p><strong>16.09 \/<\/strong>\u00a0<strong>Ora 14:30<\/strong><\/p>\n<p><strong>Tineri interpre\u0163i din B<\/strong><strong>ucure\u015fti,\u00a0<\/strong>elevi la Colegiul Na\u0163ional de Arte\u00a0 \u201eDinu Lipatti\u201d:<\/p>\n<p>Catinca Popa \u2013 pian, cl. aIV-a,\u00a0 Luca Rusu \u2013 pian, cl. aV-a, Cezar Zamfir \u2013 trompet\u0103, cl. aVI-a, Bogdan Pieleanu\u00a0 \u2013 pian, cl. aVIII-a, Marius Dene\u0219 \u2013 pian, cl. aX-a, Marius Groza \u2013 pian, cl.\u00a0 aX-a, \u015etefan Lamatic \u2013 pian, cl. aX-a, Irina\u00a0 R\u0103dulescu\u2013 marimbafon, cl. aX-a, Cristina Kiosea \u2013 marimbafon, cl. aXI-a, Elisabeta<br \/>\nNedelciu \u2013 vioar\u0103, cl. aXI-a, Emanuela Matei.\u00a0<strong>\u2013\u00a0<\/strong>vioar\u0103, cl. aXII-a, Cristina Kiosea \u015fi\u00a0 Irina R\u0103dulescu \u2013 marimbafon, Sorin Robu\u2013 trompet\u0103, cl. aXII-a<\/p>\n<p><strong>Profesori \u00eendrum\u0103tori:<\/strong>\u00a0Venera Babe\u015f, Florian Neme\u015f, Adriana\u00a0 Pop, Magdalena Ursu, Marcel<br \/>\nPe\u0163anca, Ionel Pliundra.<strong><br \/>\n<\/strong><\/p>\n<p><strong>17.09 \/<\/strong>\u00a0<strong>Ora 14:30<\/strong><\/p>\n<p><strong>Tineri interpre\u0163i din B<\/strong><strong>ucure\u015fti, Ia\u015fi\u00a0 \u015fi Constan\u0163a:\u00a0<\/strong>elevi la Colegiul Na\u0163ional\u00a0 de Arte \u201eDinu Lipatti\u201d+Bucure\u015fti, Colegiul Na\u0163ional de Art\u0103 \u201eO. B\u0103ncil\u0103\u201d Ia\u015fi, Colegiul\u00a0 Na\u0163ional de Arte \u201eRegina Maria\u201d Constan\u0163a:<\/p>\n<p>Corneliu Calin Calfa \u2013 pian, cl.aIII-a, Sofia \u015etefania S\u0103l\u0103jan \u2013 pian, cl. aV-a, Theodor\u00a0 Dumitru \u2013 pian, cl. aV-a, Horia Ghi\u0163\u0103 \u2013 pian, cl. aVIII-a, Bogdan Pieleanu \u2013 pian, cl. aVIII-a, Ana-Theea Panainte \u2013 pian, cl. aVIII-a, Marius Dene\u015f \u2013 pian, cl. aX-a, Marius Groza \u2013 pian, cl. aX-a, Elisabeta Furtun\u0103 \u2013 pian, cl. aXI-a.<\/p>\n<p><strong>Profesori \u00eendrum\u0103tori<\/strong>: Venera Babe\u015f, Victoria Boicenco Florin Neme\u015f, Roxana Ota, Adriana Pop,<strong>\u00a0<\/strong>Carmen Soltuz.<\/p>\n<p><strong>18.09 \/\u00a0<\/strong><strong>Ora\u00a0 14:30<\/strong><\/p>\n<p><strong>Tineri interpre\u0163i din\u00a0<\/strong><strong>Constan\u0163a,\u00a0<\/strong><strong>e<\/strong><strong>levi la Colegiul Na\u0163ional de Arte \u201eRegina Maria\u201d:<\/strong><\/p>\n<p>Alexandra Ciudin\u00a0 \u2013 pian, Theodor Dumitru \u2013 pian, cl. aV-a, cl. aV-a, Indira Nezami \u2013 pian, cl. aV-a, Vicenzo Deacu \u2013 pian, cl. aVI-a, Andrada Iuga \u2013 vioar\u0103, cl. aVII-a, Robert Stancu \u2013 clarinet, cl. aVII-a, Diana Iuga \u2013 vioar\u0103, cl. aVIII-a, Ciprian Geancu \u2013 clarinet, cl. aVIII-a.<\/p>\n<p><strong>Profesori \u00eendrum\u0103tori:<\/strong>\u00a0Victoria Boicenco, Mariana Parnica, Ines Dumitrescu, Stelic\u0103 Oprea.<\/p>\n<p><strong>Acompaniaz\u0103 profesorii:<\/strong>\u00a0Gabriela Oprea, Daniel S\u0103r\u0103cescu, Sorina Dobrescu, Daniela Tudorache, Costea Otilia.<\/p>\n<\/div>\n","protected":false},"excerpt":{"rendered":"<p>Piata Festivalului \u201cGeorge Enescu\u201d\u00a02011 Funda\u0163ia Cultural\u0103 \u201ePro Piano-Rom\u00e2nia\u201d \u015fi Pia\u0163a Festivalului \u201cGeorge Enescu\u201d \u2013 Recitaluri organizate de Fundatie intre 10-18 septembrie 2011- \u00cen perioada\u00a02 \u2013 18 septembrie, \u00een\u00a0Pia\u0163a Festivalului \u201cGeorge Enescu\u201d\u00a0vor avea loc concerte, recitaluri de pian, vioar\u0103, sufl\u0103tori, concerte camerale, cu acces liber pentru to\u0163i iubitorii de muzic\u0103 ai ora\u015fului. Invita\u0163i:\u00a0Filarmonica Oltenia din Craiova; [&hellip;]<\/p>\n","protected":false},"author":1,"featured_media":0,"parent":0,"menu_order":0,"comment_status":"open","ping_status":"open","template":"","meta":{"footnotes":""},"class_list":["post-975","page","type-page","status-publish","hentry"],"_links":{"self":[{"href":"https:\/\/www.propiano.org\/romanian\/wp-json\/wp\/v2\/pages\/975","targetHints":{"allow":["GET"]}}],"collection":[{"href":"https:\/\/www.propiano.org\/romanian\/wp-json\/wp\/v2\/pages"}],"about":[{"href":"https:\/\/www.propiano.org\/romanian\/wp-json\/wp\/v2\/types\/page"}],"author":[{"embeddable":true,"href":"https:\/\/www.propiano.org\/romanian\/wp-json\/wp\/v2\/users\/1"}],"replies":[{"embeddable":true,"href":"https:\/\/www.propiano.org\/romanian\/wp-json\/wp\/v2\/comments?post=975"}],"version-history":[{"count":2,"href":"https:\/\/www.propiano.org\/romanian\/wp-json\/wp\/v2\/pages\/975\/revisions"}],"predecessor-version":[{"id":977,"href":"https:\/\/www.propiano.org\/romanian\/wp-json\/wp\/v2\/pages\/975\/revisions\/977"}],"wp:attachment":[{"href":"https:\/\/www.propiano.org\/romanian\/wp-json\/wp\/v2\/media?parent=975"}],"curies":[{"name":"wp","href":"https:\/\/api.w.org\/{rel}","templated":true}]}}