{"id":9694,"date":"2024-01-02T08:58:32","date_gmt":"2024-01-02T08:58:32","guid":{"rendered":"https:\/\/www.propiano.org\/romanian\/?page_id=9694"},"modified":"2024-02-01T19:28:03","modified_gmt":"2024-02-01T19:28:03","slug":"regulament-2024-3","status":"publish","type":"page","link":"https:\/\/www.propiano.org\/romanian\/regulament-2024-3\/","title":{"rendered":"Regulament 2024"},"content":{"rendered":"\n<p><\/p>\n\n\n\n<p><\/p>\n\n\n\n<h2 class=\"wp-block-heading has-text-align-center\"><strong>Date importante de urmarit:<\/strong><\/h2>\n\n\n\n<ul class=\"wp-block-list\">\n<li><strong><span style=\"text-decoration: underline;\">INSCRIERI<\/span>LE &#8211; <\/strong>numai pana <strong>luni 12 februarie, 2024<\/strong><\/li>\n\n\n\n<li><strong><span style=\"text-decoration: underline;\">LISTA participan\u021bilor<\/span> <\/strong>va apare  <strong>miercuri 14 februarie, 2024<\/strong>, pe SITE, in PROGRAMARI.<\/li>\n\n\n\n<li><strong><span style=\"text-decoration: underline;\">ORDINEA INTRARII<\/span> <strong>in concurs<\/strong><\/strong> <strong>(<span style=\"text-decoration: underline;\">PROGRAMREA<\/span>) (ziua si ora) &#8211; Duminica 18 februarie 2024<\/strong>, tot pe SITE(in PROGRAMARE).<br><\/li>\n<\/ul>\n\n\n\n<p><\/p>\n\n\n\n<p><\/p>\n\n\n\n<h2 class=\"wp-block-heading has-text-align-center\"><strong>Rog, cititi cu atentie intreg Regulamentul !<\/strong><\/h2>\n\n\n\n<p><\/p>\n\n\n\n<p><\/p>\n\n\n\n<p><\/p>\n\n\n\n<p><\/p>\n\n\n\n<h2 class=\"wp-block-heading has-text-align-center\"><strong>REGULAMENTUL Concursului National<br>\u201dPRIETENII MUZICII \/ Pro Piano-Romania\u201d filiala Cluj-Napoca<br>Editia a XVII-a, 23 &#8211; 24 februarie 2024<\/strong><br><\/h2>\n\n\n\n<p><\/p>\n\n\n\n<p><br><strong>I.<\/strong> Manifestarea este deschis\u0103 copiilor cu v\u00e2rsta cuprins\u0103 \u00eentre 5 \u0219i 18 ani, fiind divizat\u0103 \u00een trei sec\u021biuni: A, B, C.<br>Sec\u021biunea A \u2013 tineri care studiaz\u0103 pianul ca instrument principal, \u00een \u0219coli \u0219i licee de muzic\u0103.<br>Sec\u021biunea B \u2013 tineri care studiaz\u0103 pianul in Cluburi ale copiilor, Palatul Copiilor, ca instrument optional (\u00een&nbsp;\u0219coli \u0219i licee de muzic\u0103) sau \u00een sistem particular.<br>Sec\u021biunea C \u2013 ansamblu la 4 m\u00e2ini(pe un singur pian)<br>&nbsp;<br><strong>II.<\/strong> Pentru o mai bun\u0103 evaluare, sec\u021biunile A \u0219i B sunt divizate \u00een mai multe categorii, \u00een func\u021bie de anul na\u0219terii participan\u021bilor:<br><strong>categoria 0\u20132019<br>cat. &nbsp;1-a&nbsp; \u2013 &nbsp;2018<br>cat. a 2-a \u2013 2017<br>cat. a 3-a \u2013 2016<br>cat. a 4-a \u2013 2015 cat. a 5-a \u2013 2014<br>cat. a 6-a \u2013 2013<br>cat. a 7-a \u2013 2012<br>cat. a 8-a \u2013 2011<br>cat. a 9-a \u2013 2010 cat. a 10-a \u2013 2009<br>cat. a 11-a \u2013 2008<br>cat. a 12-a \u2013 2007<br>cat. a 13-a \u2013 2006<br>cat. a 14-a \u2013 2005, 2004<\/strong><br>Pentru sec\u021biunea C se va tine cont de v\u00e2rsta celor 2 membri (nu este obligatorie apartenen\u021ba la aceea\u0219i categorie). &nbsp;<br>&nbsp;<br><strong>III. Programul <\/strong>va con\u021bine una sau 2 piese la alegerea participantului, cu durata maxim\u0103 cumulat\u0103 \u00eentre 5 \u0219i 25 minute(cu posibilitate de prelungire maxim 2 minute), \u00een func\u021bie de categorie, dup\u0103 cum urmeaz\u0103:<br><strong>Sec\u021biunea A:<\/strong> cat. 1 \u2013 4 = &nbsp;7\u2032 \/ &nbsp;cat. 5 \u2013 8 = &nbsp;10\u2032 \/ &nbsp;cat. 9\u201310 = 15\u2032 \/ &nbsp;cat. 11-12 =20\u2032 \/ cat. 13-14=25\u2032<br><strong>Sec\u021biunea B:<\/strong> cat. 1 \u2013 4 = 5\u2032 \/&nbsp; cat. 5 \u2013 8 = 9\u2032 \/ &nbsp; cat. 9\u201310 = 12\u2032 \/&nbsp;&nbsp;cat. 11- 12 =15\u2032 \/ cat. 13-14=20\u2032&nbsp;<br>Programul men\u021bionat \u00een fi\u0219a de \u00eenscriere nu poate fi modificat ulterior. Ordinea interpret\u0103rii pieselor din repertoriu este la libera alegere a participan\u021bilor. &nbsp;<br>&nbsp;<br><strong>IV.<\/strong> Ordinea prezent\u0103rii \u00een Concurs este cea alfabetic\u0103, in cadrul fiec\u0103rei categorii.<br>\u00cen m\u0103sura posibilit\u0103\u021bilor, organizatorii vor \u021bine seam\u0103 de cerin\u021bele motivate ale participan\u021bilor de a concura \u00een anumite zile. Preferin\u021bele de participare se vor men\u021biona de la \u00eenceput, \u00een momentul \u00eenscrierii, pe formularul de \u00eenscriere(in ultima rubrica). Dup\u0103 planificarea ordinii de intrare, nu se accept\u0103 schimb\u0103ri.<br>Programarea categoriilor pe zile si ore va fi afi\u0219at\u0103 online, la data de <strong>18 februarie,<\/strong> pe adresa: www.propiano.org\/romana\/Prietenii Muzicii Cluj 2024\/Programare<\/p>\n\n\n\n<h3 class=\"wp-block-heading\">&nbsp;<strong>V. \u00censcrierea:<\/strong><br><strong>DATE FOARTE IMPORTANTE:<\/strong><\/h3>\n\n\n\n<ul class=\"wp-block-list\">\n<li><strong>data limit\u0103 pentru \u00eenscrieri: Luni 12 februarie, 2024<\/strong><\/li>\n\n\n\n<li><strong>data afi\u0219\u0103rii listei participan\u021bilor &#8211; Miercuri 14 februarie, 2024<\/strong>(eventualele omisiuni sau corecturi semnalate de dv si trimise numai prin mail )vor fi rezolvate in timp util si vor apare scrise pe SITE <span style=\"text-decoration: underline;\">abia in data de <strong>18 februarie<\/strong><\/span>, odata cu Programarea, (din motive obiective, legate de SITE, nu vor aparea mai devreme). <\/li>\n\n\n\n<li><strong>afisarea ordinii de intrare la concurs (ziua si ora) &#8211; Duminica 18 februarie 2024<\/strong><br><\/li>\n<\/ul>\n\n\n\n<h3 class=\"wp-block-heading\"><strong>Acte necesare \u00eenscrierii: <\/strong><\/h3>\n\n\n\n<p><strong>1. Formularul de \u00eenscriere <\/strong>&#8211; numai in varianta ONLINE, care se poate accesa de pe Site-ul Funda\u0163iei Culturale \u201dPRO PIANO-ROM\u00c2NIA\u201d: www.propiano.org\/ROMANA\/Prietenii Muzicii Cluj 2024 (dup\u0103 Regulament. Pentru deschidere, aceasta adresa se va copia pe Google). Formularul se va completa cu toate datele cerute (numele cu diacritice daca este cazul) si se poate opta numai pentru una din zilele de <strong>23 sau 24 <\/strong>februarie 2024.<\/p>\n\n\n\n<p><strong>2<\/strong>. <strong>Chitan\u021ba de achitare a dona\u021biei<\/strong> de participare(copie scanata) .<br>Dona\u021bia de participare&nbsp;este de&nbsp;150&nbsp;lei\/pentru solist&nbsp;\u0219i 130 de lei\/ansamblu la 4 m\u00e2ini, depus\u0103 \u00een contul Funda\u0163iei Pro Piano, deschis la BCR sector 3 Bucuresti, Cod IBAN: RO85RNCB0074029228740001 \/&nbsp;C.U.I. 9099960, cu specificarea obligatorie pe ordinul de plat\u0103 a 2 semne de identificare:<br>a)Dona\u021bie Cluj-Napoca \u0219i b) Numele participantului pentru care se face plata(nu a depunatorului).<br>\u00cen caz de neprezentare, dona\u021bia nu se returneaz\u0103(sub nici un motiv).<br>\u00cen cazul ansamblurilor la 4 m\u00e2ini, datele celor doi participan\u0163i vor fi men\u0163ionate pe acela\u015fi formular. Un elev participant \u00een mai multe forma\u021bii la 4 m\u00e2ini, achit\u0103 o singur\u0103 dat\u0103 jum\u0103tatea sa de dona\u021bie \u2013 65 lei). Nu se admit mandate po\u015ftale.<br>Cele doua documente se vor trimite <strong>impreuna, o singur\u0103 dat\u0103, <\/strong>la dou\u0103 adrese diferite , adica un singur e-mail, directionat pe adresele: propiano@gmail.com \u0219i monicanoveanu@yahoo.com (rog atentie: nu repeta\u021bi trimiterea, pentru ca se va anula automat).<\/p>\n\n\n\n<p><strong>Confirmarea \u00eenscrierii<\/strong> se face dup\u0103 intrarea donatiei in extrasul de cont(cu doua specificari: numele copilului (participantului) si CLUJ)!<br>Daca nu ati primit confirmare dupa 2 zile lucratoare, rog atentionati-ne prin e-mail sau SMS.<\/p>\n\n\n\n<p>&nbsp;<br><strong>VI.<\/strong> Cheltuielile de transport, cazare, mas\u0103, vor fi suportate de participan\u021bi.<br>&nbsp;<br><strong>VII. PREMII:<\/strong> Se vor acorda urm\u0103toarele distinc\u0163ii(pentru fiecare categorie \u00een parte):&nbsp;Premii I, II, III, Men\u021biuni, Diplome&nbsp;de Participare(pentru cei care nu se calific\u0103 la unul dintre premiile anun\u021bate), Premii Speciale( pentru cea mai bun\u0103 interpretare a unei piese rom\u00e2ne\u015fti, premiul J. S. Bach, premiul Fr. Liszt, premiul Fundatiei \u201cPRO PIANO-ROMANIA\u201d, premiu pentru prezen\u0163\u0103 artistic\u0103 deosebit\u0103 etc) \u0219i, dup\u0103 caz, Trofeul Concursului (c\u00e2te unul pentru fiecare dintre&nbsp;sec\u021biunile A \u0219i B). Diplomele \u015fi premiile vor fi \u00eenm\u00e2nate participan\u0163ilor \u00een festivit\u0103\u0163ile de premiere (de doua ori pe zi), conform programarii finale.<br>&nbsp;<br><strong>VIII. Juriul<\/strong> concursului va fi format din personalit\u0103\u021bi ale pedagogiei \u0219i muzicii rom\u00e2ne\u0219ti.<br>\u00cen momentul \u00eenscrierii \u00een Festival candida\u021bii accept\u0103 prezentele condi\u021bii \u0219i autoritatea juriului.<br>&nbsp;<\/p>\n\n\n\n<p>Specificam din nou cele doua adrese pentru \u00eenscrieri \u0219i pentru informa\u021bii suplimentare :<\/p>\n\n\n\n<ol class=\"wp-block-list\">\n<li><strong>Funda\u021bia Culturala \u201cPRO PIANO-ROMANIA\u201d <\/strong>&#8211; Profesor Stela Avesalon<br>E-mail: propiano@gmail.com Tel: 0722.382.626(\u00een afara orelor 14-17)&nbsp;&nbsp;&nbsp;&nbsp;&nbsp;Web: www.propiano.org<\/li>\n\n\n\n<li><strong>Profesor Doctor Monica Noveanu<\/strong>: e-mail: monicanoveanu@yahoo.com Tel; 0745 519 636<\/li>\n<\/ol>\n\n\n\n<p>Rog, nu trimiteti numai la o singura adresa, deorece nu se va putea procesa si finaliza corect! Multumesc!<\/p>\n","protected":false},"excerpt":{"rendered":"<p>Date importante de urmarit: Rog, cititi cu atentie intreg Regulamentul ! REGULAMENTUL Concursului National\u201dPRIETENII MUZICII \/ Pro Piano-Romania\u201d filiala Cluj-NapocaEditia a XVII-a, 23 &#8211; 24 februarie 2024 I. Manifestarea este deschis\u0103 copiilor cu v\u00e2rsta cuprins\u0103 \u00eentre 5 \u0219i 18 ani, fiind divizat\u0103 \u00een trei sec\u021biuni: A, B, C.Sec\u021biunea A \u2013 tineri care studiaz\u0103 pianul ca [&hellip;]<\/p>\n","protected":false},"author":1,"featured_media":0,"parent":0,"menu_order":0,"comment_status":"closed","ping_status":"closed","template":"","meta":{"footnotes":""},"class_list":["post-9694","page","type-page","status-publish","hentry"],"_links":{"self":[{"href":"https:\/\/www.propiano.org\/romanian\/wp-json\/wp\/v2\/pages\/9694","targetHints":{"allow":["GET"]}}],"collection":[{"href":"https:\/\/www.propiano.org\/romanian\/wp-json\/wp\/v2\/pages"}],"about":[{"href":"https:\/\/www.propiano.org\/romanian\/wp-json\/wp\/v2\/types\/page"}],"author":[{"embeddable":true,"href":"https:\/\/www.propiano.org\/romanian\/wp-json\/wp\/v2\/users\/1"}],"replies":[{"embeddable":true,"href":"https:\/\/www.propiano.org\/romanian\/wp-json\/wp\/v2\/comments?post=9694"}],"version-history":[{"count":10,"href":"https:\/\/www.propiano.org\/romanian\/wp-json\/wp\/v2\/pages\/9694\/revisions"}],"predecessor-version":[{"id":9796,"href":"https:\/\/www.propiano.org\/romanian\/wp-json\/wp\/v2\/pages\/9694\/revisions\/9796"}],"wp:attachment":[{"href":"https:\/\/www.propiano.org\/romanian\/wp-json\/wp\/v2\/media?parent=9694"}],"curies":[{"name":"wp","href":"https:\/\/api.w.org\/{rel}","templated":true}]}}