{"id":8052,"date":"2022-01-14T11:19:59","date_gmt":"2022-01-14T11:19:59","guid":{"rendered":"http:\/\/www.propiano.org\/romanian\/?page_id=8052"},"modified":"2022-05-18T06:53:58","modified_gmt":"2022-05-18T06:53:58","slug":"regulament-bucuresti-2022","status":"publish","type":"page","link":"https:\/\/www.propiano.org\/romanian\/regulament-bucuresti-2022\/","title":{"rendered":"Regulament Bucuresti 2022"},"content":{"rendered":"\n<p><\/p>\n\n\n\n<div class=\"wp-block-image\"><figure class=\"aligncenter size-large is-resized\"><a href=\"http:\/\/www.propiano.org\/romanian\/wp-content\/uploads\/2022\/04\/Afis-PMB-2022-.pdf\"><img loading=\"lazy\" decoding=\"async\" src=\"http:\/\/www.propiano.org\/romanian\/wp-content\/uploads\/2022\/04\/Afis-PMB-2022-pdf-724x1024.jpg\" alt=\"\" class=\"wp-image-8443\" width=\"421\" height=\"595\"\/><\/a><\/figure><\/div>\n\n\n\n<h1 class=\"wp-block-heading\"><strong>Precizari importante:&nbsp;<\/strong><\/h1>\n\n\n\n<p><\/p>\n\n\n\n<h3 class=\"wp-block-heading\"><strong>Concursul se va desfasura la Colegiul National de Muzica &#8220;George Enescu&#8221;, Bucuresti, str. General Gheorghe Manu nr. 30 <\/strong><\/h3>\n\n\n\n<p><\/p>\n\n\n\n<p><\/p>\n\n\n\n<h4 class=\"wp-block-heading\"><\/h4>\n\n\n\n<p><\/p>\n\n\n\n<p><strong>Vom respecta toate normele de&nbsp; protectie cerute in acel moment<\/strong>.<\/p>\n\n\n\n<p><\/p>\n\n\n\n<h4 class=\"wp-block-heading\"><strong>Vom lua toate masurile necesare, tinand cont&nbsp; de evolutia pandemiei(sau a altor restrictii de moment), in conformitate cu legislatia in vigoare.<\/strong><\/h4>\n\n\n\n<p><\/p>\n\n\n\n<p><\/p>\n\n\n\n<p><\/p>\n\n\n\n<p><\/p>\n\n\n\n<p><\/p>\n\n\n\n<p><\/p>\n\n\n\n<p><\/p>\n\n\n\n<p><\/p>\n\n\n\n<h2 class=\"has-text-align-center wp-block-heading\"><strong>REGULAMENTUL Concursului National&nbsp;<\/strong><\/h2>\n\n\n\n<h1 class=\"has-text-align-center wp-block-heading\"><strong>\u201cPRIETENII&nbsp; MUZICII&nbsp; \/ PRO PIANO-ROMANIA\u201d \u2013 BUCURESTI,<\/strong><\/h1>\n\n\n\n<h2 class=\"has-text-align-center wp-block-heading\"><strong>EDITIA a XX-a \u2013 ANIVERSARA, 27 \u2013 28 mai, 2022<\/strong><\/h2>\n\n\n\n<p><\/p>\n\n\n\n<p><strong>I.<\/strong>&nbsp;Manifestarea este deschis\u0103 copiilor cu v\u00e2rsta cuprins\u0103 \u00eentre 5 \u015fi 19 ani, fiind divizat\u0103 \u00een 3 sec\u0163iuni: A,B,C.<\/p>\n\n\n\n<p><strong>Sec\u0163iunea A<\/strong>&nbsp;\u2013 tineri care studiaz\u0103 pianul ca instrument principal, \u00een \u0219coli \u0219i licee de muzic\u0103<\/p>\n\n\n\n<p><strong>Sec\u0163iunea B<\/strong>&nbsp;\u2013 tineri care studiaz\u0103 pianul ca instrument op\u021bional( \u00een \u015fcoli \u015fi licee de muzic\u0103), in Palatele Copiilor, Cluburi sau in sistem particular.<\/p>\n\n\n\n<p><strong>Sec\u021biunea C<\/strong>&nbsp;\u2013 ansamblu la 4 m\u00e2ini(pe un pian)<\/p>\n\n\n\n<p><\/p>\n\n\n\n<p><strong>II.<\/strong>&nbsp;Pentru o mai bun\u0103 evaluare, fiecare din sectiunile A si B este divizat\u0103 \u00een&nbsp;<strong>15 categorii,<\/strong>&nbsp;\u00een func\u0163ie de anul na\u015fterii participan\u0163ilor:<\/p>\n\n\n\n<p><strong>&nbsp;&nbsp;&nbsp;&nbsp;&nbsp;&nbsp; <\/strong><strong>Categoriile Sec\u021biunilor&nbsp; A si B \u0219i minutajele <u>maxime<\/u><\/strong> admise:<\/p>\n\n\n\n<p><strong>Cat.&nbsp;&nbsp; &nbsp;0 \u2013&nbsp;&nbsp;&nbsp;&nbsp; 2017 \u2013 &nbsp;A &#8211; 5\u2019 &nbsp;&nbsp;\/ &nbsp;&nbsp;B &#8211; 4\u2019<\/strong><\/p>\n\n\n\n<p><strong>cat. &nbsp;&nbsp;&nbsp;1-a&nbsp;&nbsp;&nbsp;\u2013&nbsp;2016<\/strong><\/p>\n\n\n\n<p><strong>cat. a 2-a&nbsp;&nbsp; \u2013 2015<\/strong><\/p>\n\n\n\n<p><strong>cat. a 3-a&nbsp;&nbsp; \u2013 2014<\/strong><\/p>\n\n\n\n<p><strong>cat. a 4-a&nbsp;&nbsp; \u2013 2013<\/strong><\/p>\n\n\n\n<p><strong>cat. a 5-a&nbsp;&nbsp; \u2013 2012 \u2013 &nbsp;A &#8211; 8\u2019 &nbsp;&nbsp;\/ &nbsp;&nbsp;B &#8211; 6\u2019<\/strong><\/p>\n\n\n\n<p><strong>cat. a 6-a&nbsp;&nbsp; \u2013 2011<\/strong><\/p>\n\n\n\n<p><strong>cat. a 7-a&nbsp;&nbsp; \u2013 2010<\/strong><\/p>\n\n\n\n<p><strong>cat. a 8-a&nbsp;&nbsp; \u2013 2009<\/strong><\/p>\n\n\n\n<p><strong>cat. a 9-a&nbsp;&nbsp; \u2013 2008 \u2013 A&nbsp; &#8211; 12\u2019 &nbsp;\/ &nbsp;B&nbsp; &#8211; 10\u2019<\/strong><\/p>\n\n\n\n<p><strong>cat. a 10-a \u2013 2007<\/strong><\/p>\n\n\n\n<p><strong>cat. a 11-a \u2013 2006 \u2013 A &#8211; 15\u2019 &nbsp;\/ &nbsp;B &#8211;&nbsp; 12\u2019<\/strong><\/p>\n\n\n\n<p><strong>cat. a 12-a \u2013 2005<\/strong><\/p>\n\n\n\n<p><strong>cat. a 13-a \u2013 2004 \u2013 A&nbsp; &#8211; 20 &nbsp;\/ &nbsp;B&nbsp; &#8211; 15\u2019<\/strong><\/p>\n\n\n\n<p><strong>cat. a 14-a \u2013 2003,2002<\/strong><\/p>\n\n\n\n<p><strong>Sec\u0163iunea&nbsp;C<\/strong>(4 m\u00e2ini)&nbsp;este divizat\u0103, \u00een 3 categorii:&nbsp;<strong>C1<\/strong>&nbsp;(cat. 0-4),&nbsp;<strong>C2&nbsp;<\/strong>(cat. 5-9),&nbsp;<strong>C3<\/strong>&nbsp;(cat. 10-14), \u0163in\u00e2ndu-se cont de v\u00e2rsta celor 2 membrii (nu e obligatorie apartenen\u0163a la aceea\u015fi categorie). Repertoriul ales poate fi executat din partitur\u0103, sau din memorie, respect\u00e2nd urm\u0103toarele durate maxime:<\/p>\n\n\n\n<p>C1 \u2013 5\u2019&nbsp; \/&nbsp;&nbsp;&nbsp;&nbsp; C2 \u2013 10\u2019&nbsp;&nbsp;&nbsp; \/&nbsp;&nbsp;&nbsp;&nbsp;&nbsp;&nbsp;&nbsp; C3 \u2013 15\u2019<\/p>\n\n\n\n<p><\/p>\n\n\n\n<p><strong>III.<\/strong>&nbsp;<strong>Repertoriul&nbsp;sec\u021biunilor A \u0219i B&nbsp;<\/strong>va cuprinde <strong>una sau dou\u0103<\/strong> lucr\u0103ri la alegerea participan\u0163ilor, obligatoriu&nbsp;<strong>din memorie<\/strong>, respect\u00e2nd urm\u0103toarele&nbsp;<strong>durate maxime(<\/strong>&nbsp;\u00een func\u021bie de categorie): <strong><br><\/strong><\/p>\n\n\n\n<p><strong>Sectiunea A<\/strong><\/p>\n\n\n\n<p>Cat. 1- 4 = 5\u2019<\/p>\n\n\n\n<p>Cat. 5 -8 = 8\u2019<\/p>\n\n\n\n<p>Cat. 9 \u2013 10 = 12\u2019<\/p>\n\n\n\n<p>Cat. 11- 12 = 15\u2019<\/p>\n\n\n\n<p>Cat. 13 \u2013 14 = 20\u2019<\/p>\n\n\n\n<p>&nbsp;&nbsp;&nbsp;&nbsp;&nbsp;&nbsp;&nbsp;&nbsp;&nbsp;&nbsp;&nbsp;&nbsp;<strong>Sectiunea B<\/strong><\/p>\n\n\n\n<p>Cat. 1- 4 = 4\u2019<\/p>\n\n\n\n<p>Cat. 5 -8 = 6\u2019<\/p>\n\n\n\n<p>Cat. 9 \u2013 10 = 10\u2019<\/p>\n\n\n\n<p>Cat. 11- 12 = 12\u2019<\/p>\n\n\n\n<p>Cat. 13 \u2013 14 = 15\u2019<\/p>\n\n\n\n<p>Programul men\u0163ionat \u00een fi\u015fa de \u00eenscriere nu poate fi modificat ulterior. Ordinea interpret\u0103rii pieselor este la libera alegere a fiec\u0103rui participant.<\/p>\n\n\n\n<p><\/p>\n\n\n\n<p><strong>IV. \u00censcrierile se fac numai online(prin e- mail) <\/strong>si se vor trimite dou\u0103 documente&nbsp;:<\/p>\n\n\n\n<p><strong>1. formularul de \u00eenscriere<\/strong>&nbsp;<strong>tip<\/strong>, care include&nbsp;<strong><em>datele personal<\/em><\/strong><em>e<\/em>&nbsp;\u0219i&nbsp;<strong><em>repertoriul(una sau dou\u0103 piese)<\/em><\/strong>. Formularul \u00eel g\u0103si\u021bi \u00een Link-ul urm\u0103tor&nbsp;: FORMULAR<\/p>\n\n\n\n<p><strong>2. chitan\u021ba de dona\u021bie<\/strong><\/p>\n\n\n\n<ol class=\"wp-block-list\" type=\"1\"><li><strong><u>Formularul<\/u><\/strong><strong>&nbsp;&#8211; <em>toate datele<\/em><\/strong>&nbsp;cerute se vor completa &nbsp;direct pe formular, cu mare grij\u0103 la <strong>nume<\/strong> (neap\u0103rat cu diacritice, dac\u0103 este cazul&nbsp;:\u0103,\u00e2,\u021b, \u0219) pentru scrierea corect\u0103 a diplomelor&nbsp;! Reclama\u021bii ulterioare(pentru scrierea corect\u0103 a numelor) nu vor fi posibile, num\u0103rul diplomelor fiind limitat!<\/li><\/ol>\n\n\n\n<p><strong>CNP-ul este obligatoriu, pentru verificarea incadr\u0103rii corecte in &nbsp;categorie&nbsp;<\/strong>(cine nu are CNP va anexa copia certificatului de na\u0219tere sau alt act care s\u0103 cuprind\u0103 data na\u0219terii)! &nbsp;<\/p>\n\n\n\n<p>\u00cen cazul ansamblurilor la 4 m\u00e2ini, datele celor doi participan\u0163i vor fi men\u0163ionate pe acela\u015fi formular.<\/p>\n\n\n\n<ul class=\"wp-block-list\"><li><strong>Copia dona\u021biei de participare&nbsp;<\/strong>: <strong>120 lei<\/strong>(25 EURO)\/<strong>solist<\/strong> \u0219i&nbsp;<strong>130 lei<\/strong>&nbsp;\/ ansamblu la 4 m\u00e2ini(pentru un elev participant \u00een mai multe forma\u021bii la patru m\u00e2ini, se va achita o singur\u0103 dat\u0103 partea sa de dona\u021bie).&nbsp;<strong>Nu se admit mandate postale<\/strong>.<\/li><\/ul>\n\n\n\n<p>Dona\u021bia de participare se va depune:\u00een&nbsp;<strong>contul Funda\u021biei<\/strong>&nbsp;Pro Piano, deschis la BCR sector 3 Bucuresti, Cod IBAN: RO85RNCB0074029228740001\/C.U.I. 9099960, cu specificarea&nbsp;<strong>obligatorie&nbsp;<\/strong>pe ordinul de plat\u0103 a celor 2&nbsp;<strong><u>semne de identificare<\/u><\/strong><strong>:&nbsp;a.<\/strong>&nbsp;Dona\u021bie<strong> Bucure\u0219ti<\/strong>&nbsp;\u0219i &nbsp;<strong>b<\/strong>.&nbsp;<strong>numele participantului<\/strong>&nbsp;pentru care se face plata(pentru formularul cu mai multi concurenti se va trece numele tuturor, unul dupa altul).<\/p>\n\n\n\n<p>\u00cen caz de neprezentare, dona\u021bia&nbsp;<strong>nu se returneaz\u0103<\/strong>(sub nici un motiv).<\/p>\n\n\n\n<p><strong>Formularul \u0219i chitan\u021ba de dona\u021bie se vor trimite odat\u0103, printr-un singur e-mail, la adresa&nbsp;: <\/strong><a href=\"mailto:propiano@gmail.com\"><strong>propiano@gmail.com<\/strong><\/a><strong>,<\/strong>&nbsp;iar la subiect&nbsp; se va pune <strong>numele participantului<\/strong>.<\/p>\n\n\n\n<p><strong>Confirmarea<\/strong> primirii documentelor se va face tot pe mail, \u00een decurs de 2 zile. Daca nu primiti confirmarea v\u0103 rog sa ne semnala\u021bi situa\u021bia(inseamna ca nu s-au primit documentele).<\/p>\n\n\n\n<p><\/p>\n\n\n\n<p><strong>V. De citit atent&nbsp;<\/strong> <strong>calendarul concursului&nbsp;:<\/strong><\/p>\n\n\n\n<ul class=\"wp-block-list\"><li><strong>\u00censcrieri&nbsp;: <\/strong>p\u00e2n\u0103 <strong>luni 16 mai 2022, ora 24<\/strong><\/li><li><strong>Afi\u0219area&nbsp;listei participan\u021bilor<\/strong>, pe sectiuni,\u00een ordinea categoriilor <strong>\u2013 miercuri 18 mai. &nbsp;<\/strong>Cu aceast\u0103 ocazie vom anun\u021ba eventualele probleme existente \u00een documentele trimise de dv. \u00cen cazul unor eventuale gre\u0219eli \u00een formular, corecturile dv.se vor transmite&nbsp;<strong>numai prin e-mail sau SMS<\/strong>(<strong>nu la telefon<\/strong>, numai p\u00e2n\u0103 vineri 20 mai. <\/li><li><strong>Programarea <\/strong>pe zile si ore (inclusiv premierile) <strong>\u2013 vineri  20 mai, 2022<\/strong>(seara)<\/li><li><strong>Zilele de concurs: &nbsp;vineri 27 mai si s\u00e2mb\u0103t\u0103 28 mai <\/strong><\/li><\/ul>\n\n\n\n<p>In cazuri excep\u021bionale \u0219i<strong> \u00een limita posibilt\u0103\u021bilor de gestionare<\/strong> a Concursului, se pot admite <em><u>cereri speciale<\/u><\/em> de programare pentru o anumit\u0103 zi (vineri sau s\u00e2mb\u0103t\u0103) \u00eempreun\u0103 cu motivul, <strong>direct \u00een formular<\/strong>, \u00een momentul trimiterii \u00eenscrierii! <\/p>\n\n\n\n<p><\/p>\n\n\n\n<p><strong>VI.<\/strong>&nbsp;<strong>Premii<\/strong><\/p>\n\n\n\n<p>se vor acorda <strong>DIPLOME<\/strong>:&nbsp;Premii I, II, III, Men\u021biuni, Premiul I de Excelen\u021b\u0103, Diplome&nbsp;de Participare(pentru cei care nu se calific\u0103 la unul dintre premii) \u0219i numeroase&nbsp;<strong>Premii Speciale<\/strong>&nbsp;: J. S. Bach, Fr. Liszt, muzic\u0103 rom\u00e2neasc\u0103, prezen\u0163\u0103 artistic\u0103 deosebit\u0103, muzicalitate,&nbsp; etc.<\/p>\n\n\n\n<p>Diplomele se vor \u00eenm\u00e2na personal, \u00een Galele de Premiere, conform program\u0103rilor care vor fi anuntate \u00een  data de 20 mai.<\/p>\n\n\n\n<p><\/p>\n\n\n\n<p><strong>VII.<\/strong>&nbsp;<strong>Juriul<\/strong><\/p>\n\n\n\n<p>Va fi format din personalit\u0103\u0163i ale pedagogiei \u015fi muzicii rom\u00e2ne\u015fti.<\/p>\n\n\n\n<p>In momentul \u00eenscrierii \u00een Concurs, candida\u0163ii accept\u0103 prezentele condi\u0163ii \u015fi autoritatea juriului.<\/p>\n\n\n\n<p><\/p>\n\n\n\n<ul class=\"wp-block-list\"><li><strong>Informa\u0163ii suplimentare<\/strong><strong> <\/strong>se pot lua de la&nbsp;Funda\u0163ia \u201ePro Piano\u2013Rom\u00e2nia\u201d,&nbsp;prof. Stela Avesalon \u2013 tel.&nbsp;0722 382 626(in afara orelor 14-17)\/ <strong>E-mail<\/strong>:&nbsp;<a href=\"mailto:propiano@gmail.com\">propiano@gmail.com<\/a>&nbsp;&nbsp;&nbsp;\/ &nbsp;&nbsp;&nbsp;&nbsp;&nbsp;&nbsp;&nbsp;&nbsp;&nbsp;&nbsp;&nbsp;&nbsp;&nbsp; &nbsp;&nbsp;&nbsp;&nbsp;&nbsp;&nbsp;&nbsp;&nbsp;&nbsp;&nbsp;&nbsp;&nbsp;&nbsp;&nbsp;&nbsp;&nbsp;&nbsp;&nbsp;&nbsp;&nbsp;&nbsp;&nbsp;&nbsp;&nbsp;<\/li><\/ul>\n\n\n\n<p><strong>Web page:&nbsp;<\/strong><a href=\"http:\/\/www.propiano.org\/Romana\/Prietenii%20Muzicii%20Bucuresti%202022\">www.propiano.org\/Romana\/Prietenii Muzicii Bucuresti 2022<\/a><\/p>\n","protected":false},"excerpt":{"rendered":"<p>Precizari importante:&nbsp; Concursul se va desfasura la Colegiul National de Muzica &#8220;George Enescu&#8221;, Bucuresti, str. General Gheorghe Manu nr. 30 Vom respecta toate normele de&nbsp; protectie cerute in acel moment. Vom lua toate masurile necesare, tinand cont&nbsp; de evolutia pandemiei(sau a altor restrictii de moment), in conformitate cu legislatia in vigoare. REGULAMENTUL Concursului National&nbsp; \u201cPRIETENII&nbsp; [&hellip;]<\/p>\n","protected":false},"author":1,"featured_media":0,"parent":0,"menu_order":0,"comment_status":"closed","ping_status":"closed","template":"","meta":{"footnotes":""},"class_list":["post-8052","page","type-page","status-publish","hentry"],"_links":{"self":[{"href":"https:\/\/www.propiano.org\/romanian\/wp-json\/wp\/v2\/pages\/8052","targetHints":{"allow":["GET"]}}],"collection":[{"href":"https:\/\/www.propiano.org\/romanian\/wp-json\/wp\/v2\/pages"}],"about":[{"href":"https:\/\/www.propiano.org\/romanian\/wp-json\/wp\/v2\/types\/page"}],"author":[{"embeddable":true,"href":"https:\/\/www.propiano.org\/romanian\/wp-json\/wp\/v2\/users\/1"}],"replies":[{"embeddable":true,"href":"https:\/\/www.propiano.org\/romanian\/wp-json\/wp\/v2\/comments?post=8052"}],"version-history":[{"count":44,"href":"https:\/\/www.propiano.org\/romanian\/wp-json\/wp\/v2\/pages\/8052\/revisions"}],"predecessor-version":[{"id":8453,"href":"https:\/\/www.propiano.org\/romanian\/wp-json\/wp\/v2\/pages\/8052\/revisions\/8453"}],"wp:attachment":[{"href":"https:\/\/www.propiano.org\/romanian\/wp-json\/wp\/v2\/media?parent=8052"}],"curies":[{"name":"wp","href":"https:\/\/api.w.org\/{rel}","templated":true}]}}