{"id":6062,"date":"2019-10-24T11:27:55","date_gmt":"2019-10-24T11:27:55","guid":{"rendered":"http:\/\/www.propiano.org\/romanian\/?page_id=6062"},"modified":"2020-11-25T09:21:43","modified_gmt":"2020-11-25T09:21:43","slug":"regulament-2020-2","status":"publish","type":"page","link":"https:\/\/www.propiano.org\/romanian\/regulament-2020-2\/","title":{"rendered":"Regulament Muzic\u0103 Rom\u00e2neasc\u0103 2020"},"content":{"rendered":"\n<figure class=\"wp-block-image size-large\"><img loading=\"lazy\" decoding=\"async\" width=\"606\" height=\"1024\" src=\"http:\/\/www.propiano.org\/romanian\/wp-content\/uploads\/2020\/10\/Notepad_202010072243_40130-606x1024.jpg\" alt=\"\" class=\"wp-image-6833\" srcset=\"https:\/\/www.propiano.org\/romanian\/wp-content\/uploads\/2020\/10\/Notepad_202010072243_40130-606x1024.jpg 606w, https:\/\/www.propiano.org\/romanian\/wp-content\/uploads\/2020\/10\/Notepad_202010072243_40130-178x300.jpg 178w, https:\/\/www.propiano.org\/romanian\/wp-content\/uploads\/2020\/10\/Notepad_202010072243_40130-768x1297.jpg 768w, https:\/\/www.propiano.org\/romanian\/wp-content\/uploads\/2020\/10\/Notepad_202010072243_40130-909x1536.jpg 909w, https:\/\/www.propiano.org\/romanian\/wp-content\/uploads\/2020\/10\/Notepad_202010072243_40130.jpg 1032w\" sizes=\"auto, (max-width: 606px) 100vw, 606px\" \/><\/figure>\n\n\n\n<div class=\"wp-block-group\"><div class=\"wp-block-group__inner-container is-layout-flow wp-block-group-is-layout-flow\">\n<div class=\"wp-block-group is-layout-flow wp-block-group-is-layout-flow\"><div class=\"wp-block-group__inner-container\"><\/div><\/div>\n<\/div><\/div>\n\n\n\n<p><\/p>\n\n\n\n<p><\/p>\n\n\n\n<p><\/p>\n\n\n\n<h2 class=\"has-text-align-center wp-block-heading\"><strong>Regulamentul<\/strong><\/h2>\n\n\n\n<h3 class=\"has-text-align-center wp-block-heading\"><strong>Concursului&nbsp; National <\/strong><\/h3>\n\n\n\n<h3 class=\"has-text-align-center wp-block-heading\"><strong>\u201d MUZICA ROM\u00c2NEASCA<\/strong> \/ <strong>PRO<\/strong> <strong>PIANO-ROMANIA\u201d<\/strong>, <\/h3>\n\n\n\n<h4 class=\"has-text-align-center wp-block-heading\"><strong>editia a III-a online-1 decembrie<\/strong><\/h4>\n\n\n\n<h4 class=\"has-text-align-center wp-block-heading\"><strong>Editie omagiala pentru<\/strong> <strong>&#8220;Ziua Nationala a Romaniei<\/strong>\u201d  <\/h4>\n\n\n\n<h4 class=\"has-text-align-center wp-block-heading\"><\/h4>\n\n\n\n<h3 class=\"has-text-align-center wp-block-heading\"><\/h3>\n\n\n\n<h3 class=\"has-text-align-center wp-block-heading\"><\/h3>\n\n\n\n<h3 class=\"has-text-align-center wp-block-heading\"><\/h3>\n\n\n\n<h3 class=\"wp-block-heading\"><\/h3>\n\n\n\n<h3 class=\"has-text-align-center wp-block-heading\"><\/h3>\n\n\n\n<p><\/p>\n\n\n\n<p><\/p>\n\n\n\n<p>Cea de a III-a edi\u021bie a Concursului Interna\u021bional \u201cPRO-PIANO-ROM\u00c2NIA\u201d se va desf\u0103\u0219ura \u00een acest an \u00een variant\u0103 on-line. Fiind o editie omagial\u0103, rezultatele (premiile) se vor afi\u0219a chiar in ziua de 1 decembrie- Ziua Na\u021bional\u0103 a Rom\u00e2niei, \u00eempreun\u0103 cu Gala laurea\u021bilor care va fi postat\u0103 pe Facebook-ul Muzeului Na\u021bional &#8220;GEORGE ENESCU&#8221; \u0219i al Funda\u021biei (\u00een link-ul VIDEO).<\/p>\n\n\n\n<p>Vor fi schimb\u0103ri importante fa\u021b\u0103 de edi\u021biile anterioare! Ele se refer\u0103 at\u00e2t&nbsp; la modalitatea de desf\u0103\u0219urare si receptare, c\u00e2t \u0219i la repertoriu, minutaje \u0219i jurizare. Neschimbat\u0103 va r\u0103m\u00e2ne structurarea concursului pe sec\u021biuni \u0219i categorii, \u00een func\u021bie de anul de na\u0219tere a participan\u021bilor.<\/p>\n\n\n\n<p><strong>I. <\/strong>Concursul este deschis tinerilor piani\u0219ti cu v\u00e2rste cuprinse \u00eentre 5 \u0219i 18 ani din \u00eenv\u0103\u021b\u0103m\u00e2ntul voca\u021bional de stat sau din cel privat<strong>, <\/strong>fiind divizat \u00een trei sec\u021biuni: A, B, C.<\/p>\n\n\n\n<p>Sec\u021biunea&nbsp;<strong>A&nbsp;<\/strong>\u2013 tineri care studiaz\u0103 pianul ca instrument principal, \u00een \u0219coli \u0219i licee de muzic\u0103,<\/p>\n\n\n\n<p>Sec\u021biunea&nbsp;<strong>B&nbsp;<\/strong>\u2013 tineri care studiaz\u0103 pianul in Cluburi ale copiilor, Palatul Copiilor, ca instrument optional (\u00een&nbsp;\u0219coli \u0219i licee de muzic\u0103) sau \u00een sistem particular,<\/p>\n\n\n\n<p>Sec\u021biunea<strong>&nbsp;C&nbsp;<\/strong>\u2013 ansamblu la&nbsp;<strong>4 m\u00e2ini<\/strong>(pe un pian)<\/p>\n\n\n\n<p><\/p>\n\n\n\n<p><strong>II.<\/strong>&nbsp;Pentru o mai bun\u0103 evaluare, fiecare din primele dou\u0103 sec\u021biuni(<strong>A \u0219i B<\/strong>) este divizat\u0103 \u00een mai multe&nbsp;<strong>categorii,<\/strong>&nbsp;\u00een func\u021bie de anul na\u0219terii participan\u021bilor:<\/p>\n\n\n\n<p>categoria 0\u20132015<\/p>\n\n\n\n<p>cat.&nbsp; 1-a&nbsp; \u2013&nbsp; 2014<\/p>\n\n\n\n<p>cat. a 2-a \u2013 2013<\/p>\n\n\n\n<p>cat. a 3-a \u2013 2012<\/p>\n\n\n\n<p>cat. a 4-a \u2013 2011&nbsp;&nbsp;&nbsp;&nbsp;&nbsp;&nbsp;&nbsp;&nbsp;&nbsp;<\/p>\n\n\n\n<p>cat. a 5-a \u2013 2010<\/p>\n\n\n\n<p>cat. a 6-a \u2013 2009<\/p>\n\n\n\n<p>cat. a 7-a \u2013 2008<\/p>\n\n\n\n<p>cat. a 8-a \u2013 2007<\/p>\n\n\n\n<p>cat. a 9-a \u2013 2006&nbsp;&nbsp;&nbsp;&nbsp;&nbsp;&nbsp;&nbsp;&nbsp;&nbsp;<\/p>\n\n\n\n<p>cat. a 10-a \u2013 2005<\/p>\n\n\n\n<p>cat. a 11-a \u2013 2004<\/p>\n\n\n\n<p>cat. a 12-a \u2013 2003<\/p>\n\n\n\n<p>cat. a 13-a \u2013 2002<\/p>\n\n\n\n<p>cat. a 14-a \u2013 2001<\/p>\n\n\n\n<p>Pentru sec\u021biunea&nbsp;<strong>C&nbsp;<\/strong>se va tine cont de v\u00e2rsta celor 2 membrii(nu este obligatorie apartenen\u021ba la aceea\u0219i categorie).&nbsp;<\/p>\n\n\n\n<p>Ordinea prezent\u0103rii \u00een Concurs este cea alfabetic\u0103, in cadrul fiec\u0103rei categorii.<\/p>\n\n\n\n<p><\/p>\n\n\n\n<h4 class=\"wp-block-heading\"><strong>III<\/strong>. <strong>Programul<\/strong> <\/h4>\n\n\n\n<p>va con\u021bine&nbsp;<strong>una sau<\/strong>&nbsp;<strong>2 piese<\/strong> <strong>rom\u00e2ne\u0219ti<\/strong>,&nbsp;la alegerea participantului, cu durata maxim\u0103 cumulat\u0103 \u00eentre 3 \u0219i 20 minute, \u00een func\u021bie de categorie, dup\u0103 cum urmeaz\u0103:<\/p>\n\n\n\n<p>Sec\u021biunea&nbsp;<strong>A<\/strong>: cat. 1 \u2013 4 = &nbsp;5\u2032 \/ &nbsp;cat. 5 \u2013 8 = &nbsp;7\u2032 \/ &nbsp;cat. 9\u201310 = 10\u2032 \/ &nbsp;cat. 11-12 =15\u2032 \/ cat. 13-14=20\u2032<\/p>\n\n\n\n<p>Sec\u021biunea&nbsp;<strong>B<\/strong>: cat. 1 \u2013 4 = 3\u2032 \/&nbsp; cat. 5 \u2013 8 = 5\u2032 \/ &nbsp; cat. 9\u201310 = 7\u2032 \/&nbsp;&nbsp; &nbsp;cat. 11- 12 =10\u2032 \/ cat. 13-14=15\u2032<\/p>\n\n\n\n<p><\/p>\n\n\n\n<h4 class=\"wp-block-heading\"><strong>IV. \u00ceNSCRIEREA<\/strong><\/h4>\n\n\n\n<p>Pentru \u00eenscriere trebuie s\u0103 trimite\u021bi(p\u00e2n\u0103 la data de 21 noiembrie 2020 inclusiv) urm\u0103toarele 3 documente:<\/p>\n\n\n\n<ol class=\"wp-block-list\" type=\"1\"><li><strong>Formularul de \u00censcriere<\/strong> (\u00een excel), completat cu toate informa\u021biile solicitate(aten\u021bie&nbsp;: datele cerute <strong>nu<\/strong> se vor scrie numai cu majuscule&nbsp;! Majusculele se vor folosi numai la inceput de nume \u0219i prenume). Pentru sec\u021biunea C(4 m\u00e2ini) numele ambilor parteneri se vor scrie pe un singur formular (cu datele respective) . Formularul este postat pe Site , dup\u0103 Regulament.<\/li><\/ol>\n\n\n\n<p>Odat\u0103 cu completarea formularului, apar\u021bin\u0103torii \u00ee\u0219i dau acordul pentru prelucrarea datelor personale.<\/p>\n\n\n\n<ul class=\"wp-block-list\"><li>Dovada achit\u0103rii <strong>dona\u021biei de participare<\/strong> de 100 lei (pentru sec\u021biunea A \u0219i B) \u0219i 110 lei(pentru sec\u021biunea C \u2013 4 m\u00e2ini), trimise \u00een contul Fundatiei Culturale \u201dPro Piano \u201d deschis la BCR sector 3 Bucuresti, Cod IBAN: RO85RNCB0074029228740001\/C.U.I. 9099960, cu specificarea obligatorie( pe ordinul de plat\u0103): Dona\u021bie plus <strong>numele participantului<\/strong>(nu a depunatorului).<\/li><li><strong>Link-ul videoclipului<\/strong>(<strong>al filmului<\/strong> <strong>interpret\u0103rii repertoriului participantului<\/strong>), \u00eenc\u0103rcat \u00een contul You Tube personal (cu op\u021biunea public). Filmarea s\u0103 se fac\u0103 obligatoriu cu telefonul pe <strong>orizontal\u0103<\/strong>, pozi\u021bionat \u00een spate-dreapta a interpretului, pus pe un stativ(pentru a nu se mi\u0219ca) , iar \u00een filmare <strong>s\u0103 se vad\u0103<\/strong>(pe c\u00e2t posibil) <strong>corpul \u00eentreg al interpretului, fa\u021ba si pianul<\/strong>. Toate piesele se vor trimite \u00eentr-o singur\u0103 filmare, \u00een care s\u0103 se men\u021bioneze obligatoriu numele \u0219i prenumele(neap\u0103rat cu diacritice(\u0103.\u00e2, \u00ee, \u0219, etc)pentru scrierea diplomelor \u0219i subtitrarea videoclipului ), categoria(ex : A2, B3, etc) si repertoriul concurentului. \u00cen mailul de inscriere se va trimite numai LINK-ul rezultat din postarea filmului pe youtube-ul personal.<\/li><\/ul>\n\n\n\n<p>Mai clar, cum trebuie s\u0103 procedeze un concurent? Dup\u0103 ce se filmeaza cu telefonul(sau alt aparat) pune filmul pe contul personal de You Tube al concurentului(cu optiunea public), iar link-ul rezultat va fi trimis prin e-mail, \u00eempreuna cu o list\u0103 care s\u0103 con\u021bin\u0103: numele, categoria \u0219i repertoriul \u00eenregistrat \u00een film.<\/p>\n\n\n\n<p>Confirmarea primirii documentelor se va face imediat dup\u0103 \u00eenregistrarea \u00eenscrierii(tot pe mail). Daca nu primiti confirmarea, va rog sa ne semnalati(inseamna ca nu s-au primit documentele).<\/p>\n\n\n\n<p>Lista \u00eenscri\u0219ilor, precum \u0219i eventualele observa\u021bii referitoare la documentele dv, inclusiv calitatea film\u0103rilor, va fi publicat\u0103 pe Site, \u00een data de 25 noiembrie 2020.<\/p>\n\n\n\n<p>Sunte\u021bi ruga\u021bi s\u0103 semnala\u021bi <strong>imediat<\/strong>, p\u00e2n\u0103 <strong><em>vineri 27 noiembrie, numai prin mail sau SMS<\/em><\/strong> (nu la telefon), orice problem\u0103 sau omisiune! Dup\u0103 aceast\u0103 dat\u0103 nu va mai fi posibil\u0103 nici o rectificare!!! <\/p>\n\n\n\n<p>Urm\u0103torii concuren\u021bi( \u00eenscri\u0219i deja pentru varianta ini\u021bial\u0103 de concurs), sunt ruga\u021bi s\u0103 trimit\u0103 numai link-ul cu filmarea repertoriului:<\/p>\n\n\n\n<ol class=\"wp-block-list\" type=\"1\"><li>Neagu Mihnea Gabriel<\/li><li>Moncea Delia Gabriela<\/li><li>Luchin Maria<\/li><li>Badea Rebecca Maria<\/li><li>Popovici Calista &#8211; Freya<\/li><li>Marin Mario Alberto<\/li><li>Muraru Sabina-Camelia<\/li><li>Irimia Bogdan Mihai<\/li><li>Pavel Ana Maria Iris<\/li><\/ol>\n\n\n\n<p><\/p>\n\n\n\n<h4 class=\"wp-block-heading\"><strong>V. PREMIILE :<\/strong><\/h4>\n\n\n\n<p>Se vor acorda Diplome pentru Premiul I, II, III, Men\u021biuni, Premii de Excelen\u021b\u0103, Diplome de Participare(pentru cei care nu se calific\u0103 la unul din premii), precum \u0219i Marele Premiu al categoriei sau a sec\u021biunii, precum si alte Premii Speciale(premii pentru interpretare, muzicalitate, prezen\u021b\u0103 scenic\u0103, etc). Deciziile juriului nu pot fi contestate.<\/p>\n\n\n\n<p>Laurea\u021bii Premiilor I, a Premiilor I de excelen\u021b\u0103 \u0219i a celor Speciale vor fi programa\u021bi in recitalurile Funda\u021biei \u201dPRO PIANO-ROM\u00c2NIA\u201d, pe parcursul anului 2021.<\/p>\n\n\n\n<p><strong>Fiind o editie omagiala, premiile vor fi anun\u021bate \u00een data de 1 decembrie 2020, <\/strong>pe Site-ul Fundatiei: Concurs Muzic\u0103 Rom\u00e2neasc\u0103 \/Program\u0103ri, iar adresa la care va fi difuzat\u0103 <strong>GALA concursului (\u00een care vor canta numai laurea\u021bii premiilor de Exclen\u021b\u0103 si Speciale) <\/strong>va fi anun\u021bat\u0103 tot aici! <\/p>\n\n\n\n<p>Diplomele vor fi trimise online, pe e-mail, fiec\u0103rui concurent(la adresa specificata in formularul de inscriere), dup\u0103 data de 1 decembrie 2020<\/p>\n\n\n\n<p><\/p>\n\n\n\n<h4 class=\"wp-block-heading\"><strong>VI. JURIUL<\/strong><\/h4>\n\n\n\n<p>Juriul Concursului este format din personalit\u0103\u021biale vie\u021bii muzicale rom\u00e2ne\u0219ti:     &#8211; Mihaela Zamfirescu &#8211; Bucure\u0219ti, &#8211; dr. Monica Noveanu &#8211; Cluj-Napoca, &#8211; dr. Georgeta Bacioiu-Bucure\u0219ti, &#8211; dr. Rodica D\u0103nceanu &#8211; Bucure\u0219ti. <\/p>\n\n\n\n<p><\/p>\n\n\n\n<p><\/p>\n\n\n\n<p>Hot\u0103r\u00e2rile juriului sunt definitive \u0219i inatacabile. Din momentul \u00eenscrierii la concurs, candida\u021bii accept\u0103 prezentul regulament \u0219i auroritatea juriului. Pentru eventualele \u00eenregistr\u0103ri audio-video concuren\u021bii nu vor putea solicita onorariu.<\/p>\n\n\n\n<h4 class=\"wp-block-heading\"><strong>Informa\u021bii suplimentare<\/strong> :<\/h4>\n\n\n\n<p>Tel\/mobil : 0722.38.26.26 (\u00een afara orelor 14-17)<\/p>\n\n\n\n<p>E-mail : <a href=\"mailto:propiano@gmail.com\">propiano@gmail.com<\/a><\/p>\n\n\n\n<p>Web page: <a href=\"http:\/\/www.propiano.org\">www.propiano.org<\/a><\/p>\n\n\n\n<p><\/p>\n\n\n\n<h2 class=\"wp-block-heading\"><\/h2>\n\n\n\n<p><\/p>\n\n\n\n<p><\/p>\n\n\n\n<p><\/p>\n\n\n\n<div class=\"wp-block-file\"><a href=\"http:\/\/www.propiano.org\/romanian\/wp-content\/uploads\/2020\/09\/Formular_editabil-\u00eenscriere-Muz-Rom-online-2020-1-7-1.xls\"><strong><em>Formular_editabil-\u00eenscriere-Muz-Rom-online-2020<\/em><\/strong><\/a><a href=\"http:\/\/www.propiano.org\/romanian\/wp-content\/uploads\/2020\/09\/Formular_editabil-\u00eenscriere-Muz-Rom-online-2020-1-7-1.xls\" class=\"wp-block-file__button\" download>Download<\/a><\/div>\n\n\n\n<p><\/p>\n","protected":false},"excerpt":{"rendered":"<p>Regulamentul Concursului&nbsp; National \u201d MUZICA ROM\u00c2NEASCA \/ PRO PIANO-ROMANIA\u201d, editia a III-a online-1 decembrie Editie omagiala pentru &#8220;Ziua Nationala a Romaniei\u201d Cea de a III-a edi\u021bie a Concursului Interna\u021bional \u201cPRO-PIANO-ROM\u00c2NIA\u201d se va desf\u0103\u0219ura \u00een acest an \u00een variant\u0103 on-line. Fiind o editie omagial\u0103, rezultatele (premiile) se vor afi\u0219a chiar in ziua de 1 decembrie- Ziua [&hellip;]<\/p>\n","protected":false},"author":1,"featured_media":0,"parent":0,"menu_order":0,"comment_status":"closed","ping_status":"closed","template":"","meta":{"footnotes":""},"class_list":["post-6062","page","type-page","status-publish","hentry"],"_links":{"self":[{"href":"https:\/\/www.propiano.org\/romanian\/wp-json\/wp\/v2\/pages\/6062","targetHints":{"allow":["GET"]}}],"collection":[{"href":"https:\/\/www.propiano.org\/romanian\/wp-json\/wp\/v2\/pages"}],"about":[{"href":"https:\/\/www.propiano.org\/romanian\/wp-json\/wp\/v2\/types\/page"}],"author":[{"embeddable":true,"href":"https:\/\/www.propiano.org\/romanian\/wp-json\/wp\/v2\/users\/1"}],"replies":[{"embeddable":true,"href":"https:\/\/www.propiano.org\/romanian\/wp-json\/wp\/v2\/comments?post=6062"}],"version-history":[{"count":64,"href":"https:\/\/www.propiano.org\/romanian\/wp-json\/wp\/v2\/pages\/6062\/revisions"}],"predecessor-version":[{"id":6900,"href":"https:\/\/www.propiano.org\/romanian\/wp-json\/wp\/v2\/pages\/6062\/revisions\/6900"}],"wp:attachment":[{"href":"https:\/\/www.propiano.org\/romanian\/wp-json\/wp\/v2\/media?parent=6062"}],"curies":[{"name":"wp","href":"https:\/\/api.w.org\/{rel}","templated":true}]}}