{"id":5497,"date":"2018-09-16T09:57:54","date_gmt":"2018-09-16T09:57:54","guid":{"rendered":"http:\/\/www.propiano.org\/romanian\/?page_id=5497"},"modified":"2018-09-16T10:00:57","modified_gmt":"2018-09-16T10:00:57","slug":"alte-activitati-2018","status":"publish","type":"page","link":"https:\/\/www.propiano.org\/romanian\/alte-activitati-2018\/","title":{"rendered":"Alte activitati 2018"},"content":{"rendered":"<p class=\"p1\"><span class=\"s1\"><b>Alte activit\u0103\u021bi organizate \u00een exclusivitate de funda\u021bie sau \u00een parteneriat, \u00een anul 2018\u00a0:<\/b><\/span><\/p>\n<p class=\"p3\"><span class=\"s1\"><b>1 decembrie-Mini-Festivalul \u201d1 decembrie\u201d, edi\u021bia a VIII-a, Centrul Cultural \u201dAurel Stroe\u201d &#8211; Bu\u0219teni<\/b><\/span><\/p>\n<p class=\"p3\"><span class=\"s1\"><b>30 noiembrie \u2013 Mini-Festivalul \u201d1 decembrie\u201d, edi\u021bia a VIII-a, Casa Memorial\u0103 \u201dG. Enescu\u201d, Sinaia\u00a0<\/b><\/span><\/p>\n<p class=\"p3\"><span class=\"s1\"><b>11\u00a0\u2013 16\u00a0iunie\u00a0\u2013 Concurs Interna\u021bional \u201dPRO PIANO-ROM\u00c2NIA\u201d, edi\u021bia a XXII-a<\/b><\/span><\/p>\n<p class=\"p3\"><span class=\"s1\"><b>01 \u2013 03\u00a0iunie\u00a0\u2013\u00a0Festivalul \u201dPrietenii Muzicii\u201d \u2013 Bucure\u0219ti, edi\u021bia a XVI-a<\/b><\/span><\/p>\n<p class=\"p3\"><span class=\"s1\"><b>18 si 19 mai \u2013 Galele Concursului \u201dMuzic\u0103 rom\u00e2neasc\u0103\u201d, la Muzeul na\u021bional \u201dG. Enescu\u201d, Bucure\u0219ti<\/b><\/span><\/p>\n<p class=\"p3\"><span class=\"s1\"><b>11 \u2013 12 mai\u00a0\u2013 Concursul \u201dGradus ad Parnassum\u201d, edi\u021bia a XI-a(concurs \u00een parteneriat \u2013 \u00een Juriu)<\/b><\/span><\/p>\n<p class=\"p3\"><span class=\"s1\"><b>28 \u2013 30 aprilie \u2013 Concursul \u201dPrietenii Muzicii\u201d \u2013 Br\u0103ila, edi\u021bia I-a<\/b><\/span><\/p>\n<p class=\"p3\"><span class=\"s1\"><b>21 &#8211; 22 aprilie\u00a0\u2013 Concursul \u201dMuzic\u0103 rom\u00e2neasc\u0103\u201d, edi\u021bia I-a<\/b><\/span><\/p>\n<p class=\"p3\"><span class=\"s1\"><b>18 \u2013 23 martie\u2013participare la prima edi\u021bie a Simpozionului Interna\u021bional de pian \u201dAlink \u2013 Argerich\u201d- Barcelona<\/b><\/span><\/p>\n<p class=\"p3\"><span class=\"s1\"><b>02 \u2013 04 martie\u00a0\u2013 Festivalul \u201dPrietenii Muzicii\u201d \u2013 filiala Sibiu, edi\u021bia a VI-a<\/b><\/span><\/p>\n<p class=\"p3\"><span class=\"s1\"><b>23 \u2013 25 februarie\u00a0\u2013 Festivalul \u201dPrietenii Muzicii\u201d \u2013 filiala Cluj-Napoca, edi\u021bia a XI<\/b><\/span><\/p>\n<p class=\"p3\"><span class=\"s1\"><b>16 \u2013 18 februarie \u00a0\u2013 Festivalul \u201dPrietenii Muzicii\u201d \u2013 filiala Timi\u0219oara, edi\u021bia\u00a0a III-a<\/b><\/span><\/p>\n","protected":false},"excerpt":{"rendered":"<p>Alte activit\u0103\u021bi organizate \u00een exclusivitate de funda\u021bie sau \u00een parteneriat, \u00een anul 2018\u00a0: 1 decembrie-Mini-Festivalul \u201d1 decembrie\u201d, edi\u021bia a VIII-a, Centrul Cultural \u201dAurel Stroe\u201d &#8211; Bu\u0219teni 30 noiembrie \u2013 Mini-Festivalul \u201d1 decembrie\u201d, edi\u021bia a VIII-a, Casa Memorial\u0103 \u201dG. Enescu\u201d, Sinaia\u00a0 11\u00a0\u2013 16\u00a0iunie\u00a0\u2013 Concurs Interna\u021bional \u201dPRO PIANO-ROM\u00c2NIA\u201d, edi\u021bia a XXII-a 01 \u2013 03\u00a0iunie\u00a0\u2013\u00a0Festivalul \u201dPrietenii Muzicii\u201d \u2013 [&hellip;]<\/p>\n","protected":false},"author":1,"featured_media":0,"parent":0,"menu_order":0,"comment_status":"closed","ping_status":"closed","template":"","meta":{"footnotes":""},"class_list":["post-5497","page","type-page","status-publish","hentry"],"_links":{"self":[{"href":"https:\/\/www.propiano.org\/romanian\/wp-json\/wp\/v2\/pages\/5497","targetHints":{"allow":["GET"]}}],"collection":[{"href":"https:\/\/www.propiano.org\/romanian\/wp-json\/wp\/v2\/pages"}],"about":[{"href":"https:\/\/www.propiano.org\/romanian\/wp-json\/wp\/v2\/types\/page"}],"author":[{"embeddable":true,"href":"https:\/\/www.propiano.org\/romanian\/wp-json\/wp\/v2\/users\/1"}],"replies":[{"embeddable":true,"href":"https:\/\/www.propiano.org\/romanian\/wp-json\/wp\/v2\/comments?post=5497"}],"version-history":[{"count":2,"href":"https:\/\/www.propiano.org\/romanian\/wp-json\/wp\/v2\/pages\/5497\/revisions"}],"predecessor-version":[{"id":5499,"href":"https:\/\/www.propiano.org\/romanian\/wp-json\/wp\/v2\/pages\/5497\/revisions\/5499"}],"wp:attachment":[{"href":"https:\/\/www.propiano.org\/romanian\/wp-json\/wp\/v2\/media?parent=5497"}],"curies":[{"name":"wp","href":"https:\/\/api.w.org\/{rel}","templated":true}]}}