{"id":4620,"date":"2017-08-15T14:00:55","date_gmt":"2017-08-15T14:00:55","guid":{"rendered":"http:\/\/www.propiano.org\/romanian\/?page_id=4620"},"modified":"2018-02-27T18:41:25","modified_gmt":"2018-02-27T18:41:25","slug":"programare-sibiu-2018","status":"publish","type":"page","link":"https:\/\/www.propiano.org\/romanian\/programare-sibiu-2018\/","title":{"rendered":"Programare Sibiu 2018"},"content":{"rendered":"<h5><strong>Concursul se va desf\u00ee\u0219ura la Sala de spectacole a Bibliotecii Jude\u021bene \u201dAstra\u201d &#8211; Sibiu, str. G. Bari\u021biu nr. 5 &#8211; 7.<\/strong><\/h5>\n<p>&nbsp;<\/p>\n<p>&nbsp;<\/p>\n<p>&nbsp;<\/p>\n<h4><strong>PROGRAMAREA participantilor<\/strong><\/h4>\n<h4><strong>la Festivalul- Concurs &#8221; Prietenii Muzicii&#8221;\u00a0\u2013 SIBIU, edi\u021bia a VI-a, 2-4 martie 2018<\/strong><\/h4>\n<p>&nbsp;<\/p>\n<p><strong>\u00a0<\/strong><\/p>\n<h4><strong>VINERI\u00a0 2 martie<\/strong><\/h4>\n<p>&nbsp;<\/p>\n<p><strong>Ora\u00a0 10.30<\/strong> \u00a0 \u00a0 \u00a0\u00a0 Festivitatea de deschidere<\/p>\n<p><strong>\u00a0<\/strong><\/p>\n<p><strong>Ora\u00a0 11 &#8211; 13<\/strong><\/p>\n<p>B2, B3, B4, B5, B6, B8, B9, B11 &#8211; din <strong>Sibiu<\/strong><\/p>\n<p><strong>\u00a0<\/strong><\/p>\n<p><strong>Ora\u00a0 13 &#8211; 15.30<\/strong><\/p>\n<p>A3, A4, A5, A6, A7 &#8211; din <strong>Odorheiu-Secuiesc, Sibiu, Sighisoara<\/strong><\/p>\n<p><strong>\u00a0<\/strong><\/p>\n<p><strong>Ora\u00a0 15.30 &#8211; 17<\/strong><\/p>\n<p>A8, A9, A10, A11\u00a0&#8211;\u00a0din <strong>Odorheiu-Secuiesc, Sibiu, Sighisoara<\/strong><\/p>\n<p>&nbsp;<\/p>\n<p><strong>Ora\u00a0 17 &#8211; 18<\/strong><\/p>\n<p>Modiga Raluca(A6), A10, A12, A13, C3\u00a0&#8211;\u00a0din <strong>Bacau, Sighisoara, Sibiu<\/strong><\/p>\n<p>&nbsp;<\/p>\n<p><strong>FESTIVITATE\u00a0 DE\u00a0 PREMIERE<\/strong><\/p>\n<p>&nbsp;<\/p>\n<p>&nbsp;<\/p>\n<h4><strong>SAMBATA\u00a0 3 martie<\/strong><\/h4>\n<p>&nbsp;<\/p>\n<p><strong>Ora\u00a0\u00a0\u00a0 9 &#8211; 11<\/strong><\/p>\n<p>Ansambluri C2(4 m\u00e2ini <strong>din Gala\u021bi<\/strong> &#8211;\u00a06 formatii)<\/p>\n<p>B0, B1, B2, B3, B4, B5 <strong>&#8211;<\/strong> din <strong>Gala\u021bi<\/strong>(f\u0103r\u0103 Sibiu)<\/p>\n<p>&nbsp;<\/p>\n<p><strong>Ora\u00a0 11 &#8211; 12<\/strong><\/p>\n<p>B3, B4, B5\u00a0\u00a0&#8211; din <strong>Alba-Iulia, Craiova, Medias, Pitesti, Targoviste<\/strong><\/p>\n<p>&nbsp;<\/p>\n<p><strong>Ora\u00a0 12 &#8211; 13.20<\/strong><\/p>\n<p>C2 <strong>Bucuresti<\/strong><\/p>\n<p>B6, B7, B8, B10, B12 &#8211; din <strong>Alba-Iulia, Bucuresti, Craiova, Fagaras, Piatra Neam\u021b, Pitesti, Targoviste<\/strong><\/p>\n<p>&nbsp;<\/p>\n<p><strong>FESTIVITATE\u00a0 DE\u00a0 PREMIERE<\/strong><\/p>\n<p><strong>Ora\u00a0 14 &#8211; 15.30<\/strong><\/p>\n<p>Ra\u021b Natalia \u0219i M\u0103ciuc\u0103 Miruna din\u00a0<strong>Bucure\u0219ti \u0219i<\/strong>\u00a0\u00a0B9 \u0219i C2\u00a0 din <strong>Targu-Mure\u0219<\/strong>,<\/p>\n<p>A2, A4, A5, A6, A7, A8, A10 din <strong>Bucure\u0219ti, Bac\u0103u, Cluj-Napoca, Targu-Mures<\/strong><\/p>\n<p>&nbsp;<\/p>\n<p><strong>Ora\u00a0 15.30<\/strong><\/p>\n<p>A11, A12, A14\u00a0 din <strong>Alba-Iulia, Bucuresti, Cluj-Napoca, Miercurea-Ciuc<\/strong><\/p>\n<p>&nbsp;<\/p>\n<p><strong>FESTIVITATE\u00a0 DE\u00a0 PREMIERE<\/strong><\/p>\n<p>&nbsp;<\/p>\n<p><strong>Ora\u00a0\u00a0 17.30<\/strong><\/p>\n<p>B5, B7, B8, B10, B11, A6, A7, A12\u00a0din \u00a0<strong>R\u00e2mnicu-V\u00e2lcea<\/strong><\/p>\n<p>&nbsp;<\/p>\n<p><strong>FESTIVITATE\u00a0 DE\u00a0 PREMIERE<\/strong><\/p>\n<p>&nbsp;<\/p>\n<p>&nbsp;<\/p>\n<h4><strong>DUMINICA\u00a0 4 martie<\/strong><\/h4>\n<p>&nbsp;<\/p>\n<p><strong>Ora 10 &#8211; 11<\/strong><\/p>\n<p>B5, B7, B13, A14\u00a0din <strong>Cluj-Napoca, Craiova, Pitesti<\/strong><\/p>\n<p>&nbsp;<\/p>\n<p>&nbsp;<\/p>\n<p><strong>Ora\u00a0 11.30\u00a0\u00a0\u00a0 GALA CONCURSULUI<\/strong>(la sala Bibliotecii Jude\u021bene \u201dAstra\u201d, Sibiu)<\/p>\n<p>&nbsp;<\/p>\n<p>&nbsp;<\/p>\n<h4 style=\"text-align: center;\"><strong>LISTA \u00a0PARTICIPAN\u021aILOR \u00een ordinea prezent\u0103rii lor \u00een Concurs<\/strong><\/h4>\n<p>&nbsp;<\/p>\n<p>&nbsp;<\/p>\n<h4><strong><u>VINERI, 2 MARTIE<\/u><\/strong><\/h4>\n<p>&nbsp;<\/p>\n<p><strong>10:30\u00a0\u00a0\u00a0\u00a0\u00a0\u00a0\u00a0\u00a0\u00a0\u00a0\u00a0\u00a0\u00a0\u00a0\u00a0\u00a0<\/strong> &#8211; <strong>Festivitatea de deschidere<\/strong><\/p>\n<p>&nbsp;<\/p>\n<p><strong>11:00 &#8211; 13:00\u00a0\u00a0<\/strong> &#8211; Adam Clara B2 (71)<\/p>\n<p>&#8211; Bunduc Cornelius Lucas B3 (75)<\/p>\n<p>&#8211; Mihoc Anisia Teodora B3 (82)<\/p>\n<p>&#8211; Mironescu Isabella B3 (84)<\/p>\n<p>&#8211; Popa Ioana B4 (96)<\/p>\n<p>&#8211; Ropotin Ioana Miruna B4 (97)<\/p>\n<p>&#8211; Brumar Patrick Mihai B5 (100)<\/p>\n<p>&#8211; Dumitra Ruxandra Elena B5 (104)<\/p>\n<p>&#8211; G\u00e2ndil\u0103 Eastman Alexandra B6 (118)<\/p>\n<p>&#8211; Marcu Anna Sofia B6 (119)<\/p>\n<p>&#8211; Marin Sara Maria B6 (120)<\/p>\n<p>&#8211; Brumar Ana Maya B8 (130)<\/p>\n<p>&#8211; Marcu \u0218tefan B8 (132)<\/p>\n<p>&#8211; Marin Matei Ioan B8 (133)<\/p>\n<p>&#8211; Tudose Sara Abigail B9 (137)<\/p>\n<p>&#8211; Bardac Mara B 11 (140)<\/p>\n<p>&nbsp;<\/p>\n<p><strong>13:00 &#8211; 15:30\u00a0<\/strong>\u00a0 &#8211; Braga Zaya Rebeca A3 (2)<\/p>\n<p>&#8211; Dinc\u0103 Daria A3 (3)<\/p>\n<p>&#8211; D\u0103nule\u021b Andrei C\u0103lin A4 (4)<\/p>\n<p>&#8211; Goga Teodora Irina A4 (5)<\/p>\n<p>&#8211; Marcu Pavel Daniel A4 (6)<\/p>\n<p>&#8211; Andrei Radu Dumitru A5 (8)<\/p>\n<p>&#8211; Barabas Botond A5 (9)<\/p>\n<p>&#8211; Biro Klara Adrienn A5 (10)<\/p>\n<p>&#8211; Capuzzo Luca A5 (12)<\/p>\n<p>&#8211; C\u00e2ndea Ioana A5 (13)<\/p>\n<p>&#8211; David \u0218tefan Robert A5 (14)<\/p>\n<p>&#8211; Dordea \u0218tefania A5 (15)<\/p>\n<p>&#8211; Laz\u0103r Emilia Andreea A5 (16)<\/p>\n<p>&#8211; Terpe David Cristian A5 (17)<\/p>\n<p>&#8211; Vajda Attila A5 (18)<\/p>\n<p>&#8211; Balo-Hadnagy Mark A6 (21)<\/p>\n<p>&#8211; Brujan Mara Andreea A6 (23)<\/p>\n<p>&#8211; Kerekes Julia A6 (25)<\/p>\n<p>&#8211; Laszloffy Balint A6 (26)<\/p>\n<p>&#8211; Modiga Raluca Sabina A6 (27)<\/p>\n<p>&#8211; Prodea Mario Mircea A6 (29)<\/p>\n<p>&#8211; Purcariu Mara A6 (30)<\/p>\n<p>&#8211; Barbu Luca Alexandru A7 (31)<\/p>\n<p>&#8211; Bartalis Tamara A7 (32)<\/p>\n<p>&#8211; Fustos Eszter A7 (33)<\/p>\n<p>&#8211; Ghi\u021b\u0103 Mihai Eric A7 (34)<\/p>\n<p>&#8211; Gyero Soma A7 (35)<\/p>\n<p>&#8211; Maior Cristian Gabriel A7 (36)<\/p>\n<p>&#8211; Marin Delia Florina A7 (37)<\/p>\n<p>&#8211; Suciu Eduard A7 (41)<\/p>\n<p>&nbsp;<\/p>\n<p><strong>15:30 &#8211; 17:00<\/strong>\u00a0\u00a0 &#8211; Laz\u0103r Andrei A8 (44)<\/p>\n<p>&#8211; Szoke Eross Eliz A8 (45)<\/p>\n<p>&#8211; Gyero Luca A9 (46)<\/p>\n<p>&#8211; Irimescu Antonia Medeea A9 (47)<\/p>\n<p>&#8211; Laszloffy Anna A9 (48)<\/p>\n<p>&#8211; Prodea Luana Maria A9 (49)<\/p>\n<p>&#8211; Zelch Csaba A10 (52)<\/p>\n<p>&#8211; Erdos Boglarka A11 (53)<\/p>\n<p>&#8211; Mord\u0103\u0219an Raul Ioan A11 (55)<\/p>\n<p>&#8211; Paszint Timea A11 (56)<\/p>\n<p>&nbsp;<\/p>\n<p><strong>17:00 &#8211; 18:00\u00a0<\/strong>\u00a0 &#8211; Chifu Maria A10 (50)<\/p>\n<p>&#8211; Irimescu Teodora A12 (58)<\/p>\n<p>&#8211; Mardari Daniela A13 (62)<\/p>\n<p>&#8211; Trinbi\u021ba\u0219 Alexandru A13 (63)<\/p>\n<p>&#8211; Chifu Maria &amp; Mardari Daniela C3 (153)<\/p>\n<p>&nbsp;<\/p>\n<h5><strong>18:30\u00a0\u00a0\u00a0\u00a0\u00a0<\/strong>\u00a0\u00a0\u00a0\u00a0\u00a0\u00a0\u00a0\u00a0\u00a0\u00a0\u00a0 <strong>&#8211; Festivitate de premiere<\/strong><\/h5>\n<p>&nbsp;<\/p>\n<p>&nbsp;<\/p>\n<h4><strong><u>S\u00c2MB\u0102T\u0102, 3 MARTIE<\/u><\/strong><\/h4>\n<p>&nbsp;<\/p>\n<p><strong>9:00 &#8211; 11:00\u00a0<\/strong>\u00a0 &#8211; Iancu Victor &amp; Iancu Maria C (145)<\/p>\n<p>&#8211; Iancu Marina &amp; Parincu Eva C (146)<\/p>\n<p>&#8211; Constantin Maria Flavia &amp; Constantin Sofia Teodora C (147)<\/p>\n<p>&#8211; Istudor Antonio &amp; Iancu Marina C (148)<\/p>\n<p>&#8211; Filip Ana Maria &amp; Filip Matei Andrei C (149)<\/p>\n<p>&#8211; Fulga Anita &amp; Hudecz Gheorghiu Daria C (151)<\/p>\n<p>&#8211; Bontea Ioana Raira B0 (66)<\/p>\n<p>&#8211; Iancu Victor B0 (67)<\/p>\n<p>&#8211; Tarcea Robbie Alexandru B0 (68)<\/p>\n<p>&#8211; Scripnic Iris B1 (69)<\/p>\n<p>&#8211; Trif Emilia B1 (70)<\/p>\n<p>&#8211; Iancu Marina B2 (72)<\/p>\n<p>&#8211; Parincu Eva Ioana B2 (73)<\/p>\n<p>&#8211; Genete Alessandro B3 (79)<\/p>\n<p>&#8211; Gheorghe Rucsandra B3 (80)<\/p>\n<p>&#8211; Miron Andreea Camelia B3 (83)<\/p>\n<p>&#8211; Borsan Gabriela Bianca B4 (90)<\/p>\n<p>&#8211; Constantin Maria Flavia B4 (91)<\/p>\n<p>&#8211; Constantin Maria Teodora B4 (92)<\/p>\n<p>&#8211; Istudor Gabriel Antonio B4 (94)<\/p>\n<p>&#8211; Trif Radu Andrei B4 (98)<\/p>\n<p>&#8211; Ciurea David Gabriel B5 (102)<\/p>\n<p>&#8211; Filip Maria B5 (106)<\/p>\n<p>&#8211; Filip Matei Andrei B5 (107)<\/p>\n<p>&#8211; Hudecz-Gheorghiu Daria B5 (109)<\/p>\n<p>&#8211; P\u00eenzaru Octavian Andrei B5 (111)<\/p>\n<p>&#8211; Tiriachiu Daria Maria B5 (113)<\/p>\n<p>&#8211; Dragan Erica Maria B6 (116)<\/p>\n<p>&#8211; Fulga Anita B6 (117)<\/p>\n<p>&nbsp;<\/p>\n<p><strong>11:00-12:00<\/strong> &#8211; Blaga Anastasia B3 (74)<\/p>\n<p>&#8211; Constantinescu Felix B3 (76)<\/p>\n<p>&#8211; Dobre Adelina Alesia B3 (77)<\/p>\n<p>&#8211; Fazakas Dominik B3 (78)<\/p>\n<p>&#8211; Marinache Eduard B3 (81)<\/p>\n<p>&#8211; Pavelescu Gabriel B3 (85)<\/p>\n<p>&#8211; Popa Darius Marian B3 (87)<\/p>\n<p>&#8211; Priseceanu Miruna Ileana B3 (88)<\/p>\n<p>&#8211; Suciu Alexandru B3 (89)<\/p>\n<p>&#8211; Dumitra\u0219cu Maria Anisia B4 (93)<\/p>\n<p>&#8211; Miria Matei B4 (95)<\/p>\n<p>&#8211; Bozieru R\u0103zvan Petru\u021b B5 (99)<\/p>\n<p>&#8211; Catalan \u0218tefania B5 (101)<\/p>\n<p>&#8211; Goglea Rare\u0219 Andrei B5 (108)<\/p>\n<p>&#8211; Z\u0103nescu Rare\u0219 Andrei B5 (114)<\/p>\n<p>&nbsp;<\/p>\n<p><strong>12:00-13:20<\/strong>\u00a0\u00a0 &#8211; Bercea Aida Maria &amp; Ruff Sara Alexandra C2 (150)<\/p>\n<p>&#8211; Bercea Aida Maria B6 (115)<\/p>\n<p>&#8211; Ormeni\u0219anu Alice B6 (121)<\/p>\n<p>&#8211; Popescu Spirea Matei B6 (122)<\/p>\n<p>&#8211; Ruff Sara Alexandra B6 (123)<\/p>\n<p>&#8211; Stoicescu Andra Maria B6 (124)<\/p>\n<p>&#8211; T\u0103n\u0103sescu Luca B6 (125)<\/p>\n<p>&#8211; Marinache \u0218tefania B7 (128)<\/p>\n<p>&#8211; Timar Tudor Valeriu B7 (129)<\/p>\n<p>&#8211; Mih\u0103lcu\u021b Rita Emanuela Iulia B8 ( 135)<\/p>\n<p>&#8211; Scorburianu Ioana B10 (139)<\/p>\n<p>&#8211; S\u0103p\u0103toru Stelio Flavius B12 ( 143)<\/p>\n<h5><strong>Festivitate de premiere <\/strong><\/h5>\n<p>&nbsp;<\/p>\n<p><strong>14:00-15:30<\/strong>\u00a0\u00a0 &#8211; Ra\u021b Natalia B5 (112)<\/p>\n<p>&#8211; M\u0103ciuc\u0103 Miruna B8 (134)<\/p>\n<p>&#8211; Moldovan Daria B9 (136)<\/p>\n<p>&#8211; Szaniszlo Attila &amp; Nagy Kristina C (152)<\/p>\n<p>&#8211; Comisarof Fabius A2 (1)<\/p>\n<p>&#8211; Saila Maria A4 (7)<\/p>\n<p>&#8211; Botez Eduard Florin A5 (11)<\/p>\n<p>&#8211; Zorila Darius A5 (19)<\/p>\n<p>&#8211; Alexa \u0218tefania A6 (20)<\/p>\n<p>&#8211; Berila Mihnea-Viorel A6 (22)<\/p>\n<p>&#8211; Gombocz Klara A6 (24)<\/p>\n<p>&#8211; Moldovan Iulia Valeria A7 (38)<\/p>\n<p>&#8211; Rusu Alexia A7 (39)<\/p>\n<p>&#8211; Sandu Arianna Ioana A7 (40)<\/p>\n<p>&#8211; Budai Alexandra A8 (43)<\/p>\n<p>&#8211; Pistea Amalia Emilia A10 (51)<\/p>\n<p>&nbsp;<\/p>\n<p><strong>15:30-16:30<\/strong>\u00a0\u00a0 &#8211; Gligor Lungan Vladimir A11 (54)<\/p>\n<p>&#8211; Petres Lajos Tamas A11 (57)<\/p>\n<p>&#8211; Mih\u0103lceanu Dumitru A12 (59)<\/p>\n<p>&#8211; Posteuc\u0103 Andreea Dalia A12 (61)<\/p>\n<p>&#8211; \u0218andru Gabriel Nicolae A14 (65)<\/p>\n<h5><strong>Festivitatea de premiere<\/strong><\/h5>\n<p>&nbsp;<\/p>\n<p><strong>17:30-19:00\u00a0\u00a0<\/strong> &#8211; Popa Antonia B3 (86)<\/p>\n<p>&#8211; Coju\u0219neanu Paul B5 (103)<\/p>\n<p>&#8211; Erhan Ana B5 (105)<\/p>\n<p>&#8211; Manafu Darius B7 (127)<\/p>\n<p>&#8211; Coju\u0219neanu Karina B8 (131)<\/p>\n<p>&#8211; Deaconeasa Sofia B10 (138)<\/p>\n<p>&#8211; G\u0103nescu Ana B11 (141)<\/p>\n<p>&#8211; Monceanu Ella Andrada B11 (142)<\/p>\n<p>&#8211; Nechita C\u0103lin A6 (28)<\/p>\n<p>&#8211; \u021aigaret Mihai A7 (42)<\/p>\n<p>&#8211; Mitu Alexandra A12 (60)<\/p>\n<h5><strong>Festivitatea de premiere<\/strong><\/h5>\n<p>&nbsp;<\/p>\n<p>&nbsp;<\/p>\n<h4><strong>DUMINIC\u0102, 4 MARTIE<\/strong><\/h4>\n<p>&nbsp;<\/p>\n<p><strong>10:00-11:00<\/strong> &#8211; Olingher Daria Nicoleta B5 (110)<\/p>\n<p>&#8211; Iordache Antonia B7 (126)<\/p>\n<p>&#8211; Iordache Luca B13 (144)<\/p>\n<p>&#8211; Cicireag\u0103 Moisescu Andreea A14 (64)<\/p>\n<p>&nbsp;<\/p>\n<h4><strong>11:30\u00a0\u00a0<\/strong>\u00a0\u00a0\u00a0\u00a0\u00a0\u00a0\u00a0\u00a0\u00a0\u00a0\u00a0\u00a0 <strong>GALA\u00a0 CONCURSULUI<\/strong><\/h4>\n","protected":false},"excerpt":{"rendered":"<p>Concursul se va desf\u00ee\u0219ura la Sala de spectacole a Bibliotecii Jude\u021bene \u201dAstra\u201d &#8211; Sibiu, str. G. Bari\u021biu nr. 5 &#8211; 7. &nbsp; &nbsp; &nbsp; PROGRAMAREA participantilor la Festivalul- Concurs &#8221; Prietenii Muzicii&#8221;\u00a0\u2013 SIBIU, edi\u021bia a VI-a, 2-4 martie 2018 &nbsp; \u00a0 VINERI\u00a0 2 martie &nbsp; Ora\u00a0 10.30 \u00a0 \u00a0 \u00a0\u00a0 Festivitatea de deschidere \u00a0 Ora\u00a0 [&hellip;]<\/p>\n","protected":false},"author":1,"featured_media":0,"parent":0,"menu_order":0,"comment_status":"closed","ping_status":"closed","template":"","meta":{"footnotes":""},"class_list":["post-4620","page","type-page","status-publish","hentry"],"_links":{"self":[{"href":"https:\/\/www.propiano.org\/romanian\/wp-json\/wp\/v2\/pages\/4620","targetHints":{"allow":["GET"]}}],"collection":[{"href":"https:\/\/www.propiano.org\/romanian\/wp-json\/wp\/v2\/pages"}],"about":[{"href":"https:\/\/www.propiano.org\/romanian\/wp-json\/wp\/v2\/types\/page"}],"author":[{"embeddable":true,"href":"https:\/\/www.propiano.org\/romanian\/wp-json\/wp\/v2\/users\/1"}],"replies":[{"embeddable":true,"href":"https:\/\/www.propiano.org\/romanian\/wp-json\/wp\/v2\/comments?post=4620"}],"version-history":[{"count":12,"href":"https:\/\/www.propiano.org\/romanian\/wp-json\/wp\/v2\/pages\/4620\/revisions"}],"predecessor-version":[{"id":5046,"href":"https:\/\/www.propiano.org\/romanian\/wp-json\/wp\/v2\/pages\/4620\/revisions\/5046"}],"wp:attachment":[{"href":"https:\/\/www.propiano.org\/romanian\/wp-json\/wp\/v2\/media?parent=4620"}],"curies":[{"name":"wp","href":"https:\/\/api.w.org\/{rel}","templated":true}]}}