{"id":3501,"date":"2015-10-19T09:52:43","date_gmt":"2015-10-19T09:52:43","guid":{"rendered":"http:\/\/www.propiano.org\/romanian\/?page_id=3501"},"modified":"2016-02-29T17:46:30","modified_gmt":"2016-02-29T17:46:30","slug":"regulament-timisoara-2016","status":"publish","type":"page","link":"https:\/\/www.propiano.org\/romanian\/regulament-timisoara-2016\/","title":{"rendered":"Regulament Timisoara 2016"},"content":{"rendered":"<h4><strong>REGULAMENTUL\u00a0 <\/strong><strong>Festivalului <\/strong><\/h4>\n<h4><strong>\u201cPrietenii Muzicii \/ PRO PIANO-ROMANIA\u201d &#8211; filiala Timi\u015foara,<\/strong><\/h4>\n<h4><strong>Edi\u0163ia I,\u00a005 &#8211; 06 Martie\u00a0 2016<\/strong><\/h4>\n<p>&nbsp;<\/p>\n<ol>\n<li>Manifestarea este deschis\u0103 copiilor cu v\u00e2rsta cuprins\u0103 \u00eentre 5 \u015fi 19 ani, fiind divizat\u0103 \u00een <strong>3 sec\u0163iuni<\/strong>: <strong>A<\/strong>, <strong>B<\/strong>, <strong>C<\/strong>.<\/li>\n<\/ol>\n<p><strong>Sec\u0163iunea\u00a0A<\/strong>\u00a0\u2013 tineri care studiaz\u0103 pianul ca instrument principal, \u00een \u015ecoli \u015fi Licee de muzic\u0103<\/p>\n<p><strong>Sec\u0163iunea\u00a0B<\/strong>\u00a0\u2013 tineri care studiaz\u0103 pianul ca instrument op\u0163ional (\u00een \u015ecoli,\u00a0Licee de muzic\u0103, Cluburi, Palate ale copiilor) sau \u00een sistem particular.<\/p>\n<p><strong>Sec\u0163iunea\u00a0C<\/strong>\u00a0\u2013 ansamblu la\u00a0<strong>4 m\u00e2ini<\/strong> (pe un pian)<\/p>\n<p>&nbsp;<\/p>\n<ol>\n<li>Pentru o mai bun\u0103 evaluare, fiecare din <strong>Sec\u0163iunile A<\/strong> \u015fi <strong>B<\/strong> este divizat\u0103 \u00een <strong>15\u00a0categorii<\/strong>, \u00een func\u0163ie de anul na\u015fterii participan\u0163ilor:<\/li>\n<\/ol>\n<p>categoria 0 \u2013 <strong>2011<\/strong>\u00a0\u00a0\u00a0\u00a0\u00a0\u00a0\u00a0\u00a0\u00a0\u00a0\u00a0\u00a0\u00a0\u00a0\u00a0\u00a0\u00a0\u00a0\u00a0\u00a0\u00a0\u00a0\u00a0\u00a0\u00a0\u00a0\u00a0\u00a0\u00a0\u00a0\u00a0\u00a0 cat. a 5-a \u2013 <strong>2006 <\/strong>\u00a0\u00a0\u00a0\u00a0\u00a0\u00a0\u00a0\u00a0\u00a0\u00a0\u00a0\u00a0\u00a0\u00a0\u00a0\u00a0\u00a0\u00a0\u00a0\u00a0\u00a0\u00a0\u00a0\u00a0\u00a0\u00a0\u00a0\u00a0\u00a0\u00a0\u00a0\u00a0\u00a0cat. a 10-a \u2013 <strong>2001<\/strong><\/p>\n<p>cat. \u00a0\u00a0\u00a01-a\u00a0\u2013 <strong>2010 <\/strong>\u00a0\u00a0\u00a0\u00a0\u00a0\u00a0\u00a0\u00a0\u00a0\u00a0\u00a0\u00a0\u00a0\u00a0\u00a0\u00a0\u00a0\u00a0\u00a0\u00a0\u00a0\u00a0\u00a0\u00a0\u00a0\u00a0\u00a0\u00a0\u00a0\u00a0\u00a0\u00a0\u00a0\u00a0\u00a0 cat. a 6-a \u2013 <strong>2005 <\/strong>\u00a0\u00a0\u00a0\u00a0\u00a0\u00a0\u00a0\u00a0\u00a0\u00a0\u00a0\u00a0\u00a0\u00a0\u00a0\u00a0\u00a0\u00a0\u00a0\u00a0\u00a0\u00a0\u00a0\u00a0\u00a0\u00a0\u00a0\u00a0\u00a0\u00a0\u00a0\u00a0\u00a0cat. a 11-a \u2013 <strong>2000<\/strong><\/p>\n<p>cat. a 2-a \u2013 <strong>2009 <\/strong>\u00a0\u00a0\u00a0\u00a0\u00a0\u00a0\u00a0\u00a0\u00a0\u00a0\u00a0\u00a0\u00a0\u00a0\u00a0\u00a0\u00a0\u00a0\u00a0\u00a0\u00a0\u00a0\u00a0\u00a0\u00a0\u00a0\u00a0\u00a0\u00a0\u00a0\u00a0\u00a0\u00a0\u00a0\u00a0cat. a 7-a \u2013 <strong>2004<\/strong>\u00a0\u00a0\u00a0\u00a0\u00a0\u00a0\u00a0\u00a0 \u00a0\u00a0\u00a0\u00a0\u00a0\u00a0\u00a0\u00a0\u00a0\u00a0\u00a0\u00a0\u00a0\u00a0\u00a0\u00a0\u00a0\u00a0\u00a0\u00a0\u00a0\u00a0\u00a0\u00a0\u00a0 cat. a 12-a \u2013 <strong>1999<\/strong><\/p>\n<p>cat. a 3-a \u2013 <strong>2008<\/strong>\u00a0\u00a0\u00a0\u00a0\u00a0\u00a0\u00a0\u00a0\u00a0\u00a0\u00a0\u00a0\u00a0\u00a0\u00a0\u00a0\u00a0\u00a0\u00a0\u00a0\u00a0\u00a0\u00a0\u00a0\u00a0\u00a0\u00a0\u00a0\u00a0\u00a0\u00a0\u00a0\u00a0\u00a0\u00a0\u00a0 cat. a 8-a \u2013 <strong>2003<\/strong>\u00a0\u00a0\u00a0\u00a0\u00a0\u00a0\u00a0\u00a0\u00a0\u00a0\u00a0\u00a0\u00a0\u00a0\u00a0\u00a0\u00a0\u00a0\u00a0\u00a0\u00a0\u00a0\u00a0\u00a0\u00a0\u00a0\u00a0\u00a0\u00a0\u00a0\u00a0\u00a0\u00a0 cat. a 13-a \u2013 <strong>1998<\/strong><\/p>\n<p>cat. a 4-a \u2013 <strong>2007 <\/strong>\u00a0\u00a0\u00a0\u00a0\u00a0\u00a0\u00a0\u00a0\u00a0\u00a0\u00a0\u00a0\u00a0\u00a0\u00a0\u00a0\u00a0\u00a0\u00a0\u00a0\u00a0\u00a0\u00a0\u00a0\u00a0\u00a0\u00a0\u00a0\u00a0\u00a0\u00a0\u00a0\u00a0 \u00a0\u00a0cat. a 9-a \u2013 <strong>2002<\/strong>\u00a0\u00a0\u00a0\u00a0\u00a0\u00a0\u00a0\u00a0\u00a0\u00a0\u00a0\u00a0\u00a0\u00a0\u00a0\u00a0\u00a0\u00a0\u00a0\u00a0\u00a0\u00a0\u00a0\u00a0\u00a0\u00a0\u00a0\u00a0\u00a0\u00a0\u00a0\u00a0\u00a0\u00a0 cat. a 14-a \u2013 <strong>1997<\/strong><\/p>\n<p><strong>Sec\u0163iunea\u00a0C<\/strong> este divizat\u0103, conform categoriilor aferente, \u00een 3 subsec\u0163iuni: <strong>C1<\/strong> (cat. 0-4), <strong>C2 <\/strong>(cat. 5-9), <strong>C3<\/strong> (cat. 10-14), \u0163in\u00e2ndu-se cont de v\u00e2rsta celor 2 membrii (nu e obligatorie apartenen\u0163a la aceea\u015fi categorie).<\/p>\n<p>&nbsp;<\/p>\n<p><strong>III.<\/strong>\u00a0<strong>Repertoriul<\/strong> va\u00a0cuprinde\u00a0<strong>una<\/strong> sau\u00a0<strong>dou\u0103 lucr\u0103ri<\/strong>\u00a0la alegerea participan\u0163ilor (f\u0103r\u0103 a se dep\u0103\u015fi minutajul), fiind interpretat din memorie, respect\u00e2nd urm\u0103toarele durate <strong>maxime<\/strong>:<\/p>\n<p><strong>Sec\u0163iunea A<\/strong> \u00a0\u00a0\u00a0\u00a0\u00a0\u00a0\u00a0\u00a0\u00a0\u00a0\u00a0\u00a0\u00a0\u00a0\u00a0\u00a0\u00a0\u00a0\u00a0\u00a0\u00a0\u00a0\u00a0\u00a0\u00a0\u00a0\u00a0\u00a0\u00a0\u00a0\u00a0\u00a0\u00a0\u00a0\u00a0\u00a0\u00a0\u00a0<strong>Sec\u0163iunea B<\/strong><\/p>\n<p>cat. 1 \u2013 4 = <strong>5\u2019 <\/strong>\u00a0\u00a0\u00a0\u00a0\u00a0\u00a0\u00a0\u00a0\u00a0\u00a0\u00a0\u00a0\u00a0\u00a0\u00a0\u00a0\u00a0\u00a0\u00a0\u00a0\u00a0\u00a0\u00a0\u00a0\u00a0\u00a0\u00a0\u00a0\u00a0\u00a0\u00a0\u00a0cat. 1 \u2013 4 = <strong>3\u2019 <\/strong><\/p>\n<p>cat. 5 \u2013 8 = <strong>7\u2019<\/strong>\u00a0\u00a0\u00a0\u00a0\u00a0\u00a0\u00a0\u00a0\u00a0\u00a0\u00a0\u00a0\u00a0\u00a0\u00a0\u00a0\u00a0\u00a0\u00a0\u00a0\u00a0\u00a0\u00a0\u00a0\u00a0\u00a0\u00a0\u00a0\u00a0\u00a0\u00a0\u00a0\u00a0cat. 5 \u2013 8 = <strong>5\u2019<\/strong><\/p>\n<p>cat. 9 \u2013 10 = <strong>10\u2019\u00a0<\/strong>\u00a0\u00a0\u00a0\u00a0\u00a0\u00a0\u00a0\u00a0\u00a0\u00a0\u00a0\u00a0\u00a0\u00a0\u00a0\u00a0\u00a0\u00a0\u00a0\u00a0\u00a0\u00a0\u00a0\u00a0\u00a0\u00a0\u00a0cat. 9 \u2013 10 = <strong>7\u2019<\/strong><\/p>\n<p>cat. 11 \u2013 12 = <strong>15\u2019\u00a0<\/strong>\u00a0\u00a0\u00a0\u00a0\u00a0\u00a0\u00a0\u00a0\u00a0\u00a0\u00a0\u00a0\u00a0\u00a0\u00a0\u00a0\u00a0\u00a0\u00a0\u00a0\u00a0\u00a0\u00a0\u00a0\u00a0\u00a0cat. 11 \u2013 12 = <strong>10\u2019<\/strong><\/p>\n<p>cat. 13 \u2013 14 = <strong>20\u2019\u00a0<\/strong>\u00a0\u00a0\u00a0\u00a0\u00a0\u00a0\u00a0\u00a0\u00a0\u00a0\u00a0\u00a0\u00a0\u00a0\u00a0\u00a0\u00a0\u00a0\u00a0\u00a0\u00a0\u00a0\u00a0\u00a0\u00a0cat. 13 \u2013 14 = <strong>15\u2019<\/strong><\/p>\n<p>&nbsp;<\/p>\n<ol>\n<li>Programul men\u0163ionat \u00een fi\u015fa de \u00eenscriere nu poate fi modificat ulterior. Ordinea interpret\u0103rii pieselor se stabile\u015fte la libera alegere a participan\u0163ilor.<\/li>\n<li>Ordinea prezent\u0103rii \u00een Festival este cea alfabetic\u0103, \u00een cadrul fiec\u0103rei categorii. <strong>\u00cen m\u0103sura posibilit\u0103\u0163ilor, organizatorii vor \u0163ine seama de cerin\u0163ele motivate ale participan\u0163ilor de a se prezenta \u00een anumite zile.<\/strong> Cererile speciale se vor men\u0163iona pe fi\u015fele de \u00eenscriere, de la \u00eenceput. <strong>Dup\u0103 planificarea ordinii de prezentare \u00een Festival, nu se accept\u0103 schimb\u0103ri.<\/strong><\/li>\n<\/ol>\n<p>&nbsp;<\/p>\n<ol>\n<li>\u00censcrierile se fac p\u00e2n\u0103 la data de <strong>16 februarie 2016<\/strong><\/li>\n<\/ol>\n<ul>\n<li>prin accesarea FORMULARULUI ONLINE de pe Site-ul Funda\u0163iei Culturale \u201dPRO PIANO-ROM\u00c2NIA\u201d, (<a href=\"http:\/\/www.propiano.org\/\">www.propiano.org<\/a> \u2192 <a href=\"http:\/\/www.propiano.org\/romanian\/\">Rom\u00e2n\u0103<\/a> \u2192 <a href=\"http:\/\/www.propiano.org\/romanian\/prietenii-muzicii-timisoara-2016\/\">Prietenii Muzicii Timi\u015foara 2016<\/a> \u2192 <a href=\"https:\/\/docs.google.com\/forms\/d\/1E026NjREPK2_tvnf9z-pxNyAhV3nZGIF5-ohobUS-z0\/viewform\">Formular de \u00censcriere Timi\u015foara 2016<\/a>) sau direct pe urm\u0103torul link:<\/li>\n<li><a href=\"http:\/\/www.propiano.org\/romanian\/prietenii-muzicii-timisoara-2016\/\">http:\/\/www.propiano.org\/romanian\/prietenii-muzicii-timisoara-2016\/<\/a><\/li>\n<li>la Funda\u0163ia Cultural\u0103 \u201dPRO PIANO-ROM\u00c2NIA\u201d, numai prin E-mail, la adresa: <a href=\"mailto:propiano@gmail.com\">propiano@gmail.com<\/a><\/li>\n<li>\u00een Timi\u015foara, la d-na prof. dr. Diana TITE, numai prin E-mail, la adresa: <a href=\"mailto:Diana.Tite@Outlook.com\">Diana.Tite@Outlook.com<\/a><\/li>\n<\/ul>\n<p><strong>Pentru \u00eenscriere sunt necesare urm\u0103toarele:<\/strong><\/p>\n<ul>\n<li><strong>1. Formularul de \u00eenscriere<\/strong> este DE PREFERAT varianta ONLINE, prin accesarea acestuia de pe Site-ul Funda\u0163iei Culturale \u201dPRO PIANO-ROM\u00c2NIA\u201d (<a href=\"http:\/\/www.propiano.org\/\">www.propiano.org<\/a> \u2192 <a href=\"http:\/\/www.propiano.org\/romanian\/\">Rom\u00e2n\u0103<\/a> \u2192 <a href=\"http:\/\/www.propiano.org\/romanian\/prietenii-muzicii-timisoara-2016\/\">Prietenii Muzicii Timi\u015foara 2016<\/a> \u2192 <a href=\"https:\/\/docs.google.com\/forms\/d\/1E026NjREPK2_tvnf9z-pxNyAhV3nZGIF5-ohobUS-z0\/viewform\">Formular de \u00censcriere Timi\u015foara 2016<\/a>) sau direct pe urm\u0103torul link:<\/li>\n<li><a href=\"http:\/\/www.propiano.org\/romanian\/prietenii-muzicii-timisoara-2016\/\">http:\/\/www.propiano.org\/romanian\/prietenii-muzicii-timisoara-2016\/<\/a><\/li>\n<\/ul>\n<p>Pentru ace\u015ftia, nu mai este necesar\u0103 trimiterea separat\u0103 a certificatului de na\u015ftere (datele fiind incluse \u00een formular), iar chitan\u0163a de achitare a dona\u0163ie va fi \u015fi ea inclus\u0103 pe acela\u015fi formular.<\/p>\n<p><em><strong>\u00cen cazuri excep\u0163ionale <\/strong>(inexisten\u0163a accesului la un computer), se va completa formularul prezentat mai jos. Pentru ace\u015ftia, este necesar \u015fi trimiterea certificatului de na\u015ftere, \u00eempreun\u0103 cu chitan\u0163a de achitare a dona\u0163ie de participare (toate cele 3 documente vor fi scanate).<\/em><\/p>\n<p>\u00cen cazul ansamblurilor la 4 m\u00e2ini, datele celor doi participan\u0163i vor fi men\u0163ionate pe acela\u015fi formular.<\/p>\n<ol start=\"2\">\n<li><strong> Dona\u0163ia<\/strong> de participare\u00a0este de\u00a0<strong>60\u00a0lei<\/strong>\/pentru solist\u00a0\u015fi <strong>80 de lei<\/strong>\/ansamblu la 4 m\u00e2ini (un elev participant \u00een mai multe forma\u0163ii la 4 m\u00e2ini, achit\u0103 o singur\u0103 dat\u0103 jum\u0103tatea sa de dona\u0163ie &#8211; <strong>40 lei<\/strong>). <strong>Nu se admit mandate po\u015ftale<\/strong>.<\/li>\n<\/ol>\n<p>Dona\u0163ia de participare se va depune: <strong>\u00een contul Funda\u0163iei Pro Piano, deschis la BCR sector 3 Bucuresti, Cod IBAN: RO85RNCB0074029228740001\/C.U.I. 9099960<\/strong>, cu specificarea obligatorie pe ordinul de plat\u0103 a 2 semne de identificare:<\/p>\n<ol>\n<li><strong>a)<\/strong> <strong>Dona\u0163ie Timi\u015foara<\/strong><\/li>\n<li><strong>b)<\/strong> <strong>Numele participantului<\/strong> pentru care se face plata.<\/li>\n<\/ol>\n<p>\u00cen caz de neprezentare, dona\u0163ia nu se returneaz\u0103.<\/p>\n<p>&nbsp;<\/p>\n<p><strong>Confirmarea \u00eenscrierii<\/strong>:<\/p>\n<ol>\n<li>\u00cen cazul \u00eenscrierii pe baza <em>Formularului online<\/em>, confirmarea se face automat, imediat dup\u0103 trimiterea acestuia, prin primirea mesajului de confirmare (conform aten\u0163ion\u0103rii de la sf\u00e2r\u015fitul formularului).<\/li>\n<li>\u00cen cazul \u00eenscrierii pe baza <em>Formularului clasic<\/em>, confirmarea se va face numai dup\u0103 intrarea dona\u0163iei \u00een contul Funda\u0163iei (dup\u0103 apari\u0163ia numelui candidatului \u00een extrasul de cont).<\/li>\n<\/ol>\n<p>Participan\u0163ii sunt ruga\u0163i s\u0103 verifice \u00een final programarea lor, pe Site-ul Funda\u0163iei Culturale \u201dPRO PIANO-ROM\u00c2NIA\u201d la adresa (<a href=\"http:\/\/www.propiano.org\/\">www.propiano.org<\/a> \u2192 <a href=\"http:\/\/www.propiano.org\/romanian\/\">Rom\u00e2n\u0103<\/a> \u2192 <a href=\"http:\/\/www.propiano.org\/romanian\/prietenii-muzicii-timisoara-2016\/\">Prietenii Muzicii Timi\u015foara 2016<\/a> \u2192 <a href=\"http:\/\/www.propiano.org\/romanian\/programare-timisoara-2016\/\">Programare Timi\u015foara 2016<\/a>), dup\u0103 data de <strong>01 martie 2016<\/strong>.<\/p>\n<p><strong>VII.<\/strong>\u00a0Cheltuielile de transport, cazare, mas\u0103, vor fi suportate de c\u0103tre participan\u0163i.<\/p>\n<p><strong>VIII.<\/strong>\u00a0Se vor acorda urm\u0103toarele distinc\u0163ii, pentru fiecare categorie \u00een parte: Diplome de Excelen\u0163\u0103, de Merit, de Participare, Premii Speciale ( pentru cea mai bun\u0103 interpretare a unei piese rom\u00e2ne\u015fti, Premiul J. S. Bach, Premiul Fr. Liszt, Premiul Arpeggione, Premiul Funda\u0163iei \u201cPRO PIANO-ROM\u00c2NIA\u201d, Premiul pentru prezen\u0163\u0103 artistic\u0103 deosebit\u0103, etc). Diplomele \u015fi Premiile vor fi \u00eenm\u00e2nate participan\u0163ilor \u00een Festivit\u0103\u0163ile de premiere, de 2 ori pe zi, conform planific\u0103rilor anun\u0163ate \u00een timp util.<\/p>\n<ol>\n<li>Juriul Festivalului va fi format din personalit\u0103\u0163i ale pedagogiei \u015fi muzicii rom\u00e2ne\u015fti. Toate materialele audio-video sau de alt\u0103 natur\u0103 realizate pe parcursul Festivalului de c\u0103tre organizatori, apar\u0163in de drept acestora.<\/li>\n<\/ol>\n<p>\u00cen momentul \u00eenscrierii \u00een Festival, candida\u0163ii accept\u0103 prezentele condi\u0163ii \u015fi autoritatea juriului.<\/p>\n<p><strong>Informa\u0163ii suplimentare<\/strong>:<\/p>\n<ul>\n<li>la\u00a0d-na\u00a0prof. dr. Diana TITE: Tel. 0745 319 606 sau E-mail \u2013 <a href=\"mailto:Diana.Tite@Outlook.com\">Diana.Tite@Outlook.com<\/a><\/li>\n<li>la Funda\u0163ia \u201ePro Piano\u2013Rom\u00e2nia\u201d \u2013 d-na prof. Stela AVESALON: Tel. 0722 382 626 (\u00een afara orelor 14-17), E-mail:\u00a0<a href=\"mailto:propiano@gmail.com\">propiano@gmail.com<\/a>, Web page:\u00a0www.propiano.org<\/li>\n<\/ul>\n<p>&nbsp;<\/p>\n<p><strong><em>Formularul de mai jos este o alternativ\u0103 mai pu\u0163in agreat\u0103 de organizatori<\/em><\/strong><strong> \u015fi se adreseaz\u0103 celor care <em>NU<\/em> au posibilitatea complet\u0103rii formularului electronic<\/strong> (<a href=\"http:\/\/www.propiano.org\/\">www.propiano.org<\/a> \u2192 <a href=\"http:\/\/www.propiano.org\/romanian\/\">Rom\u00e2n\u0103<\/a> \u2192 <a href=\"http:\/\/www.propiano.org\/romanian\/prietenii-muzicii-timisoara-2016\/\">Prietenii Muzicii Timi\u015foara 2016<\/a> \u2192 <a href=\"https:\/\/docs.google.com\/forms\/d\/1E026NjREPK2_tvnf9z-pxNyAhV3nZGIF5-ohobUS-z0\/viewform\">Formular de \u00censcriere Timi\u015foara 2016<\/a>) sau direct pe urm\u0103torul link: <a href=\"http:\/\/www.propiano.org\/romanian\/prietenii-muzicii-timisoara-2016\/\">http:\/\/www.propiano.org\/romanian\/prietenii-muzicii-timisoara-2016\/<\/a><\/p>\n<p><strong>\u00a0<\/strong><\/p>\n<p><strong>FORMULAR DE \u00ceNSCRIERE<\/strong><\/p>\n<p><strong>Festivalul \u201cPRIETENII MUZICII\/PRO PIANO-ROM\u00c2NIA\u201d, filiala\u00a0Timi\u015foara<\/strong><\/p>\n<p><strong>Edi\u0163ia I,\u00a005 &#8211; 06 Martie\u00a02016<\/strong><\/p>\n<p><strong>Elev:<\/strong><\/p>\n<ol>\n<li>Numele: _______________________________________<\/li>\n<li>Prenumele: _____________________________________<\/li>\n<\/ol>\n<p>\u0162ara \/na\u0163ionalitatea:_____________________________<\/p>\n<p>Data na\u015fterii:___________________________________<\/p>\n<p>Cod numeric personal________________________<\/p>\n<p>Adresa permanent\u0103:_____________________________<\/p>\n<ol start=\"6\">\n<li>Telefon\/fax: ____________________________________<\/li>\n<li>Gr\u0103dini\u0163a\/\u015fcoala\/liceul: ___________________________<\/li>\n<\/ol>\n<p>&nbsp;<\/p>\n<p><strong>Profesor \u00eendrum\u0103tor:<\/strong><\/p>\n<ol start=\"8\">\n<li>Numele \u015fi prenumele: ____________________________<\/li>\n<\/ol>\n<p>Telefon\/fax: _____________________________________<\/p>\n<p>\u00cencadrat la\u00a0Sec\u0163iunea:_________<\/p>\n<p>Categoria: _________<\/p>\n<p>&nbsp;<\/p>\n<p><strong>Programul <\/strong>ales (una sau 2 piese):<\/p>\n<p>Numele compozitorului: ________________________<\/p>\n<p>Titlul lucr\u0103rii: ___________________________________<\/p>\n<p>&nbsp;<\/p>\n<p>Numele compozitorului:________________________<\/p>\n<p>Titlul lucr\u0103rii: __________________________________<\/p>\n<p>&nbsp;<\/p>\n<p>Durata total\u0103: .\u2026\u2026\u2026.. minute<\/p>\n<p>&nbsp;<\/p>\n<p>Data: \u00a0\u00a0\u00a0\u00a0\u00a0\u00a0\u00a0\u00a0\u00a0\u00a0\u00a0\u00a0\u00a0\u00a0\u00a0\u00a0\u00a0\u00a0\u00a0\u00a0\u00a0\u00a0\u00a0\u00a0\u00a0\u00a0\u00a0\u00a0\u00a0\u00a0\u00a0\u00a0\u00a0\u00a0\u00a0\u00a0\u00a0\u00a0\u00a0\u00a0\u00a0\u00a0\u00a0\u00a0\u00a0\u00a0\u00a0\u00a0\u00a0 Semn\u0103tura:<\/p>\n","protected":false},"excerpt":{"rendered":"<p>REGULAMENTUL\u00a0 Festivalului \u201cPrietenii Muzicii \/ PRO PIANO-ROMANIA\u201d &#8211; filiala Timi\u015foara, Edi\u0163ia I,\u00a005 &#8211; 06 Martie\u00a0 2016 &nbsp; Manifestarea este deschis\u0103 copiilor cu v\u00e2rsta cuprins\u0103 \u00eentre 5 \u015fi 19 ani, fiind divizat\u0103 \u00een 3 sec\u0163iuni: A, B, C. Sec\u0163iunea\u00a0A\u00a0\u2013 tineri care studiaz\u0103 pianul ca instrument principal, \u00een \u015ecoli \u015fi Licee de muzic\u0103 Sec\u0163iunea\u00a0B\u00a0\u2013 tineri care studiaz\u0103 [&hellip;]<\/p>\n","protected":false},"author":1,"featured_media":0,"parent":0,"menu_order":0,"comment_status":"closed","ping_status":"closed","template":"","meta":{"footnotes":""},"class_list":["post-3501","page","type-page","status-publish","hentry"],"_links":{"self":[{"href":"https:\/\/www.propiano.org\/romanian\/wp-json\/wp\/v2\/pages\/3501","targetHints":{"allow":["GET"]}}],"collection":[{"href":"https:\/\/www.propiano.org\/romanian\/wp-json\/wp\/v2\/pages"}],"about":[{"href":"https:\/\/www.propiano.org\/romanian\/wp-json\/wp\/v2\/types\/page"}],"author":[{"embeddable":true,"href":"https:\/\/www.propiano.org\/romanian\/wp-json\/wp\/v2\/users\/1"}],"replies":[{"embeddable":true,"href":"https:\/\/www.propiano.org\/romanian\/wp-json\/wp\/v2\/comments?post=3501"}],"version-history":[{"count":6,"href":"https:\/\/www.propiano.org\/romanian\/wp-json\/wp\/v2\/pages\/3501\/revisions"}],"predecessor-version":[{"id":3793,"href":"https:\/\/www.propiano.org\/romanian\/wp-json\/wp\/v2\/pages\/3501\/revisions\/3793"}],"wp:attachment":[{"href":"https:\/\/www.propiano.org\/romanian\/wp-json\/wp\/v2\/media?parent=3501"}],"curies":[{"name":"wp","href":"https:\/\/api.w.org\/{rel}","templated":true}]}}