{"id":3232,"date":"2015-03-04T13:05:13","date_gmt":"2015-03-04T13:05:13","guid":{"rendered":"http:\/\/www.propiano.org\/romanian\/?page_id=3232"},"modified":"2015-03-04T13:12:32","modified_gmt":"2015-03-04T13:12:32","slug":"sibiu-2015-programare","status":"publish","type":"page","link":"https:\/\/www.propiano.org\/romanian\/sibiu-2015-programare\/","title":{"rendered":"Sibiu 2015 Programare"},"content":{"rendered":"<p style=\"text-align: center;\"><strong>Loca\u021bia Festivalului:\u00a0Biblioteca\u00a0 Jude\u021bean\u0103 \u201dAstra\u201d, str. G. Baritiu nr.5<\/strong><\/p>\n<p style=\"text-align: center;\">Programarea pe zilepentru Festivalul ,,Prietenii Muzicii\u00a0\/ PRO PIANO-ROM\u00c2NIA\u201d\/ Filiala Sibiu<\/p>\n<p style=\"text-align: center;\">edi\u021bia a III-a \/\u00a0 6 &#8211; 8 martie 2015<\/p>\n<p style=\"text-align: center;\">(mai jos este si programarea cu participanti)<\/p>\n<p style=\"text-align: center;\"><strong>\u00a0<\/strong><\/p>\n<p>&nbsp;<\/p>\n<h4><strong><span style=\"text-decoration: underline;\">VINERI, 6 MARTIE 2015<\/span><\/strong><\/h4>\n<p><strong>10:00 &#8211; \u00a0<\/strong><strong>DESCHIDEREA FESTIVALULUI<\/strong><\/p>\n<p><strong>10:15 &#8211; 11:00<\/strong>\u00a0<strong>\u00a0\u00a0\u00a0\u00a0\u00a0\u00a0\u00a0 B1, B2, B3, B<\/strong><strong>5, C\u00a0\u00a0\u00a0\u00a0\u00a0\u00a0\u00a0\u00a0\u00a0\u00a0\u00a0\u00a0\u00a0\u00a0\u00a0 Sibiu, Bucure<\/strong><strong>\u015fti\u00a0\u00a0\u00a0\u00a0\u00a0\u00a0\u00a0\u00a0\u00a0\u00a0\u00a020 elevi<\/strong><\/p>\n<p><strong>11:00 &#8211; 12:00\u00a0\u00a0\u00a0\u00a0\u00a0\u00a0 B6, B8, B9, B11, B12\u00a0\u00a0\u00a0\u00a0\u00a0\u00a0\u00a0 <\/strong><strong>Sibiu, Media\u015f, Reghin\u00a0\u00a0\u00a0\u00a0 9 elevi<\/strong><\/p>\n<p><strong>12:00 &#8211; 13:30\u00a0\u00a0\u00a0\u00a0\u00a0\u00a0\u00a0\u00a0\u00a0\u00a0\u00a0\u00a0\u00a0\u00a0 A3\u00a0\u00a0\u00a0\u00a0\u00a0\u00a0\u00a0\u00a0\u00a0\u00a0\u00a0\u00a0\u00a0\u00a0\u00a0\u00a0\u00a0\u00a0\u00a0\u00a0\u00a0\u00a0\u00a0\u00a0\u00a0\u00a0\u00a0 \u00a0Craiova\u00a0\u00a0\u00a0\u00a0\u00a0\u00a0\u00a0\u00a0\u00a0\u00a0\u00a0\u00a0\u00a0\u00a0\u00a0\u00a0\u00a0\u00a0\u00a0\u00a0\u00a0\u00a0 1\u00a0elev<\/strong><\/p>\n<p><strong>\u00a0\u00a0\u00a0\u00a0\u00a0\u00a0\u00a0\u00a0\u00a0\u00a0\u00a0\u00a0\u00a0\u00a0\u00a0\u00a0\u00a0\u00a0\u00a0\u00a0\u00a0\u00a0\u00a0\u00a0 A4, A5, A6, A8\u00a0\u00a0\u00a0\u00a0\u00a0\u00a0\u00a0\u00a0\u00a0\u00a0\u00a0\u00a0\u00a0\u00a0 Miercurea-Ciuc\u00a0\u00a0\u00a0\u00a0\u00a0\u00a0\u00a0\u00a0\u00a05 <\/strong><strong>elevi<\/strong><\/p>\n<p><strong>\u00a0\u00a0\u00a0\u00a0\u00a0\u00a0\u00a0\u00a0\u00a0\u00a0\u00a0\u00a0\u00a0\u00a0\u00a0\u00a0\u00a0\u00a0\u00a0\u00a0\u00a0\u00a0\u00a0<\/strong><strong>A4, A7, A11, A12\u00a0\u00a0\u00a0\u00a0\u00a0\u00a0\u00a0\u00a0\u00a0\u00a0\u00a0T\u00e2rgu \u2013 Mure\u015f\u00a0\u00a0\u00a0\u00a0\u00a0\u00a0\u00a0\u00a0\u00a0\u00a0\u00a0 4 elevi<\/strong>\u00a0<strong>\u00a0\u00a0\u00a0\u00a0<\/strong><\/p>\n<p style=\"text-align: center;\"><strong>\u00a0\u00a0\u00a0\u00a0\u00a0\u00a0 <\/strong><strong>FESTIVITATE DE PREMIERE<\/strong><\/p>\n<p>&nbsp;<\/p>\n<p><strong>\u00a0<\/strong><strong>15:00 &#8211; 16:00\u00a0\u00a0 \u00a0\u00a0\u00a0\u00a0\u00a0\u00a0\u00a0\u00a0\u00a0\u00a0\u00a0 B3\u00a0\u00a0\u00a0\u00a0\u00a0\u00a0\u00a0\u00a0\u00a0\u00a0\u00a0\u00a0\u00a0\u00a0\u00a0\u00a0\u00a0\u00a0\u00a0\u00a0\u00a0\u00a0\u00a0\u00a0\u00a0\u00a0\u00a0 \u00a0Reghin\u00a0\u00a0\u00a0\u00a0\u00a0\u00a0\u00a0\u00a0\u00a0\u00a0\u00a0\u00a0\u00a0\u00a0\u00a0\u00a0\u00a0\u00a0\u00a0\u00a0\u00a0\u00a0\u00a0\u00a0\u00a0\u00a0\u00a01 elev<\/strong> <strong>\u00a0\u00a0\u00a0\u00a0\u00a0\u00a0\u00a0\u00a0\u00a0\u00a0\u00a0\u00a0\u00a0\u00a0\u00a0\u00a0\u00a0\u00a0\u00a0\u00a0\u00a0\u00a0\u00a0\u00a0\u00a0\u00a0\u00a0\u00a0\u00a0\u00a0\u00a0\u00a0\u00a0<\/strong><\/p>\n<p><strong>\u00a0\u00a0\u00a0\u00a0\u00a0\u00a0\u00a0\u00a0\u00a0\u00a0\u00a0\u00a0\u00a0\u00a0\u00a0\u00a0\u00a0\u00a0\u00a0\u00a0\u00a0\u00a0\u00a0\u00a0\u00a0\u00a0\u00a0\u00a0\u00a0\u00a0\u00a0\u00a0\u00a0\u00a0 A3, A4, A6, A7, A8<\/strong>\u00a0<strong>\u00a0\u00a0\u00a0\u00a0\u00a0\u00a0\u00a0\u00a0Sibiu\u00a0\u00a0\u00a0\u00a0\u00a0\u00a0\u00a0\u00a0\u00a0\u00a0\u00a0\u00a0\u00a0\u00a0\u00a0\u00a0\u00a0\u00a0 \u00a0\u00a0\u00a0\u00a0\u00a0\u00a0\u00a0 12 elevi<\/strong><\/p>\n<p>&nbsp;<\/p>\n<p><strong>16:00 &#8211; 17:00\u00a0\u00a0 \u00a0\u00a0\u00a0\u00a0\u00a0\u00a0\u00a0\u00a0\u00a0\u00a0\u00a0 B11\u00a0\u00a0\u00a0\u00a0\u00a0\u00a0\u00a0\u00a0\u00a0\u00a0\u00a0\u00a0\u00a0\u00a0\u00a0\u00a0\u00a0\u00a0\u00a0\u00a0\u00a0Cluj \u2013 Napoca\u00a0\u00a0\u00a0\u00a0\u00a0\u00a0\u00a0\u00a0\u00a0\u00a0\u00a0\u00a0\u00a0\u00a0\u00a0\u00a0\u00a0\u00a0\u00a0\u00a0\u00a0\u00a0\u00a0 1 elev\u00a0\u00a0\u00a0\u00a0\u00a0\u00a0 <\/strong><strong>\u00a0\u00a0\u00a0\u00a0\u00a0\u00a0\u00a0\u00a0\u00a0\u00a0\u00a0\u00a0\u00a0\u00a0\u00a0\u00a0\u00a0\u00a0\u00a0\u00a0\u00a0\u00a0\u00a0\u00a0\u00a0\u00a0\u00a0\u00a0 \u00a0\u00a0\u00a0\u00a0\u00a0\u00a0\u00a0\u00a0\u00a0\u00a0\u00a0\u00a0\u00a0\u00a0\u00a0\u00a0\u00a0\u00a0\u00a0\u00a0\u00a0\u00a0\u00a0\u00a0\u00a0\u00a0\u00a0\u00a0\u00a0\u00a0\u00a0\u00a0\u00a0\u00a0\u00a0\u00a0 A9, A10, A11<\/strong> <strong>\u00a0\u00a0\u00a0\u00a0\u00a0\u00a0\u00a0\u00a0\u00a0\u00a0\u00a0\u00a0\u00a0\u00a0\u00a0\u00a0\u00a0\u00a0\u00a0\u00a0\u00a0\u00a0Sibiu\u00a0\u00a0\u00a0\u00a0\u00a0\u00a0\u00a0\u00a0\u00a0\u00a0\u00a0\u00a0\u00a0\u00a0\u00a0\u00a0\u00a0\u00a0\u00a0\u00a0\u00a0\u00a0\u00a0\u00a0\u00a0 <\/strong><strong>4 elevi<\/strong><\/p>\n<p style=\"text-align: center;\"><strong>\u00a0\u00a0\u00a0\u00a0\u00a0<\/strong><strong>\u00a0\u00a0\u00a0\u00a0\u00a0\u00a0 <\/strong><strong>FESTIVITATE DE PREMIERE<\/strong><\/p>\n<p>&nbsp;<\/p>\n<p><strong>18:00 &#8211; \u00a0<\/strong><strong>RECITAL DE PIAN<\/strong><\/p>\n<h4><\/h4>\n<h4><\/h4>\n<h4><strong><span style=\"text-decoration: underline;\">S\u00c2MB\u0102T\u0102, 7 MARTIE<\/span><\/strong><\/h4>\n<p><strong>\u00a0<\/strong><strong>10:00 &#8211; 11:00\u00a0\u00a0\u00a0\u00a0\u00a0\u00a0\u00a0\u00a0\u00a0\u00a0\u00a0A4, A<\/strong><strong>5<\/strong><strong>, A6, A8\u00a0\u00a0\u00a0\u00a0\u00a0\u00a0\u00a0\u00a0\u00a0\u00a0\u00a0\u00a0\u00a0\u00a0\u00a0\u00a0Sighi\u015foara\u00a0\u00a0\u00a0\u00a0\u00a0\u00a0\u00a0\u00a0\u00a0\u00a0\u00a0\u00a0\u00a0\u00a0\u00a0\u00a0\u00a0\u00a0\u00a0\u00a0<\/strong><strong>12 elevi<\/strong><\/p>\n<p style=\"text-align: left;\"><strong>11:00 &#8211; 12:30\u00a0\u00a0\u00a0\u00a0\u00a0\u00a0\u00a0\u00a0\u00a0\u00a0\u00a0B0, B3, B4, C\u00a0\u00a0\u00a0\u00a0\u00a0\u00a0\u00a0\u00a0\u00a0\u00a0\u00a0\u00a0\u00a0\u00a0\u00a0\u00a0\u00a0\u00a0\u00a0\u00a0\u00a0\u00a0Pite\u015fti\u00a0\u00a0\u00a0\u00a0\u00a0\u00a0\u00a0\u00a0\u00a0\u00a0\u00a0\u00a0\u00a0\u00a0\u00a0\u00a0\u00a0\u00a0\u00a0\u00a0\u00a0\u00a0\u00a0\u00a0\u00a0\u00a0\u00a0\u00a0\u00a0\u00a03 elevi<\/strong> <strong>\u00a0\u00a0\u00a0\u00a0\u00a0\u00a0\u00a0\u00a0\u00a0\u00a0\u00a0\u00a0\u00a0\u00a0\u00a0\u00a0\u00a0\u00a0\u00a0\u00a0\u00a0\u00a0\u00a0\u00a0\u00a0\u00a0\u00a0\u00a0 \u00a0\u00a0\u00a0\u00a0\u00a0\u00a0\u00a0\u00a0\u00a0\u00a0\u00a0\u00a0\u00a0\u00a0\u00a0\u00a0\u00a0\u00a0\u00a0\u00a0\u00a0\u00a0\u00a0\u00a0\u00a0\u00a0\u00a0\u00a0\u00a0\u00a0\u00a0\u00a0\u00a0\u00a0\u00a0\u00a0\u00a0 B0, B3, B<\/strong><strong>5, A3, A4, A6, A8\u00a0\u00a0\u00a0\u00a0 Gala\u0163i\u00a0\u00a0\u00a0\u00a0\u00a0\u00a0\u00a0\u00a0\u00a0\u00a0\u00a0\u00a0\u00a0\u00a0\u00a0\u00a0\u00a0\u00a0\u00a0\u00a07 elevi<\/strong> <strong>\u00a0\u00a0\u00a0\u00a0\u00a0\u00a0\u00a0\u00a0\u00a0\u00a0\u00a0\u00a0\u00a0\u00a0\u00a0\u00a0\u00a0\u00a0\u00a0\u00a0\u00a0\u00a0\u00a0\u00a0\u00a0\u00a0\u00a0\u00a0 \u00a0\u00a0\u00a0\u00a0\u00a0\u00a0\u00a0\u00a0\u00a0\u00a0\u00a0\u00a0\u00a0\u00a0\u00a0\u00a0\u00a0\u00a0\u00a0\u00a0\u00a0\u00a0\u00a0\u00a0\u00a0\u00a0\u00a0\u00a0\u00a0\u00a0\u00a0\u00a0\u00a0\u00a0\u00a0\u00a0\u00a0\u00a0\u00a0 A3\u00a0\u00a0\u00a0\u00a0\u00a0\u00a0\u00a0\u00a0\u00a0\u00a0\u00a0\u00a0\u00a0\u00a0\u00a0\u00a0\u00a0\u00a0\u00a0\u00a0\u00a0\u00a0\u00a0\u00a0\u00a0\u00a0\u00a0Foc\u015fani\u00a0\u00a0\u00a0\u00a0\u00a0\u00a0\u00a0\u00a0\u00a0\u00a0\u00a0\u00a0\u00a0\u00a0\u00a0\u00a0\u00a0\u00a0\u00a0\u00a0\u00a0\u00a0\u00a0\u00a0\u00a0\u00a0\u00a0\u00a0\u00a0\u00a0\u00a0\u00a0\u00a0\u00a0\u00a0\u00a0\u00a0 1 elev<\/strong><strong>\u00a0\u00a0\u00a0\u00a0\u00a0\u00a0\u00a0<\/strong><\/p>\n<p style=\"text-align: left;\"><strong>\u00a0\u00a0\u00a0\u00a0\u00a0\u00a0\u00a0\u00a0\u00a0\u00a0\u00a0\u00a0\u00a0\u00a0\u00a0\u00a0\u00a0\u00a0\u00a0\u00a0\u00a0\u00a0\u00a0\u00a0\u00a0\u00a0\u00a0\u00a0\u00a0\u00a0\u00a0\u00a0\u00a0\u00a0\u00a0\u00a0\u00a0\u00a0\u00a0\u00a0B3\u00a0\u00a0\u00a0\u00a0\u00a0\u00a0\u00a0\u00a0\u00a0\u00a0\u00a0\u00a0\u00a0\u00a0\u00a0\u00a0\u00a0\u00a0\u00a0\u00a0\u00a0\u00a0\u00a0\u00a0\u00a0\u00a0\u00a0\u00a0\u00a0\u00a0\u00a0 \u00a0T\u00e2rgovi\u015fte\u00a0\u00a0\u00a0\u00a0\u00a0\u00a0\u00a0\u00a0\u00a0\u00a0\u00a0\u00a0\u00a0\u00a0\u00a0\u00a0\u00a0\u00a0\u00a0\u00a0\u00a0\u00a0\u00a0\u00a0\u00a0\u00a0\u00a0\u00a0\u00a01 elev<\/strong><\/p>\n<p><strong>\u00a0\u00a0\u00a0\u00a0\u00a0\u00a0\u00a0\u00a0\u00a0\u00a0\u00a0\u00a0\u00a0\u00a0\u00a0\u00a0\u00a0\u00a0\u00a0\u00a0\u00a0\u00a0\u00a0\u00a0\u00a0\u00a0\u00a0\u00a0\u00a0\u00a0\u00a0\u00a0\u00a0\u00a0\u00a0\u00a0\u00a0\u00a0\u00a0 A3, A4, A<\/strong><strong>5\u00a0\u00a0\u00a0\u00a0\u00a0\u00a0\u00a0\u00a0\u00a0\u00a0\u00a0\u00a0\u00a0\u00a0\u00a0\u00a0\u00a0\u00a0\u00a0Bac\u0103u\u00a0\u00a0\u00a0\u00a0\u00a0\u00a0 \u00a0\u00a0\u00a0\u00a0\u00a0\u00a0\u00a0\u00a0\u00a0\u00a0\u00a0\u00a0\u00a0\u00a0\u00a0\u00a0\u00a0\u00a0\u00a0\u00a0\u00a0\u00a0\u00a0\u00a0\u00a0\u00a0\u00a0\u00a0\u00a0 5 elevi<\/strong><\/p>\n<p>&nbsp;<\/p>\n<p><strong>12:30-13:30\u00a0\u00a0\u00a0\u00a0\u00a0\u00a0\u00a0\u00a0\u00a0\u00a0\u00a0\u00a0\u00a0\u00a0 B3, B7, A9\u00a0\u00a0\u00a0\u00a0\u00a0\u00a0\u00a0\u00a0\u00a0\u00a0\u00a0\u00a0\u00a0\u00a0\u00a0\u00a0\u00a0T\u00e2rgu \u2013 Mure\u015f\u00a0\u00a0\u00a0\u00a0\u00a0\u00a0\u00a0\u00a0\u00a0\u00a0\u00a0\u00a0\u00a0\u00a0\u00a0\u00a0 \u00a0\u00a0\u00a0\u00a0\u00a03\u00a0elevi<\/strong><\/p>\n<p><strong>\u00a0\u00a0\u00a0\u00a0\u00a0<\/strong><strong>\u00a0\u00a0\u00a0\u00a0\u00a0\u00a0\u00a0\u00a0\u00a0\u00a0\u00a0\u00a0\u00a0\u00a0\u00a0\u00a0\u00a0\u00a0\u00a0\u00a0\u00a0\u00a0\u00a0\u00a0\u00a0\u00a0\u00a0\u00a0\u00a0\u00a0\u00a0\u00a0\u00a0A<\/strong><strong>5, A8, A10<\/strong><strong>\u00a0\u00a0\u00a0\u00a0\u00a0\u00a0\u00a0\u00a0\u00a0\u00a0\u00a0\u00a0\u00a0\u00a0Miercurea-Ciuc\u00a0\u00a0\u00a0\u00a0\u00a0\u00a0\u00a0\u00a0\u00a0\u00a0\u00a0\u00a0\u00a0\u00a0\u00a0\u00a0\u00a0\u00a0\u00a0<\/strong><strong>5 elevi<\/strong><\/p>\n<p><strong>\u00a0\u00a0\u00a0\u00a0\u00a0\u00a0\u00a0\u00a0\u00a0\u00a0\u00a0\u00a0\u00a0\u00a0\u00a0\u00a0\u00a0\u00a0\u00a0\u00a0\u00a0\u00a0\u00a0\u00a0\u00a0\u00a0\u00a0\u00a0\u00a0\u00a0\u00a0\u00a0\u00a0\u00a0\u00a0\u00a0\u00a0 A<\/strong><strong>5, A8, A11, A14\u00a0\u00a0\u00a0\u00a0\u00a0Orheiu-Secuiesc\u00a0\u00a0\u00a0\u00a0\u00a0\u00a0\u00a0\u00a0\u00a0 \u00a0\u00a0\u00a0\u00a0\u00a0\u00a0 <\/strong><strong>4 elevi<\/strong><\/p>\n<p><strong>FESTIVITATE DE PREMIERE<\/strong> <strong>\u00a0<\/strong> <strong>\u00a0\u00a0<\/strong><\/p>\n<p>&nbsp;<\/p>\n<p><strong>15:00 \u2013 16:00\u00a0\u00a0\u00a0\u00a0<\/strong><strong>\u00a0B2, A3, A6, A8, A9, A11\u00a0\u00a0\u00a0\u00a0\u00a0 \u00a0\u00a0 Cluj \u2013 Napoca\u00a0\u00a0\u00a0\u00a0\u00a0\u00a0\u00a0\u00a0 8 elevi\u00a0<\/strong><\/p>\n<p>&nbsp;<\/p>\n<p><strong>16:00 \u2013 17:00\u00a0\u00a0\u00a0<\/strong><strong>\u00a0A8, A12\u00a0\u00a0\u00a0\u00a0\u00a0\u00a0\u00a0\u00a0\u00a0\u00a0\u00a0\u00a0\u00a0\u00a0\u00a0\u00a0\u00a0\u00a0\u00a0\u00a0Timi\u015foara\u00a0\u00a0\u00a0\u00a0\u00a0\u00a0\u00a0\u00a0\u00a0\u00a0\u00a0\u00a0\u00a0\u00a0\u00a0\u00a0\u00a0\u00a0\u00a0\u00a0\u00a0\u00a0\u00a0\u00a0\u00a0\u00a0\u00a0\u00a0\u00a0 2 elevi<\/strong>\u00a0<strong>\u00a0\u00a0\u00a0\u00a0\u00a0\u00a0\u00a0\u00a0\u00a0\u00a0\u00a0\u00a0\u00a0\u00a0\u00a0\u00a0\u00a0\u00a0\u00a0\u00a0\u00a0\u00a0\u00a0\u00a0\u00a0\u00a0\u00a0\u00a0<\/strong><\/p>\n<p><strong>\u00a0\u00a0\u00a0\u00a0\u00a0\u00a0\u00a0\u00a0\u00a0\u00a0\u00a0\u00a0\u00a0\u00a0\u00a0\u00a0\u00a0\u00a0\u00a0\u00a0\u00a0\u00a0\u00a0\u00a0\u00a0\u00a0\u00a0\u00a0\u00a0\u00a0\u00a0 \u00a0A11\u00a0\u00a0\u00a0\u00a0\u00a0\u00a0\u00a0\u00a0\u00a0\u00a0\u00a0\u00a0\u00a0\u00a0\u00a0\u00a0\u00a0\u00a0\u00a0\u00a0\u00a0\u00a0\u00a0\u00a0\u00a0\u00a0Craiova\u00a0\u00a0\u00a0\u00a0\u00a0\u00a0\u00a0\u00a0\u00a0\u00a0\u00a0\u00a0\u00a0\u00a0\u00a0\u00a0\u00a0\u00a0\u00a0\u00a0\u00a0\u00a0 \u00a0\u00a0\u00a0\u00a0\u00a0\u00a0\u00a0\u00a0\u00a0\u00a0\u00a0\u00a0\u00a0 1 elev <\/strong><strong>\u00a0\u00a0\u00a0\u00a0\u00a0\u00a0\u00a0\u00a0\u00a0\u00a0\u00a0\u00a0\u00a0\u00a0\u00a0\u00a0\u00a0\u00a0\u00a0\u00a0\u00a0\u00a0\u00a0\u00a0\u00a0\u00a0\u00a0\u00a0\u00a0\u00a0\u00a0\u00a0\u00a0\u00a0\u00a0\u00a0\u00a0\u00a0<\/strong><\/p>\n<p><strong>\u00a0\u00a0\u00a0\u00a0\u00a0\u00a0\u00a0\u00a0\u00a0\u00a0\u00a0\u00a0\u00a0\u00a0\u00a0\u00a0\u00a0\u00a0\u00a0\u00a0\u00a0\u00a0\u00a0\u00a0\u00a0\u00a0\u00a0\u00a0\u00a0\u00a0\u00a0\u00a0 A12, A14\u00a0\u00a0\u00a0\u00a0\u00a0\u00a0\u00a0\u00a0\u00a0\u00a0\u00a0\u00a0\u00a0\u00a0\u00a0\u00a0\u00a0\u00a0\u00a0\u00a0Chi\u015fin\u0103u\u00a0\u00a0\u00a0\u00a0\u00a0\u00a0\u00a0\u00a0\u00a0\u00a0\u00a0\u00a0\u00a0\u00a0\u00a0\u00a0\u00a0\u00a0\u00a0\u00a0\u00a0\u00a0\u00a0\u00a0 \u00a0\u00a0\u00a0\u00a0\u00a0\u00a0 2 elevi<\/strong>\u00a0<strong><span style=\"text-decoration: underline;\">\u00a0<\/span><\/strong><\/p>\n<h4><\/h4>\n<p>&nbsp;<\/p>\n<h4><strong><span style=\"text-decoration: underline;\">DUMINIC\u0102, 8 MARTIE<\/span><\/strong><\/h4>\n<p><strong>\u00a0\u00a0 10:30\u00a0\u00a0\u00a0\u00a0\u00a0\u00a0\u00a0\u00a0\u00a0\u00a0\u00a0\u00a0\u00a0\u00a0 \u00a0\u00a0\u00a0\u00a0\u00a0\u00a0\u00a0\u00a0\u00a0\u00a0\u00a0C\u00a0\u00a0\u00a0\u00a0\u00a0\u00a0\u00a0\u00a0\u00a0\u00a0\u00a0\u00a0\u00a0\u00a0\u00a0\u00a0\u00a0\u00a0\u00a0\u00a0Miercurea-Ciuc\u00a0\u00a0\u00a0\u00a0\u00a0\u00a0\u00a0\u00a0\u00a0\u00a0\u00a0\u00a0\u00a0\u00a0\u00a0\u00a0\u00a0\u00a0\u00a0\u00a0\u00a0 3 elevi\u00a0\u00a0\u00a0\u00a0\u00a0<\/strong>\u00a0<strong>\u00a0<\/strong><\/p>\n<h4><strong>\u00a0 11:00 &#8211; GALA FESTIV\u0102<\/strong><\/h4>\n<p>&nbsp;<\/p>\n<h4 style=\"text-align: center;\"><span style=\"text-decoration: underline;\"><strong>PROGRAMAREA\u00a0CU NUMELE PARTICIPANTILOR<\/strong><\/span><\/h4>\n<p>&nbsp;<\/p>\n<h4><strong>VINERI, 6 MARTIE 2015<\/strong><\/h4>\n<p><strong><span style=\"text-decoration: underline;\">Ora 10:00 \u2013 FESTIVITATE DE DESCHIDERE<\/span><\/strong> <strong>Ora 10:15 \u2013 11:00<\/strong><\/p>\n<ol>\n<li>BRUMAR ANA-MAYA \u015fi MARCU \u015eTEFAN C (113)<\/li>\n<li>ROPOTIN MIRUNA B1 (73)<\/li>\n<li>B\u0102LAN ALEXANDRA B2 (74)<\/li>\n<li>BRUMAR PATRICK-MIHAI B2 (76)<\/li>\n<li>OGRA DUMITRIU RUXANDRA B2 (77)<\/li>\n<li>\u0162IBULEAC ANNAMARIA B2 (78)<\/li>\n<li>BERCEA AIDA &#8211; MARIA B3 (79)<\/li>\n<li>DANCIU \u015eTEFAN B3 (81)<\/li>\n<li>EASTMAN \u2013 G\u00c2NDIL\u0102 ALEXANDRA B3 (82)<\/li>\n<li>MARCU ANA-SOFIA B3 (84)<\/li>\n<li>MUNTEAN DENISA \u2013 MARIA B3 (86)<\/li>\n<li>NEGOESCU CORINA &#8211; MARIA B3 (87)<\/li>\n<li>CIUC\u0102 DARIA \u2013 ANASTASIA B5 (94)<\/li>\n<li>BERCU \u015eTEFANIA B5 (91)<\/li>\n<li>BRUMAR ANA \u2013 MAYA B5 (93)<\/li>\n<li>MARCU \u015eTEFAN B5 (96)<\/li>\n<li>MACIUCA MIRUNA MIHAELA B5 (95)<\/li>\n<li>P\u0102R\u0102IAN TEODORA-MARIA B5 (97)<\/li>\n<li>PEIA ANA TEODORA B5 (98)<\/li>\n<li>ZOTA LUCA B5 (99)<\/li>\n<\/ol>\n<p><strong>\u00a0\u00a0 Ora 11:00 &#8211; 12:00<\/strong><\/p>\n<ol>\n<li>RACHERIU MIHAI-VALENTIN B6 (100)<\/li>\n<li>SUVEIC\u0102 NOEMI B6 (101)<\/li>\n<li>BARDAC MARA B8 (103)<\/li>\n<li>GRECU IOANA B9 (105)<\/li>\n<li>V\u0102RARU GEORGE B9 (106)<\/li>\n<li>STANCU HANNA B11 (108)<\/li>\n<li>TRU\u015eC\u0102 NICOLETA B11 (109)<\/li>\n<li>CIORTEA ANDREI B12 (110)<\/li>\n<li>GRAMA EMANUEL B12 (111)<\/li>\n<\/ol>\n<p><strong>\u00a0\u00a0 Ora 12:00 \u2013 13:30<\/strong><\/p>\n<ol>\n<li>GHIDICEANU RUBEN-NATAN A3 (4)<\/li>\n<li>Z\u00d6LD \u00c1D\u00c1M A4 (16)<\/li>\n<li>LUK\u00c1CS S\u00c1NDOR A5 (22)<\/li>\n<li>RAVASZ \u00c1GNES A6 (34)<\/li>\n<li>TOTH ZSELYKE A6 (38)<\/li>\n<li>PETRES LAJOS-TAM\u00c1S A8 (50)<\/li>\n<li>COSTIN LARISA A4 (10)<\/li>\n<li>MATEIU M\u0102LINA A7 (43)<\/li>\n<li>DODI FALAVIUS A11 (62)<\/li>\n<li>NEAGU EMANUELA A12 (66)<strong>\u00a0<\/strong><strong>\u00a0<\/strong><strong>\u00a0<\/strong><\/li>\n<\/ol>\n<p><strong>\u00a0\u00a0<\/strong><strong>FESTIVITATE DE PREMIERE<\/strong> \u00a0 <strong>Ora 15:00 \u2013 16:00<\/strong><\/p>\n<ol>\n<li>\u015eERB\u0102NA\u0162I VILALVA BRIONES-EMANUELA B3 (88)<\/li>\n<li>BRUJAN MARA A3 (3)<\/li>\n<li>PRODEA MARIO-MIRCEA A3 (6)<\/li>\n<li>MARIN DELIA A4 (12)<\/li>\n<li>TRIMBI\u0162A\u015e DIANA A4 (15)<\/li>\n<li>BRATU ANDREEA A6 (26)<\/li>\n<li>IRIMESCU ANTONIA A6 (30)<\/li>\n<li>PRODEA LUANA A6 (33)<\/li>\n<li>ANDREI DRAGO\u015e A7 (40)<\/li>\n<li>DINC\u0102 IULIA A7 (41)<\/li>\n<li>GHERA ALEXIA A7 (42)<\/li>\n<li>BR\u0102DESCU \u015eTEFAN OVIDIU A8 (44)<\/li>\n<li>MORD\u0102\u015eAN RAUL IOAN A8 (46)<\/li>\n<\/ol>\n<p><strong>\u00a0\u00a0\u00a0\u00a0 Ora 16:00 \u2013 17:00<\/strong><\/p>\n<ol>\n<li>PETER ANNA B11 (107)<\/li>\n<li>IRIMESCU TEODORA A9 (54)<\/li>\n<li>ADAM REBECCA ANTONIA A10 (57)<\/li>\n<li>TRIMBI\u0162A\u015e ALEXANDRU A10 (60)<\/li>\n<li>GHEORGHI\u0162\u0102 EDUARD A11 (63)<\/li>\n<\/ol>\n<p><strong>FESTIVITATE DE PREMIERE<\/strong> <strong>\u00a0Ora 18:00 \u2013 RECITAL DE PIAN<\/strong> <strong>\u00a0<\/strong><\/p>\n<h4><strong>S<\/strong><strong>\u00c2MB\u0102T\u0102, 7 MARTIE 2015<\/strong><strong>\u00a0<\/strong><\/h4>\n<p><strong>\u00a0<\/strong><strong>ORA 10:00 \u2013 11:00<\/strong><\/p>\n<ol>\n<li>MAIOR CRISTIAN DANIEL A4 (11)<\/li>\n<li>SAVU IRINA MARIA A4 (14)<\/li>\n<li>CRISTIAN JASMIN ROBERT A5 (20)<\/li>\n<li>LAZ\u0102R ANDREI A5 (21)<\/li>\n<li>SZ\u00d6KE \u2013 EROSS ELIZ A5 (24)<\/li>\n<li>CJERJAK NORBERT LEVENTE A6 (27)<\/li>\n<li>DR\u0102GAN LUCIAN A6 (28)<\/li>\n<li>FODOR VILMOS \u2013 MARK A6 (29)<\/li>\n<li>NEAGU MARCUS \u2013 CORNELIU A6 (32)<\/li>\n<li>\u015eUTEU MARIA A6 (37)<\/li>\n<li>VERESS CSENGE A6 (39)<\/li>\n<li>VERESS TIMEA-BERNADETTE A8 (53)<\/li>\n<\/ol>\n<p><strong>ORA 11:00\u2013 12:30<\/strong><\/p>\n<ol>\n<li>M\u00ceRZAC ANDREEA CAMELIA B0 (71)<\/li>\n<li>PAVELESCU GABRIEL \u2013 THEODOR B0 (72)<\/li>\n<li>ILIE MIHNEA NICOLAE B3 (83)<\/li>\n<li>M\u00ceRZAC MARIA &#8211; ALEXANDRA B3 (85)<\/li>\n<li>TERZEA SABINA &#8211; ELENA B3 (89)<\/li>\n<li>ANTONIE RALUCA ELENA B4 (90)<\/li>\n<li>BOHORODI\u0162\u0102 CRINA MARIA B5 (92)<\/li>\n<li>DOBRE CARINA-MARIA B8 (104)<\/li>\n<li>TERZEA SABINA ELENA \u015fi ANTONIE RALUCA ELENA C (112)<\/li>\n<li>BERIL\u0102 MIHNEA VIOREL A3 (1)<\/li>\n<li>LAZ\u0102R B\u00ceR\u0102 BOGDAN A3 (5)<\/li>\n<li>R\u0102DUCANU REBECA NICOLETA A3 (7)<\/li>\n<li>ZAHARIA DENISA GEORGIANA A3 (8)<\/li>\n<li>CARANFIL ANEMONA A4 (9)<\/li>\n<li>MURARIU CIPRIAN CONSTANTIN A4 (13)<\/li>\n<li>BUTNARU RARI\u015e \u015eTEFAN A5 (19)<\/li>\n<li>SANDU RALUCA A5(23)<\/li>\n<li>SURCIC\u0102 EN\u0102CHI\u0162A VALENTINA A6 (36)<\/li>\n<li>NISTOR LAUREN\u0162IU A8 (47)<\/li>\n<\/ol>\n<p><strong>ORA 12:30\u2013 13:30<\/strong><\/p>\n<ol>\n<li>CRE\u0162A CEZARA MARIA B3 (80)<\/li>\n<li>TO\u015eA DAVID B7 (102)<\/li>\n<li>JULA MARA ALEXANDRA A9 (55)<\/li>\n<li>BODO SZENDE A5 (17)<\/li>\n<li>BOTAR BOROKA A5 (18)<\/li>\n<li>TORO BRIGHITA A5 (25)<\/li>\n<li>PAZSINT TIMEA A8 (49)<\/li>\n<li>VATA ANITA A8 (52)<\/li>\n<li>LUKACS MARTON ORS A10 (58)<\/li>\n<li>SINKA ANDREA A10 (59)<\/li>\n<li>KEREKES ABEL A11 (64)<\/li>\n<li>BIRO LEVENTE A14 (70)<strong>\u00a0\u00a0\u00a0\u00a0<\/strong><\/li>\n<\/ol>\n<p><strong>FESTIVITATE DE PREMIERE<\/strong> \u00a0 <strong>ORA 15:00\u2013 16:00<\/strong><\/p>\n<ol>\n<li>BALOG TONIA BEATRICE B2 (75)<\/li>\n<li>BODEA MAYA FLAVIA A3 (2)<\/li>\n<li>MEZEI THEODORE-MIHAI A6 (31)<\/li>\n<li>SORLEA IULIA ALEXANDRA A6 (35)<\/li>\n<li>LELU\u0162IU OANA ALEXANDRA A8 (45)<\/li>\n<li>SOLOMON &#8211; BOB DAVID RAUL A8 (51)<\/li>\n<li>POSTEUCA ANDREEA DARIA A9 (56)<\/li>\n<li>C\u00c2NCEAN SHIVANCHI SIMONA A11 (61)<\/li>\n<\/ol>\n<p><strong>ORA 16:00\u2013 17:00<\/strong><\/p>\n<ol>\n<li>PALCONI OANA MARIA A8 (48)<\/li>\n<li>ZAMFOR SABIN A12 (68)<\/li>\n<li>\u0162UGUI OANA OANA CODRU\u0162A A11 (65)<\/li>\n<li>SAVI\u0162CHI ALINA A12 (67)<\/li>\n<li>GAVRILI\u0162A PAULA A14 (69)<strong>\u00a0\u00a0\u00a0\u00a0<\/strong><\/li>\n<\/ol>\n<p><strong>FESTIVITATE DE PREMIERE<\/strong><\/p>\n<h4><strong>DUMINIC<\/strong><strong>\u0102, 8 MARTIE 2015<\/strong><\/h4>\n<p><strong>ORA 10:30<\/strong><\/p>\n<ol>\n<li>VERESS EMESE, SIMON BOGLARCA \u015fi G\u00c2RBEA NORBERT C (114)<\/li>\n<\/ol>\n<h4><strong>ORA 11 &#8211; <\/strong>GALA de PREMIERE<\/h4>\n","protected":false},"excerpt":{"rendered":"<p>Loca\u021bia Festivalului:\u00a0Biblioteca\u00a0 Jude\u021bean\u0103 \u201dAstra\u201d, str. G. Baritiu nr.5 Programarea pe zilepentru Festivalul ,,Prietenii Muzicii\u00a0\/ PRO PIANO-ROM\u00c2NIA\u201d\/ Filiala Sibiu edi\u021bia a III-a \/\u00a0 6 &#8211; 8 martie 2015 (mai jos este si programarea cu participanti) \u00a0 &nbsp; VINERI, 6 MARTIE 2015 10:00 &#8211; \u00a0DESCHIDEREA FESTIVALULUI 10:15 &#8211; 11:00\u00a0\u00a0\u00a0\u00a0\u00a0\u00a0\u00a0\u00a0 B1, B2, B3, B5, C\u00a0\u00a0\u00a0\u00a0\u00a0\u00a0\u00a0\u00a0\u00a0\u00a0\u00a0\u00a0\u00a0\u00a0\u00a0 Sibiu, Bucure\u015fti\u00a0\u00a0\u00a0\u00a0\u00a0\u00a0\u00a0\u00a0\u00a0\u00a0\u00a020 elevi [&hellip;]<\/p>\n","protected":false},"author":1,"featured_media":0,"parent":0,"menu_order":0,"comment_status":"open","ping_status":"open","template":"","meta":{"footnotes":""},"class_list":["post-3232","page","type-page","status-publish","hentry"],"_links":{"self":[{"href":"https:\/\/www.propiano.org\/romanian\/wp-json\/wp\/v2\/pages\/3232","targetHints":{"allow":["GET"]}}],"collection":[{"href":"https:\/\/www.propiano.org\/romanian\/wp-json\/wp\/v2\/pages"}],"about":[{"href":"https:\/\/www.propiano.org\/romanian\/wp-json\/wp\/v2\/types\/page"}],"author":[{"embeddable":true,"href":"https:\/\/www.propiano.org\/romanian\/wp-json\/wp\/v2\/users\/1"}],"replies":[{"embeddable":true,"href":"https:\/\/www.propiano.org\/romanian\/wp-json\/wp\/v2\/comments?post=3232"}],"version-history":[{"count":6,"href":"https:\/\/www.propiano.org\/romanian\/wp-json\/wp\/v2\/pages\/3232\/revisions"}],"predecessor-version":[{"id":3241,"href":"https:\/\/www.propiano.org\/romanian\/wp-json\/wp\/v2\/pages\/3232\/revisions\/3241"}],"wp:attachment":[{"href":"https:\/\/www.propiano.org\/romanian\/wp-json\/wp\/v2\/media?parent=3232"}],"curies":[{"name":"wp","href":"https:\/\/api.w.org\/{rel}","templated":true}]}}