{"id":2831,"date":"2014-07-14T00:04:06","date_gmt":"2014-07-14T00:04:06","guid":{"rendered":"http:\/\/www.propiano.org\/romanian\/?page_id=2831"},"modified":"2015-09-15T08:05:05","modified_gmt":"2015-09-15T08:05:05","slug":"festivaluri-2015","status":"publish","type":"page","link":"https:\/\/www.propiano.org\/romanian\/festivaluri-2015\/","title":{"rendered":"Piata Festivalului \u201dGeorge Enescu\u201d 2015"},"content":{"rendered":"<h3 style=\"text-align: center;\"><strong>PROGRAM\u0102RI pentru Pia\u021ba Festivalului<\/strong><\/h3>\n<h3 style=\"text-align: center;\"><strong>perioada 16 \u2013 20 septembrie 2015<\/strong><\/h3>\n<h3><strong>\u00a0<\/strong><\/h3>\n<p>&nbsp;<\/p>\n<h3><strong>Miercuri 16 septembrie 2015 \/ ora 16,30 \u2013 18,30<\/strong><\/h3>\n<p><strong>Particip\u0103 elevi de la\u00a0\u0218coala Gimnazial\u0103 de Arte \u201dIosif Sava\u201d &#8211; Bucure\u0219ti \u0219i<\/strong><\/p>\n<p><strong>Colegiul Na\u021bional de Muzic\u0103 \u201dGeorge Enescu\u201d \u2013 Bucure\u0219ti<\/strong><\/p>\n<p>&nbsp;<\/p>\n<p><b><strong>1. Drago\u0219 Obad\u0103 <\/strong><\/b>\u2013 cl. a II-a, prof.Andrei Podlacha<\/p>\n<p>\u0218coala Gimnazial\u0103 de Arte \u201dIosif Sava\u201d, Buc<\/p>\n<ul>\n<li>Dmitri Kabalevski &#8211; Varia\u021biuni op..51 \/<b> <\/b><\/li>\n<\/ul>\n<p><strong>2. Anita Stoica<\/strong> \u2013 cl. a III-a, prof. Gabriela Stepan<\/p>\n<p>\u0218coala Gimnazial\u0103 de Arte \u201dIosif Sava\u201d, Buc<\/p>\n<ul>\n<li>J. S. Bach \u2013 Preludiu \u00een do minor<\/li>\n<li>M. Clementi \u2013 Sonatina op. 36 nr.6, PI<\/li>\n<li>Aram Haciaturian \u2013 Studiu<\/li>\n<li>C. Petra-Basacopol &#8211; Sonatina<\/li>\n<\/ul>\n<p><b><strong>3. Ana-Valeria<\/strong> <strong>Duguleanu \u00a0<\/strong>\u2013<\/b> cl a IV-a, prof. Viorica Nistoroiu<\/p>\n<p>\u0218coala Gimnazial\u0103 de Arte \u201dIosif Sava\u201d, Buc<\/p>\n<ul>\n<li>F. Liszt \u2013 Studiu op. 1 \/ 4<\/li>\n<li>Dumitru Bughici &#8211; Toccata<\/li>\n<\/ul>\n<p><b><strong>4. Matei Mahu<\/strong> <\/b>&#8211; \u00a0cl. a V-a, \u00a0 prof. Andrei Podlacha<\/p>\n<p>Colegiul Na\u021bional de Muzic\u0103 \u201dGeorge Enescu\u201d, Buc<\/p>\n<ul>\n<li>Dmitri Kabalevski \u2013 Varia\u021biuni op. 51 \/ 2 \u00a0\u00a0\u00a0\u00a0\u00a0\u00a0\u00a0\u00a0\u00a0\u00a0\u00a0\u00a0\u00a0\u00a0\u00a0\u00a0\u00a0\u00a0\u00a0\u00a0\u00a0<b>\u00a0\u00a0\u00a0\u00a0\u00a0\u00a0\u00a0\u00a0\u00a0\u00a0\u00a0\u00a0\u00a0\u00a0 <strong>\u00a0<\/strong><\/b><\/li>\n<\/ul>\n<p><strong>5. Mariana Sava<\/strong> \u00a0cl. a V-a, prof.Andrei Podlacha<\/p>\n<p>\u0218coala Gimnazial\u0103 de Arte \u201dIosif Sava\u201d, Buc<\/p>\n<ul>\n<li>Dmitri Kabalevski \u2013 Varia\u021biuni op. 51 \/ 4 \u00a0<b>\u00a0\u00a0\u00a0\u00a0\u00a0\u00a0\u00a0\u00a0\u00a0\u00a0\u00a0\u00a0\u00a0\u00a0\u00a0\u00a0\u00a0\u00a0\u00a0\u00a0\u00a0\u00a0\u00a0\u00a0\u00a0\u00a0\u00a0\u00a0\u00a0\u00a0\u00a0\u00a0\u00a0<\/b><\/li>\n<\/ul>\n<p><strong>6. Victor Gabriel Antonescu<\/strong> \u2013 cl. a V-a, prof. Viorica Nistoroiu<\/p>\n<p>\u0218coala Gimnazial\u0103 de Arte \u201dIosif Sava\u201d, Buc<\/p>\n<ul>\n<li>Serghei Rachmaninov \u2013 Preludiu \u00een sol minor<\/li>\n<li>Aaron Copland \u2013 \u0218oarecele \u0219i pisica<\/li>\n<\/ul>\n<p><strong>7. Andra B\u0103cil\u0103 <\/strong>\u2013 cl. a VI-a, prof. Cristina Ralea<\/p>\n<p>Colegiul Na\u021bional de Muzic\u0103 \u201dGeorge Enescu\u201d, Buc<\/p>\n<ul>\n<li>F. Liszt \u2013 Studiu op. 1 \/ 12<\/li>\n<li>F\/ Chopin \u2013 Nocturna postum\u0103 \u00een do minor<\/li>\n<\/ul>\n<p><b><strong>8, Diana Negreanu <\/strong><strong>\u2013<\/strong><\/b> cl. a X-a, prof. Cristina Ralea<\/p>\n<p>Colegiul Na\u021bional de Muzic\u0103 \u201dGeorge Enescu\u201d, Buc<\/p>\n<ul>\n<li>F. Liszt &#8211; Studiu de concert &#8211; \u201dUn sospiro\u201d<\/li>\n<li>F. Liszt \u2013 La Vallee D<strong>\u2019<\/strong>Obermann, din suita \u201dAni de pelerinaj\u201d<\/li>\n<\/ul>\n<p><b><strong>9. Petru Soleanu<\/strong> \u2013<\/b> cl. a X-a, prof. Gabriela Stepan<\/p>\n<p>Colegiul Na\u021bional de Muzic\u0103 \u201dGeorge Enescu\u201d, Buc<\/p>\n<ul>\n<li>Alexandr Skriabin \u2013 Studiu op. 42<\/li>\n<li>Domenico Scarlatti \u2013 Sonata<\/li>\n<li>Franz Schubert \u2013 Sonata op. 120(postum\u0103)<\/li>\n<li>Tudor Dumitrescu \u2013 2 preludii<\/li>\n<\/ul>\n<p><b><strong>10. Gabriel G\u00ee\u021ban\u2013 <\/strong><\/b>absolvent al CNM \u201dG. Enescu\u201d, prof.Andrei Podlacha<\/p>\n<ul>\n<li>J. Brahms \u2013 Rapsodia op. 79 nr.2<\/li>\n<\/ul>\n<p><b><strong>11. Andreea \u021a\u00een\u021bar <\/strong>\u2013<\/b> absolvent\u0103 al CNM \u201dG. Enescu\u201d, prof.Andrei Podlacha<\/p>\n<ul>\n<li>R.Schumann \u2013 Novelette op. 21\/8<\/li>\n<\/ul>\n<p>&nbsp;<\/p>\n<p>&nbsp;<\/p>\n<p>&nbsp;<\/p>\n<h3><strong>Joi 17 septembrie 2015 \u2013 ora 16,10 \u2013 18,30<\/strong><\/h3>\n<p><strong>Particip\u0103 elevi de la Colegiul Na\u021bional de Muzic\u0103 \u201dGeorge Enescu\u201d &#8211; Bucure\u0219ti,<\/strong><\/p>\n<p><strong>Liceul de Art\u0103 \u201dCarmen Silva\u201d &#8211; Ploie\u0219ti,\u00a0 <\/strong><strong>Avenor College \u2013 Bucure\u0219ti,<\/strong><\/p>\n<p><strong>\u0218coala Gimnazial\u0103 de Art\u0103 nr.5, Liceul Vocational Pedagogic \u201dNicolae Bolcas\u201d &#8211; Beiu\u0219 \u2013 Bihor<\/strong><strong>.<\/strong><\/p>\n<p>&nbsp;<\/p>\n<p><strong>\u00a0\u00a0\u00a0\u00a0\u00a0\u00a0\u00a0\u00a0\u00a0\u00a0\u00a0\u00a0\u00a0\u00a0\u00a0\u00a0\u00a0\u00a0\u00a0\u00a0\u00a0\u00a0\u00a0\u00a0\u00a0\u00a0Ora 16,10 &#8211;\u00a0 \u0218coala Gimnazial\u0103 de Art\u0103 nr.5<\/strong><\/p>\n<p><strong>&#8211; Popescu Theodor<\/strong> &#8211; cl.a III-a &#8211; <strong>pian<\/strong> &#8211; prof. Marian Apostol<\/p>\n<ul>\n<li>J.Haydn &#8211; Sonata Divertisment in RE MAJOR &#8211; p.I<\/li>\n<\/ul>\n<p><strong>&#8211; Gheorghiu Emilian &#8211;<\/strong> cl.a III-a &#8211; <strong>vioara<\/strong> &#8211; prof. Marius L\u0103craru<\/p>\n<ul>\n<li>L.Boccherini &#8211; Menuet , la pian : eleva Chirita-Barbu Ilinca -prof.Amelia Buzgariu<\/li>\n<\/ul>\n<p><strong>-Nicoleta Dr\u0103ghici<\/strong> &#8211; absolventa Promotia 2015 &#8211; <strong>viola<\/strong> &#8211; clasa prof.Nicolae Antonescu<\/p>\n<p>&#8211;\u00a0\u00a0 C.Nottara &#8211; Siciliana<\/p>\n<p>la pian : elev Mihnea Stroe &#8211; prof. Marian Apostol<\/p>\n<p><strong>-Teen Strings Quartet<\/strong> &#8211; prof. Nicolae Antonescu<\/p>\n<p>Dorel Grecu &#8211; vioara I, Ecaterina Salceanu &#8211; vioara II, Nicoleta Draghici \u2013 viola, Cristiana Damian \u2013 \u00a0\u00a0\u00a0\u00a0\u00a0violoncel Georg Friederich.Haendel &#8211; Hornpipe from Water Music<\/p>\n<p>&nbsp;<\/p>\n<h4><strong>Ora\u00a0 16,30<\/strong><\/h4>\n<p><strong>1. \u00a0Miruna M\u0103ciuc\u0103<\/strong>\u2013cl. a IV-a, prof. Stela Avesalon<\/p>\n<p>\u0218coala Gimnazial\u0103 \u201dCezr Bolliac\u201d, Buc<\/p>\n<ul>\n<li>Wolfgang Amadeus Mozart \u2013 Sonatina vienez\u0103 nr.4, PI<\/li>\n<li>Johann Friederich Burgmuller \u2013 Balada<\/li>\n<li>Carmen Petra Basacopol \u2013 Sonatina<\/li>\n<\/ul>\n<p><b><strong>2. Mirea Iosif\u00a0 <\/strong><\/b>&#8211; cl. a III a, prof. Corina Cre\u021bu<\/p>\n<p>Colegiul Na\u021bional de Muzic\u0103 \u201dGeorge Enescu\u201d, Buc<\/p>\n<ul>\n<li>C. Daquin &#8211; Le Coucou<\/li>\n<\/ul>\n<p><b><strong>3. Madalin Eduard Stancu\u00a0 &#8211;<\/strong><\/b> cl. a VI a, prof. Corina Cre\u021bu<\/p>\n<p>Colegiul Na\u021bional de Muzic\u0103 \u201dGeorge Enescu\u201d, Buc<\/p>\n<ul>\n<li>\u00a0C. M. von Weber &#8211; Perpetuum Mobile<\/li>\n<\/ul>\n<p><b><strong>4. Maria Sabina Suciu\u00a0 &#8211; <\/strong>cl. a VI a, <\/b>prof. Corina Cre\u021bu<\/p>\n<p>Colegiul Na\u021bional de Muzic\u0103 \u201dGeorge Enescu\u201d, Buc<\/p>\n<ul>\n<li>A. Glazunov &#8211; Vals din Suita Sascha op 2<\/li>\n<\/ul>\n<p>Colegiul Na\u021bional de Muzic\u0103 \u201dGeorge Enescu\u201d, Buc<\/p>\n<p><b><strong>5. Ioana ANDREI \u2013 <\/strong><\/b>cl. a VII-a, compozitoare, prof. Gra\u021biela Nichita<\/p>\n<p>Avenor College, Bucure\u0219ti<\/p>\n<ul>\n<li>Ioana Andrei &#8211; \u201dMy World\u201d\u00a0\u00a0\u00a0\u00a0\u00a0 \u00a0 \u0219i \u00a0\u00a0\u00a0\u00a0\u00a0\u00a0\u00a0\u00a0\u00a0 Vals \u00een re minor<\/li>\n<\/ul>\n<p><strong>6. Vlad George Picioru\u0219\u00a0<\/strong> \u2013 cl. a VII-a \u2013 compozitor, violinist \u0219i pianist<\/p>\n<p>Liceul de Art\u0103 \u201dCarmen Silva\u201d Ploie\u0219ti<\/p>\n<ul>\n<li>Vlad George Picioru\u0219 \u2013 Concert nr.1 pentru vioara si orchestra, PI<\/li>\n<\/ul>\n<p>Aranjor: Vlad Piciorus \/ la vioara ;Vlad Piciorus, \/\u00a0prof. Marin Lodrin<\/p>\n<p>La pian: profesor Cristina Ionescu<\/p>\n<ul>\n<li>Vlad George Picioru\u0219 &#8211; &#8220;Valsul acordurilor&#8221;,<\/li>\n<\/ul>\n<p>Pian : Vlad Piciorus, pregatit de profesor Lia Coloros Mocanescu<\/p>\n<ul>\n<li>Vlad George Picioru\u0219 &#8211; &#8221; Sonatina pentru pian&#8221;. La pian : Alexandra Reitu- absolventa Colegiului de Arta Carmen Sylva \/ pregatita de profesor Lia Coloros Mocanescu<\/li>\n<\/ul>\n<p><b><strong>7. Alexia D\u0103n\u0103cic\u0103\u00a0 &#8211;<\/strong><\/b> cl. a VIII a, prof. Corina Cre\u021bu<\/p>\n<p>Colegiul Na\u021bional de Muzic\u0103 \u201dGeorge Enescu\u201d, Buc<\/p>\n<p>&#8211; Schumann \/ Liszt &#8211; Widmung<\/p>\n<p><b><strong>8. Denisa Pirvulescu\u00a0 &#8211; <\/strong><\/b>cl. a IX-a, prof. Corina Cre\u021bu<\/p>\n<p>Colegiul Na\u021bional de Muzic\u0103 \u201dGeorge Enescu\u201d, Buc<\/p>\n<ul>\n<li>\u00a0Enescu &#8211; Preludiu si Fuga , Do major<\/li>\n<\/ul>\n<p><b><strong>9.Lauren\u021biu Gerard \u00a0Rusu\u00a0\u00a0<\/strong> &#8211;<\/b> cl. a IX-a, prof. Carmen Asfadurian<\/p>\n<p>Colegiul Na\u021bional de Muzic\u0103 \u201dGeorge Enescu\u201d, Buc<\/p>\n<ul>\n<li>F. Liszt \u2013\u00a0Rigoletto\/ parafraz\u0103 de concert<\/li>\n<li>S. Prokofiev \u2013 Studiu \u00een Do<\/li>\n<li>W. A. Mozart \u2013 Sonata KV 309, PI<\/li>\n<\/ul>\n<p><strong>10. Tamio Vesa Nakajima <\/strong>\u2013 cl a XI-a, compozitor, prof. Liliana \u0219i Mariana Lupu<\/p>\n<p>Liceul vocational Pedagogic \u201dN. Bolca\u0219\u201d \u2013 Beiu\u0219, Bihor<\/p>\n<ul>\n<li>Sonata a 5-a, in la major<\/li>\n<li>Studiul 3 in re minor<\/li>\n<\/ul>\n<p><strong>11.Ioana Cojuharov\u00a0 <\/strong><strong>&#8211; <\/strong>doctorand anul III la UNMB \u0219i <strong>M\u0103d\u0103lina D\u0103nil\u0103 <\/strong>\u2013 doctorand anul I la UNMB<\/p>\n<ul>\n<li>J. Brahms &#8211; Valsurile pentru pian la patru maini, op. 39<\/li>\n<\/ul>\n<p>&nbsp;<\/p>\n<p>&nbsp;<\/p>\n<p>&nbsp;<\/p>\n<h3><strong>Vineri 18 septembrie 2015 \u2013 ora 16,00 \u2013 18,30<\/strong><\/h3>\n<p><strong>Particip\u0103 piani\u0219ti de la Colegiul Na\u021bional de Muzic\u0103 \u201dGeorge Enescu\u201d &#8211; Bucure\u0219ti, <\/strong><strong>Liceul de Arte \u201dMarin Sorescu\u201d \u2013<\/strong><strong> Craiova,<\/strong> <strong>Liceul de Arte \u201dDomni\u021ba B\u0103la\u0219a\u201d \u2013 T\u00e2rgovi\u0219te<\/strong><strong>, <\/strong><strong>\u0218coala Gimnazial\u0103 de Arte \u201dIosif Sava\u201d-Bucure\u0219ti \u0219i Universitatea Na\u021bional\u0103 de Muzic\u0103\u2013Bucure\u0219ti<\/strong><\/p>\n<p>&nbsp;<\/p>\n<p><b><strong>1. Boiciuc Irina &#8211; <\/strong>cl a II-a, <\/b>prof. Maria Indric\u0103u<\/p>\n<p>Colegiul Na\u021bional de Muzic\u0103 \u201dGeorge Enescu\u201d, Buc<\/p>\n<ul>\n<li>Sabin Dr\u0103goi &#8211; Miniaturile nr. 1 \u0219i 4 \/<\/li>\n<li>Anton Diabelli &#8211; Sonatina op. 168, nr. 1, p.I<\/li>\n<\/ul>\n<p>Colegiul Na\u021bional de Muzic\u0103 \u201dGeorge Enescu\u201d, Buc<\/p>\n<p><b><strong>2. Carcota Thomas &#8211;<\/strong><\/b> cl a II-a, prof. Maria Indric\u0103u<\/p>\n<p>Colegiul Na\u021bional de Muzic\u0103 \u201dGeorge Enescu\u201d, Buc<\/p>\n<ul>\n<li>\u00a0Muzio Clementi &#8211; Sonatina op. 36, nr. 1, p.I\u00a0\u00a0 \/\u00a0\u00a0 &#8211; Akira Yuyama \u2013 Sarabanda<\/li>\n<\/ul>\n<p><b><strong>3. Ghidiceanu Ruben <\/strong>\u2013 cl. a II-a, prof. Mariana Ilie\u00a0\u00a0\u00a0\u00a0\u00a0\u00a0\u00a0\u00a0\u00a0\u00a0\u00a0\u00a0\u00a0\u00a0\u00a0\u00a0\u00a0\u00a0\u00a0\u00a0\u00a0\u00a0\u00a0\u00a0\u00a0\u00a0\u00a0\u00a0\u00a0<\/b><\/p>\n<p>Liceul de Arte \u201dMarin Sorescu\u201d, Craiova<\/p>\n<ul>\n<li>Burgmuller op 100 &#8211; La Styrienne\u00a0\u00a0 \/\u00a0\u00a0 W. A Mozart &#8211; Sonatina in Do major ultima parte<\/li>\n<li>Fr. Chopin &#8211; Mazurca nr 43 , op 67 no 2<\/li>\n<\/ul>\n<p><b><strong>4. Popescu Andra<\/strong> \u2013 <\/b>cl. a V-a \u2013 violoncel, prof. Doina B\u0103dica, prof. corepetitor- Aurelia Opalc\u0103, Liceul de Arte \u201dDomni\u021ba B\u0103la\u0219a\u201d \u2013 T\u00e2rgovi\u0219te<\/p>\n<ul>\n<li>Georg Goltermann<strong> &#8211; <\/strong>Capriciu<\/li>\n<\/ul>\n<p><strong>5. Popescu Bogdan<\/strong> \u2013 cl. a V-a \u2013 pian, prof. Luminita Procopciuc<\/p>\n<p>Liceul de Arte \u201dDomni\u021ba B\u0103la\u0219a\u201d \u2013 T\u00e2rgovi\u0219te<\/p>\n<ul>\n<li>Francis Poulenc \u2013 2 dansuri din Suita \u201dVillageoises\u201d \u2013 Impresii de la \u021bar\u0103<\/li>\n<\/ul>\n<p><strong>6. Dendrino Ovidiu &#8211; <\/strong>cl a V-a, prof. Maria Indric\u0103u<\/p>\n<p>Colegiul Na\u021bional de Muzic\u0103 \u201dGeorge Enescu\u201d, Buc<\/p>\n<ul>\n<li>Muzio Clementi &#8211; Sonatina op.36, nr. 6, p. I<\/li>\n<li>Tudor Ciortea &#8211; Joc \u021big\u0103nesc<\/li>\n<\/ul>\n<p><b><strong>7. Joian Diana &#8211; <\/strong>cl a VI-a, prof. Maria Indric\u0103u<\/b><\/p>\n<p>Colegiul Na\u021bional de Muzic\u0103 \u201dGeorge Enescu\u201d, Buc<\/p>\n<ul>\n<li>George Enescu \u2013 Barcarolla<\/li>\n<\/ul>\n<p><strong>8. Nistor Catinca<\/strong> &#8211; cl a VI-a, prof. Olivia Vieru<\/p>\n<p>\u0218coala Gimnazial\u0103 de Arte \u201dIosif Sava\u201d, Buc<\/p>\n<ul>\n<li>F. Chopin \u2013 Nocturn\u0103 postum\u0103<\/li>\n<li>Dmitri \u0218ostakovici \u2013 3 dansuri fantastice<\/li>\n<\/ul>\n<p><strong>9. Tolea Petru<\/strong> &#8211; cl a VI-a, prof. Olivia Vieru<\/p>\n<p>\u0218coala Gimnazial\u0103 de Arte \u201dIosif Sava\u201d, Buc<\/p>\n<ul>\n<li>W. A. Mozart \u2013 Sonata KV 283, PI<\/li>\n<li>D. Dediu \u2013 Rondo alla Munchausen<\/li>\n<\/ul>\n<p><b><strong>10. Stefan Pretuleac &#8211; <\/strong>cls a VIII -a, prof. Mariana Ilie<\/b><\/p>\n<p>Liceul de Arte \u201dMarin Sorescu\u201d, Craiova<\/p>\n<ul>\n<li>F.Mendelsohn &#8211; Bartoldy &#8211; Rondo capriciosso<\/li>\n<li>P.I.Ceaikovski -Iunie din suita Anotimpurile<\/li>\n<li>Fr Chopin &#8211; Fantezia \u2013 Impromptu<\/li>\n<\/ul>\n<p><b><strong>11. Tolea Stefan<\/strong> &#8211; cl a IX-a, prof. Olivia S\u0103ndescu<\/b><\/p>\n<p>Absolvent al \u0218coalii Gimnaziale de Arte \u201dIosif Sava\u201d, Buc<\/p>\n<ul>\n<li>R. Paladi \u2013 Tem\u0103 cu vartia\u021biuni<\/li>\n<li>A. Copland \u2013 \u0218oarecele \u0219i pisica<\/li>\n<\/ul>\n<p><b><strong>12. \u021augui Codruta &#8211; <\/strong>cls a X -a, prof. Mariana Ilie<\/b><\/p>\n<p>Liceul de Arte \u201dMarin Sorescu\u201d, Craiova<\/p>\n<ul>\n<li>\u00a0S. Rahmaninov &#8211; Preludiul op.23 nr 5 in sol minor<\/li>\n<li>\u00a0Fr . Liszt &#8211; La Campanella<\/li>\n<li>Fr . Chopin &#8211; Balada a 3-a<\/li>\n<\/ul>\n<p><b><strong>13. Surdu Andrei &#8211; <\/strong>cls a XI- a, prof. Mariana Ilie<\/b><\/p>\n<p>Liceul de Arte \u201dMarin Sorescu\u201d, Craiova\u00a0\u00a0Fr. Chopin &#8211; Balada nr 1<\/p>\n<ul>\n<li>Fr . Liszt &#8211; Parafraza de concert ,, Rigoletto\u201d<\/li>\n<li>G. Gershwin &#8211;\u00a0Trei Preludii<\/li>\n<\/ul>\n<p><strong>14. Cojuharov Ioana <\/strong><strong>&#8211; <\/strong>doctorand anul III UNMB \u0219i <strong>Elida T\u00e2r\u021bopan <\/strong>\u2013 doctorand anul II UNMB<\/p>\n<ul>\n<li>Mel Bonis &#8211; Piesa pentru flaut si pian<\/li>\n<li>Mel Bonis &#8211; Sonata pentru flaut si pian<\/li>\n<li>Germaine Tailleferre &#8211; Forlane pentru flaut si pian<\/li>\n<li>Lili Boulanger &#8211; Nocturna pentru flaut si pian<\/li>\n<li>Lili Boulanger &#8211; Primavara pentru flaut si pian<\/li>\n<\/ul>\n<p>&nbsp;<\/p>\n<p>&nbsp;<\/p>\n<p>&nbsp;<\/p>\n<h3><strong>S\u00e2mb\u0103t\u0103 19 septembrie 2015 \u2013 ora 16,00 \u2013 18,30<\/strong><\/h3>\n<p><strong>Particip\u0103 elevi de la:<\/strong><\/p>\n<p><strong> Liceul de Muzic\u0103 \u201dSigismund Todu\u021b\u0103\u201d\u2013Cluj-Napoca, <\/strong><strong>Transylvania College-Cluj-Napoca, Liceul de Art\u0103 \u2013 Sibiu, <\/strong><strong>\u0218coala de Art\u0103 \u201dPlay\u201d\u2013Sibiu<\/strong><\/p>\n<p>&nbsp;<\/p>\n<p><strong> 1. Bercea<\/strong> <strong>Aida-Maria <\/strong>\u2013 cl. a II-a, prof. Corina S\u00e2ngeorzan<\/p>\n<ul>\n<li>W.A.Mozart &#8211; 2 Menuette: \u00een Sol \u0219i Do<\/li>\n<\/ul>\n<p><b><strong>2. Balog<\/strong> <strong>Tonia<\/strong> <strong>Beatrice<\/strong> &#8211;<\/b> cl. a II &#8211; prof. Theodora Slevoac\u0103<\/p>\n<p>Transylvania College, Cluj-Napoca<\/p>\n<ul>\n<li>Fr.Burgm\u00fcller \u2013 Dou\u0103 studii op.100<\/li>\n<li>D.Voiculescu \u2013 C\u00e2ntecul greiera\u0219ului sprin\u021bar<\/li>\n<li>\u00a0A.C.Ionescu \u2013 Solda\u021bii de plumb defileaz\u0103<\/li>\n<\/ul>\n<p><b><strong>3. Brumar\u00a0Patrick-Mihai<\/strong>\u00a0 cl. a II-a, <\/b>prof. Orth Enik\u00f6 Maria<\/p>\n<ul>\n<li>M. Clementi \u2013 Arietta<\/li>\n<li>\u00a0D. Kabalevski \u2013 Primul vals<\/li>\n<li>Colegiul Na\u021bional \u201dAndrei \u0218aguna\u201d, Sibiu<\/li>\n<\/ul>\n<p><b><strong>4. Bodea Maya Flavia <\/strong><\/b> &#8211; cl. a II-a, prof. dr. Monica Noveanu<\/p>\n<p>Colegiul de Muzic\u0103 ,,Sigismund Todu\u021b\u0103\u201d, Cluj-Napoca<\/p>\n<ul>\n<li>A.Diabelli \u2013 Sonatina \u00een Sol, p.II- R.Pallady &#8211; Joc<\/li>\n<li>&#8211; Cl. Debussy \u2013 Micul negru<\/li>\n<\/ul>\n<p><strong>5. Brumar Ana-Maya <\/strong>\u2013 cl. a V-a, prof. Sanda Mihaela Vulcu<\/p>\n<p>\u0218coala de Arte \u201dPlay\u201d<\/p>\n<ul>\n<li>J. F. Burgmuller \u2013 \u201dLes Sylphes\u201d\u201d<\/li>\n<li>Dmitri \u0218ostaskovici \u2013 Vals Scherzo<\/li>\n<\/ul>\n<p><strong>6. Marcu \u0218tefan <\/strong>\u2013 cl. a IV-a, Sanda Mihaela Vulcu<\/p>\n<p>\u0218coala de Arte \u201dPlay\u201d, Sibiu<\/p>\n<ul>\n<li>Haciaturian \u2013 \u201dIm Volkston\u201d<\/li>\n<li>J. F. Burgmuller &#8211; Velocity<\/li>\n<\/ul>\n<p><strong>7. Ana-Maya Brumar \u0219i \u0218tefan Marcu &#8211; la 4 m\u00e2ini<\/strong>, Sanda Mihaela Vulcu<\/p>\n<ul>\n<li>Clopatra Valentina Perepelita &#8211; Dialog ritmic\u00a0\u00a0\u00a0\u00a0 \/\u00a0\u00a0 Dans(Spiele)<\/li>\n<li>\u0218coala de Arte \u201dPlay\u201d, Sibiu<\/li>\n<\/ul>\n<p><strong>8. Andrei\u00a0Dragos<\/strong>\u00a0&#8211; cl. a VI-a, prof. Orth Enik\u00f6 Maria<\/p>\n<ul>\n<li>C. Debussy \u2013 Micul negru<\/li>\n<li>J. Haydn \u2013 Sonata Do, PI<\/li>\n<\/ul>\n<p><strong>9. Anelise G\u0103mulescu \u2013 <\/strong>cl a VI-a \u2013 pian, prof. Viorica Nistoroiu<\/p>\n<p>\u0218coala Gimnazial\u0103 de Arte \u201dIosif Sava\u201d, Bucure\u0219ti<\/p>\n<ul>\n<li>Rachmaninov-studiul tablou op 33 nr 5 in sol minor<\/li>\n<li>F. Chopin &#8211; Fantezia-Improptus in do diez minor<\/li>\n<\/ul>\n<p><strong>10. Theodor Mihai<\/strong> <strong>Mezei &#8211; <\/strong>cl. a VI-a, prof. dr. Monica Noveanu<\/p>\n<p>Colegiul de Muzic\u0103 ,,S.Todu\u021b\u0103\u201d, Cluj-Napoca<\/p>\n<ul>\n<li>\u00a0Fr.Schubert \u2013 Dansuri germane- D.Bughici \u2013 Toccata<\/li>\n<li>A.Copland \u2013 Pisica \u0219i \u0219oarecele<\/li>\n<li>Colegiul de Muzic\u0103 ,,S.Todu\u021b\u0103\u201d, Cluj-Napoca<\/li>\n<\/ul>\n<p><strong>11. Lelu\u021biu Oana<\/strong> \u2013 cl.a VII-a, prof. dr. Monica Noveanu<\/p>\n<p>Colegiul de Muzic\u0103 ,,S.Todu\u021b\u0103\u201d, Cluj-Napoca<\/p>\n<ul>\n<li>D.Scarlatii \u2013 Sonat\u0103<\/li>\n<li>Carmen Petra-Basacopol &#8211; ,,Imagini de la Muzeul satului\u201d<\/li>\n<li>Colegiul de Muzic\u0103 ,,S.Todu\u021b\u0103\u201d, Cluj-Napoca<\/li>\n<\/ul>\n<p><strong>12. Bardac\u00a0Mara<\/strong> &#8211; cl. a VIII-a, prof. Orth Enik\u00f6 Maria<\/p>\n<ul>\n<li>F. Liszt \u2013 Studiu op. 1 nr.9<\/li>\n<li>C. Debussy \u2013 Arabesca nr.3<\/li>\n<li>F. Chopin \u2013 Poloneza \u00een Lab<\/li>\n<\/ul>\n<p><strong>13. Borz<\/strong> <strong>Andra<\/strong> &#8211; cls. a IX-a &#8211; prof. Lucian Gheju<\/p>\n<p>Colegiul de Muzic\u0103 ,,S.Todu\u021b\u0103\u201d, Cluj-Napoca<\/p>\n<ul>\n<li>Cl.Debussy \u2013,, La plus que lente\u201d<\/li>\n<\/ul>\n<p><strong>14. Cicireag\u0103 Moisescu Andreea <\/strong>\u2013 cl.a X-a, prof.dr. Monica Noveanu<\/p>\n<p>Colegiul de Muzic\u0103 ,,S.Todu\u021b\u0103\u201d, Cluj-Napoca<\/p>\n<ul>\n<li>R.Schumann \u2013 Piese fantezii op.12<\/li>\n<\/ul>\n<p><strong>15. Shivangi Simona C\u00e2ncean<\/strong> \u2013 cls. a XI-a, prof. dr. Monica Noveanu<\/p>\n<p>Colegiul de Muzic\u0103 ,,S.Todu\u021b\u0103\u201d, Cluj-Napoca<\/p>\n<ul>\n<li>G.Enescu \u2013 Pavana din Suita op. 10<\/li>\n<\/ul>\n<p><strong>16. Potopea Alexandra \u2013 <\/strong>cl. a XII-a, prof. Bianca Moraru<\/p>\n<p>Colegiul de Muzic\u0103 ,,S.Todu\u021b\u0103\u201d, Cluj-Napoca<\/p>\n<ul>\n<li>C.Silvestri &#8211; Baccanale<\/li>\n<\/ul>\n<p><b><strong>17. Oana Lelu\u021biu, Andreea Cicireaga Moisescu \u0219i Simona Shivangi C\u00e2ncean<\/strong><\/b><\/p>\n<p>Colegiul de Muzic\u0103 ,,S.Todu\u021b\u0103\u201d, Cluj-Napoca, prof. dr. Monica Noveanu<\/p>\n<ul>\n<li>J.Strauss \u2013 Radetzky-Marsch \u2013 aranjament pt.6 m\u00e2ini(vHerbert)<\/li>\n<\/ul>\n<p><strong>\u00a0<\/strong><\/p>\n<p>&nbsp;<\/p>\n<p>&nbsp;<\/p>\n<h3><strong>Duminic\u0103 20 septembrie 2015 \u2013 ora 16,00 \u2013 18,30<\/strong><\/h3>\n<p><strong>Particip\u0103 elevi ai Colegiului Na\u021bional de Art\u0103, \u201cOctav B\u0103ncil\u0103\u201d \u2013 Ia\u0219i<\/strong><\/p>\n<p><strong>\u00a0<\/strong><\/p>\n<p><strong>PIAN<\/strong><\/p>\n<ol>\n<li><strong>Costandache Sara<\/strong> &#8211; cl a II-a, prof.Carmen \u0218oltuz<\/li>\n<\/ol>\n<ul>\n<li>P.I. Ceaicovski &#8211; Cantec vechi Francez<\/li>\n<li>Fr. Kuhlau &#8211; Tema cu varia\u021biuni, sol major<\/li>\n<li>N. Burgmuller \u2013 Arabesca<\/li>\n<\/ul>\n<p><strong>2. Giurcanu Theodor<\/strong> cl a III-a, prof.Roxana Ota<\/p>\n<ul>\n<li>Chopin-Poloneza \u00een Si bemol<\/li>\n<li>A. Diabelli- Sonatina op 151, nr 3 in Fa<\/li>\n<li>J. S. Bach &#8211; Inventiunea la doua voci nr 8<\/li>\n<\/ul>\n<p><strong>3. Lucaci Mario<\/strong> &#8211; cl a III-a, prof.Roxana Ota<\/p>\n<ul>\n<li>R. Paladi &#8211; Joc<\/li>\n<li>Kuhlau &#8211; Rondo \u00een La major<\/li>\n<li>Bach &#8211; Inventiune la 2 voci nr 1<\/li>\n<\/ul>\n<p><strong>4. Voion Karina<\/strong> &#8211; cl a III-a, prof.Roxana Toma<\/p>\n<ul>\n<li>Fr. Kuhlau \u2013 Sonatina \u00een La major, PI<\/li>\n<li>Fr. Chopin \u2013 Nocturna \u00een do# minor<\/li>\n<\/ul>\n<p><strong>5. Secar\u0103 Maria<\/strong> &#8211; cl a V-a, prof. Roxana Ota<\/p>\n<ul>\n<li>Haciaturian-Sonatina<\/li>\n<\/ul>\n<p><strong>6. Ciotlo\u0219 Alexandru<\/strong> &#8211; cl a V-a, prof. Carmen \u0218oltuz<\/p>\n<ul>\n<li>G.Fr. Haendel &#8211; Passacaglia<\/li>\n<li>P. Constantinescu &#8211; Patru fabule<\/li>\n<li>Fr. Liszt &#8211; Studiu op.1, nr. 10<\/li>\n<\/ul>\n<p><strong>7. \u021aaga Viviana<\/strong> &#8211; cl. a VI-a, prof Carmen \u0218oltuz<\/p>\n<ul>\n<li>Fr. Chopin &#8211; Nocturna, Si bemol, Major<\/li>\n<li>Isac Bercovici &#8211; Varia\u021biuni pe o tema de Paganini<\/li>\n<li>H. Ravina &#8211; Studiu op. 14, nr.1<\/li>\n<\/ul>\n<p><strong>8. Iosif Cezara<\/strong> &#8211; cl.a VII- a, prof. Ana Corina Rusu<\/p>\n<ul>\n<li>L.van Beethoven &#8211; Sonat\u0103, op.14, PI<\/li>\n<li>D.Scarlatti &#8211; Sonat\u0103 \u00een La Major<\/li>\n<\/ul>\n<p><strong>9. Placint\u0103 Alexandru<\/strong> &#8211; cl. a VIII-a, prof. Roxana Ota<\/p>\n<ul>\n<li>Constantinescu-joc Dobrogean<\/li>\n<li>Chopin- Scherzo nr 1<\/li>\n<\/ul>\n<p><strong>10. Preda Andrei<\/strong> &#8211; cl a X-a, prof. Roxana Ota<\/p>\n<ul>\n<li>Chopin &#8211; Scherzo\u00a0 nr 2 Liszt- Studiul transcedental nr 10<\/li>\n<\/ul>\n<p><strong>11. S\u0103l\u0103jan Sofia<\/strong> &#8211; cl a X-a, prof. Roxana Ota<\/p>\n<ul>\n<li>Liszt- Studiu de concert \u201dLa leggierezza\u201d<\/li>\n<li>Ravel \u2013 Sonatina<\/li>\n<\/ul>\n<p><b><strong>12. Ana Maria Sandu &#8211;<\/strong> cl aXII-a, vioara<\/b><\/p>\n<ul>\n<li>E. Chausson &#8211; Poeme<\/li>\n<\/ul>\n<p><strong>13. Ciprian Chirvasa &#8211;<\/strong> clasa aX-a, trompeta<\/p>\n<ul>\n<li>J.K.Neruda &#8211; Concert in mi bemol major, p.I<\/li>\n<\/ul>\n<p><strong>14. David Roman &#8211;<\/strong> cl aIX-a, trompeta<\/p>\n<ul>\n<li>N.Takov &#8211; Pies\u0103<\/li>\n<\/ul>\n<p>La pian acompaniaza prof. Smaranda Acatrinei<\/p>\n","protected":false},"excerpt":{"rendered":"<p>PROGRAM\u0102RI pentru Pia\u021ba Festivalului perioada 16 \u2013 20 septembrie 2015 \u00a0 &nbsp; Miercuri 16 septembrie 2015 \/ ora 16,30 \u2013 18,30 Particip\u0103 elevi de la\u00a0\u0218coala Gimnazial\u0103 de Arte \u201dIosif Sava\u201d &#8211; Bucure\u0219ti \u0219i Colegiul Na\u021bional de Muzic\u0103 \u201dGeorge Enescu\u201d \u2013 Bucure\u0219ti &nbsp; 1. Drago\u0219 Obad\u0103 \u2013 cl. a II-a, prof.Andrei Podlacha \u0218coala Gimnazial\u0103 de Arte [&hellip;]<\/p>\n","protected":false},"author":1,"featured_media":0,"parent":0,"menu_order":0,"comment_status":"open","ping_status":"open","template":"","meta":{"footnotes":""},"class_list":["post-2831","page","type-page","status-publish","hentry"],"_links":{"self":[{"href":"https:\/\/www.propiano.org\/romanian\/wp-json\/wp\/v2\/pages\/2831","targetHints":{"allow":["GET"]}}],"collection":[{"href":"https:\/\/www.propiano.org\/romanian\/wp-json\/wp\/v2\/pages"}],"about":[{"href":"https:\/\/www.propiano.org\/romanian\/wp-json\/wp\/v2\/types\/page"}],"author":[{"embeddable":true,"href":"https:\/\/www.propiano.org\/romanian\/wp-json\/wp\/v2\/users\/1"}],"replies":[{"embeddable":true,"href":"https:\/\/www.propiano.org\/romanian\/wp-json\/wp\/v2\/comments?post=2831"}],"version-history":[{"count":15,"href":"https:\/\/www.propiano.org\/romanian\/wp-json\/wp\/v2\/pages\/2831\/revisions"}],"predecessor-version":[{"id":3392,"href":"https:\/\/www.propiano.org\/romanian\/wp-json\/wp\/v2\/pages\/2831\/revisions\/3392"}],"wp:attachment":[{"href":"https:\/\/www.propiano.org\/romanian\/wp-json\/wp\/v2\/media?parent=2831"}],"curies":[{"name":"wp","href":"https:\/\/api.w.org\/{rel}","templated":true}]}}