{"id":2476,"date":"2014-02-11T09:13:31","date_gmt":"2014-02-11T09:13:31","guid":{"rendered":"http:\/\/www.propiano.org\/romanian\/?page_id=2476"},"modified":"2014-05-29T03:52:30","modified_gmt":"2014-05-29T03:52:30","slug":"programarea-bucuresti-2014","status":"publish","type":"page","link":"https:\/\/www.propiano.org\/romanian\/programarea-bucuresti-2014\/","title":{"rendered":"Programarea \u201dPrietenii Muzicii\u201d Bucuresti 2014"},"content":{"rendered":"<h4 align=\"center\"><strong>Festivalul \u201dPrietenii Muzicii\/PRO PIANO-ROM\u00c2NIA\u201d \u2013 edi\u021bia a XI<\/strong><strong>I<\/strong><strong>-a, <\/strong><\/h4>\n<p align=\"center\"><strong>Bucure\u0219ti &#8211; 30 mai, 31 mai \u0219i\u00a01 iunie 2014<\/strong><\/p>\n<p align=\"center\"><strong>LOCA\u021aIA Festivalului: Colegiul Na\u021bional de Muzic\u0103 \u201dGeorge Enescu\u201d, Str. Gheorghe Manu nr. 30<\/strong><\/p>\n<h4 align=\"center\">PROGRAMARE<\/h4>\n<h4><strong><span style=\"text-decoration: underline;\">Vineri \u00a030 mai 2014<\/span><\/strong><\/h4>\n<address><strong>Ora 9 \u2013 grupa cererilor speciale:<\/strong><\/address>\n<address><b>&#8211; Gr\u0103dini\u021ba \u201dIoanid\u201d<\/b>(5 copii)<\/address>\n<address><strong>&#8211; Sectiunea \u00a0B \u2013 <\/strong>Abbasi Far Kosh Samira(B1),\u00a0 Dinc\u0103 Amalia Gabriela(B1), Anghelescu Maria(B2), Arsene Maria Magdalena(B2), David Andrei(B3), Marca Dominic(B3), Petre Andreea(B3), Popescu Bianca Ioana (B3), Pistol Andreea(B4), Arsene David(B5), Alexandrescu Tudor(B6)<\/address>\n<address><strong>&#8211; Sectiunea\u00a0A \u2013<\/strong>\u00a0Spiridon Miruna(A5), Diaconu Iulia(A6), C\u00eerjaliu Andrei(A9), Gheorghiu Andrea Catherine(A12), Emilia Teodorescu -Sabina Constantin(C)<\/address>\n<address>\u00a0<\/address>\n<address>\u00a0<\/address>\n<address><em>Ora<\/em><strong> 9,50<\/strong><em> categori<\/em><em>a<\/em><em> <\/em><strong>A3<\/strong><em>(2006) <\/em><em><\/em><\/address>\n<address><em>Ora <b>11,30 <\/b>\u2013 categoria <\/em><strong>A4<\/strong><em>(2005)<\/em><em> <\/em><\/address>\n<address><em>Ora<\/em><strong> 12<\/strong><em>\u2013 categoria <\/em><strong>A5<\/strong><em>(2004)<\/em><em> <\/em><\/address>\n<address><em>\u00a0<\/em><\/address>\n<address><em><b>PREMIERE \u2013 PAUZ\u0102<\/b><\/em><\/address>\n<address><b>\u00a0<\/b><\/address>\n<address><em>Ora <\/em><strong>15<\/strong><em> \u2013 categori<\/em><em>ile<\/em><em> <\/em><strong>A6<\/strong><em>(2003)<\/em><em> \u0219i <b>A7<\/b>(2002) <\/em><\/address>\n<address><em>Ora <\/em><strong>16,15<\/strong><em>\u2013 categoria <\/em><strong>A8<\/strong><em>(200<\/em><em>1<\/em><em>)<\/em><em><b><\/b><\/em><\/address>\n<address><strong>PREMIERE<\/strong><\/address>\n<address><strong>\u00a0<\/strong><\/address>\n<address><strong>\u00a0<\/strong><\/address>\n<address>\u00a0<\/address>\n<h4>\u00a0<strong><span style=\"text-decoration: underline;\">S\u00e2mb\u0103t\u0103 31 mai 2014<\/span><\/strong><\/h4>\n<address>Ora <strong>8,30<\/strong> &#8211; Atelier de crea\u021bie Muzical\u0103 <strong>\u201dJust Music\u201d<\/strong><\/address>\n<address>Ora <strong>9<\/strong> \u2013\u00a0 Clubul<strong> \u201dHappy Piano\u201d \u0219i\u00a0<\/strong>Cocaina Amalia(A3)<\/address>\n<address><em>Ora <\/em><strong>9,30<\/strong><em> &#8211; <\/em><em>categoriile <\/em><strong>B0<\/strong><em>(<\/em><em>2010, <\/em><em>2009<\/em><em>) \u0219i <\/em><strong>B1<\/strong><em>(200<\/em><em>8<\/em><em>)<\/em><strong><\/strong><\/address>\n<address><em>Ora <\/em><strong>10,15<\/strong><em> \u2013 categoria <\/em><strong>B2<\/strong><em>(2007<\/em><em>)<\/em><em><\/em><\/address>\n<address><em>Ora <\/em><strong>11,30<\/strong><em> \u2013 categoria <\/em><strong>B3<\/strong><em>(2006<\/em><em>)<\/em><em><\/em><\/address>\n<address><em>Ora <\/em><strong>12,15<\/strong><em> \u2013 categoria <strong>B6<\/strong>(2003)<\/em><\/address>\n<address>\u00a0Ora <strong>13 &#8211; <\/strong>categoria <strong>C(4 maini)<\/strong><\/address>\n<address>\u00a0<\/address>\n<address><em><b>PREMIERE \u2013 PAUZ\u0102<\/b><\/em><\/address>\n<address>\u00a0<\/address>\n<address><em>Ora <\/em><strong>15 \u2013 participan\u021bii din PLOPENI<\/strong><strong> \u2013 Prahova<\/strong><\/address>\n<address><em>Ora <\/em><strong>15,40 &#8211; <\/strong><em>c<\/em><em>ategoria <\/em><strong>B4<\/strong><em>(200<\/em><em>5<\/em><em>)<\/em><em><\/em><\/address>\n<address><em>Ora <\/em><strong>16,20<\/strong><em> \u2013 categoria <\/em><strong>B5<\/strong><em>(200<\/em><em>4<\/em><em>)<\/em><\/address>\n<address><strong>PREMIERE<\/strong><\/address>\n<address>\u00a0<\/address>\n<address>\u00a0<\/address>\n<address>\u00a0<\/address>\n<h4><strong><span style=\"text-decoration: underline;\">Duminic\u0103 \u00a01 \u00a0iunie 2014<\/span><\/strong><\/h4>\n<address>Ora <strong>9<\/strong> \u2013 <strong>Grupa special\u0103<\/strong>: Dinu Sabina(B1), Dima Albert(B2), Feodor Alesia(B3), Cre\u021bu Antonio(A3), Hardy Pablo(A5),Constantin Iarin(A6), Nicolae Andreea(A6), Ungureanu Monica(A6), Ruscu Albert(A7)\u00a0\u00a0<\/address>\n<address><strong>\u0218coala de Muzic\u0103 \u201dBoem Club\u201d \u0219i \u0218coala de Arte <\/strong><strong>din <\/strong><strong>Giurgiu<\/strong><\/address>\n<address><strong>Ora 9,50 &#8211; <\/strong>\u00a0categoria <strong>B7<\/strong>(2002)<\/address>\n<address>Ora <strong>10,20 \u2013 <\/strong><strong>categoria<\/strong><strong> B8<\/strong><strong>(2001)<\/strong><\/address>\n<address><strong>Ora <\/strong><strong>11, 15<\/strong><strong>\u00a0\u2013 categoriile <\/strong><strong>B9<\/strong><strong>(2000) \u0219i <\/strong><strong>B13<\/strong><strong>(1996)<\/strong><\/address>\n<address><strong>Ora 11,45 \u2013 categoriile <\/strong><strong>A9<\/strong><strong>(2000) \u0219i <\/strong><strong>A11<\/strong><strong>(1998)<\/strong><\/address>\n<address><strong>PREMIERE<\/strong><\/address>\n<p>&nbsp;<\/p>\n<address><strong>\u00a0<\/strong><\/address>\n","protected":false},"excerpt":{"rendered":"<p>Festivalul \u201dPrietenii Muzicii\/PRO PIANO-ROM\u00c2NIA\u201d \u2013 edi\u021bia a XII-a, Bucure\u0219ti &#8211; 30 mai, 31 mai \u0219i\u00a01 iunie 2014 LOCA\u021aIA Festivalului: Colegiul Na\u021bional de Muzic\u0103 \u201dGeorge Enescu\u201d, Str. Gheorghe Manu nr. 30 PROGRAMARE Vineri \u00a030 mai 2014 Ora 9 \u2013 grupa cererilor speciale: &#8211; Gr\u0103dini\u021ba \u201dIoanid\u201d(5 copii) &#8211; Sectiunea \u00a0B \u2013 Abbasi Far Kosh Samira(B1),\u00a0 Dinc\u0103 Amalia [&hellip;]<\/p>\n","protected":false},"author":1,"featured_media":0,"parent":0,"menu_order":0,"comment_status":"open","ping_status":"open","template":"","meta":{"footnotes":""},"class_list":["post-2476","page","type-page","status-publish","hentry"],"_links":{"self":[{"href":"https:\/\/www.propiano.org\/romanian\/wp-json\/wp\/v2\/pages\/2476","targetHints":{"allow":["GET"]}}],"collection":[{"href":"https:\/\/www.propiano.org\/romanian\/wp-json\/wp\/v2\/pages"}],"about":[{"href":"https:\/\/www.propiano.org\/romanian\/wp-json\/wp\/v2\/types\/page"}],"author":[{"embeddable":true,"href":"https:\/\/www.propiano.org\/romanian\/wp-json\/wp\/v2\/users\/1"}],"replies":[{"embeddable":true,"href":"https:\/\/www.propiano.org\/romanian\/wp-json\/wp\/v2\/comments?post=2476"}],"version-history":[{"count":24,"href":"https:\/\/www.propiano.org\/romanian\/wp-json\/wp\/v2\/pages\/2476\/revisions"}],"predecessor-version":[{"id":2720,"href":"https:\/\/www.propiano.org\/romanian\/wp-json\/wp\/v2\/pages\/2476\/revisions\/2720"}],"wp:attachment":[{"href":"https:\/\/www.propiano.org\/romanian\/wp-json\/wp\/v2\/media?parent=2476"}],"curies":[{"name":"wp","href":"https:\/\/api.w.org\/{rel}","templated":true}]}}