{"id":1756,"date":"2012-11-15T16:33:00","date_gmt":"2012-11-15T16:33:00","guid":{"rendered":"http:\/\/www.propiano.org\/romanian\/?page_id=1756"},"modified":"2020-04-02T11:43:04","modified_gmt":"2020-04-02T11:43:04","slug":"recitaluri-2013","status":"publish","type":"page","link":"https:\/\/www.propiano.org\/romanian\/recitaluri-2013\/","title":{"rendered":"Recitaluri 2012 &#8211; 2013"},"content":{"rendered":"<p>&nbsp;<\/p>\n<p style=\"text-align: center;\"><strong style=\"color: #000000; font-size: 1.17em;\">Recitalurile 2013<\/strong><\/p>\n<p>Joi <strong>19 decembrie<\/strong> <strong>2013,<\/strong> ora 17,30 &#8211;\u00a0Atelier de Creatie Muzicala \u201dPovestiri Muzicale\u201d &#8211;\u00a0organizat \u00een colaborare cu\u00a0prof. Gra\u021biela Nichita \u0219i Ioana Andrei,\u00a0 la Sala \u201dI. I. Dalles\u201d, din Bd. Nicolae B\u0103lcescu nr. 18, Sector 1, Bucure\u015fti.<\/p>\n<p><span style=\"text-decoration: underline;\"><span style=\"text-decoration: underline; color: #000000;\"><a title=\"http:\/\/www.propiano.org\/romanian\/wp-content\/uploads\/2013\/12\/Afis-PovestiriMuzicale2013-01.pdf\" href=\"http:\/\/www.propiano.org\/romanian\/wp-content\/uploads\/2013\/12\/Afis-PovestiriMuzicale2013-01.pdf\"><span style=\"color: #000000; text-decoration: underline;\">Joi, <strong>19 decembrie 2013<\/strong> &#8211; \u00a0Atelier de Creatie Muzicala \u201dPovestiri Muzicale\u201d<\/span><\/a><\/span><span style=\"text-decoration: underline;\">\u00a0<\/span><span style=\"color: #000000;\"><span style=\"color: #000000; text-decoration: underline;\">(afis)<\/span><\/span><\/span><\/p>\n<p>&nbsp;<\/p>\n<p>&nbsp;<\/p>\n<p>S\u00e2mb\u0103t\u0103\u00a0<strong>30 noiembrie 2013<\/strong>, ora 11 \u2013 Recital instrumental la Casa Memorial\u0103 \u201dGeorge Enescu\u201d \u2013 Vila Lumini\u0219, din Sinaia. Adresa: Str. Yehudi Menuhin nr. 2 \u2013 Cump\u0103tu \u2013 Sinaia\u00a0 \u00a0(<a href=\"http:\/\/www.propiano.org\/romanian\/wp-content\/uploads\/2012\/11\/1-Afis-dublu-PRO-PIANO-2013-30-nov-Sinaia-si-1-dec-Busteni.pdf\">\u00a0<\/a><span style=\"color: #000000;\"><a title=\"http:\/\/www.propiano.org\/romanian\/wp-content\/uploads\/2012\/11\/1-Afis-dublu-PRO-PIANO-2013-30-nov-Sinaia-si-1-dec-Busteni.pdf\" href=\"http:\/\/www.propiano.org\/romanian\/wp-content\/uploads\/2012\/11\/1-Afis-dublu-PRO-PIANO-2013-30-nov-Sinaia-si-1-dec-Busteni.pdf\"><span style=\"color: #000000;\"><span style=\"text-decoration: underline;\">Afis dublu PRO PIANO 2013 30 nov Sinaia si 1 dec Busteni<\/span><span style=\"text-decoration: underline;\">)<\/span><\/span><\/a><\/span><\/p>\n<p><strong>\u00a0<\/strong><\/p>\n<p>&nbsp;<\/p>\n<p>Duminic\u0103\u00a0\u00a0<strong>1 decembrie 2013<\/strong>, ora 11 \u2013 Recital instrumental la Centrul Cultural \u201dAurel Stroe\u201d din Bu\u0219teni. Adresa: Bd. LIbert\u0103\u021bii nr. 93 (l\u00e2ng\u0103 Biserica Domneasc\u0103 \u2013 vizavi de gara Busteni).<\/p>\n<p>&nbsp;<\/p>\n<p>&nbsp;<\/p>\n<p><span style=\"color: #000000;\">Recitalurile din <strong>Pia\u021ba Festivalului &#8220;George Enescu&#8221; <\/strong>in perioada 23 &#8211; 28 septembrie 2013 (a se vedea linkul &#8211; &#8220;Piata festivalului &#8220;G. Enescu&#8221; 2013&#8243; din <strong>Arhiva 2013<\/strong>)<\/span><\/p>\n<p>&nbsp;<\/p>\n<p>&nbsp;<\/p>\n<p>Miercuri <strong>27 martie 2013<\/strong> , ora 17\u2013Recital Instrumental\u00a0 la Muzeul Na\u021bional \u201dGeorge Enescu\u201d- Palatul Cantacuzino, Calea Victoriei nr. 141, Bucure\u0219ti<\/p>\n<p><img loading=\"lazy\" decoding=\"async\" src=\"https:\/\/www.georgeenescu.ro\/images\/2013\/03\/Afis-PRO-PIANO,-prof.Stela-Avesalon,-27-martie-2013,-Salon-s.jpg\" alt=\"\" width=\"149\" height=\"210\" \/><\/p>\n<p>&nbsp;<\/p>\n<p>&nbsp;<\/p>\n<p><span style=\"color: #000000;\">\u00a0Mar\u021bi\u00a0<strong>26 februarie 2013<\/strong>,<\/span> ora 16 \u2013 Recitalul Instrumental\u00a0<span style=\"color: #800000;\"><strong>&#8220;M\u0103r\u021bi\u0219oare Muzicale\u201d<\/strong><\/span>\u00a0la Sala de Concerte ARCUB\u00a0 (Centrul de Proiecte Culturale-Prim\u0103ria Municipiului Bucure\u0219ti). Adresa: str. Bati\u0219tei nr.14<\/p>\n<p>&nbsp;<\/p>\n<p>&nbsp;<\/p>\n<p style=\"text-align: center;\"><strong><span style=\"color: #000000;\">Recitaluri 2012:<\/span><\/strong><\/p>\n<p><span style=\"color: #000000;\"><a title=\"http:\/\/www.propiano.org\/romanian\/wp-content\/uploads\/2012\/11\/Afis-22-nov.-Bucuresti-.pdf\" href=\"http:\/\/www.propiano.org\/romanian\/wp-content\/uploads\/2012\/11\/Afis-22-nov.-Bucuresti-.pdf\" target=\"_blank\" rel=\"noopener noreferrer\"><span style=\"color: #000000;\">Joi 22 noiembrie 2012, ora 18 \u2013 Recital instrumental la Muzeul Na\u021bional \u201dGeorge Enescu\u201d-Palatul Cantacuzino. Adresa: Calea Victoriei nr. 141, Bucure\u0219ti<\/span><\/a><\/span><\/p>\n<p><span style=\"color: #000000;\">\u00a0<\/span><\/p>\n<p><span style=\"color: #000000;\"><a title=\"http:\/\/www.propiano.org\/romanian\/recital-30-noiembrie\/\" href=\"http:\/\/www.propiano.org\/romanian\/recital-30-noiembrie\/\" target=\"_blank\" rel=\"noopener noreferrer\"><span style=\"color: #000000;\">Vineri 30 noiembrie 2012, ora 11 \u2013 Recital instrumental la Casa Memorial\u0103 \u201dGeorge Enescu\u201d \u2013 Vila Lumini\u0219, din Sinaia. Adresa: Str. Yehudi Menuhin nr. 2 \u2013 Cump\u0103tu \u2013 Sinaia<\/span><\/a><\/span><\/p>\n<p><span style=\"color: #000000;\">\u00a0<\/span><\/p>\n<p><span style=\"color: #000000;\">S\u00e2mb\u0103t\u0103 1 decembrie 2012, ora 18 \u2013 Recital instrumental la Centrul Cultural \u201dAurel Stroe\u201d din Bu\u0219teni. Adresa: Bd. LIbert\u0103\u021bii nr. 93(l\u00e2ng\u0103 Biserica Domneasc\u0103 \u2013 vizavi de gara Busteni).<\/span><\/p>\n","protected":false},"excerpt":{"rendered":"<p>&nbsp; Recitalurile 2013 Joi 19 decembrie 2013, ora 17,30 &#8211;\u00a0Atelier de Creatie Muzicala \u201dPovestiri Muzicale\u201d &#8211;\u00a0organizat \u00een colaborare cu\u00a0prof. Gra\u021biela Nichita \u0219i Ioana Andrei,\u00a0 la Sala \u201dI. I. Dalles\u201d, din Bd. Nicolae B\u0103lcescu nr. 18, Sector 1, Bucure\u015fti. Joi, 19 decembrie 2013 &#8211; \u00a0Atelier de Creatie Muzicala \u201dPovestiri Muzicale\u201d\u00a0(afis) &nbsp; &nbsp; S\u00e2mb\u0103t\u0103\u00a030 noiembrie 2013, ora [&hellip;]<\/p>\n","protected":false},"author":1,"featured_media":0,"parent":0,"menu_order":0,"comment_status":"open","ping_status":"open","template":"","meta":{"footnotes":""},"class_list":["post-1756","page","type-page","status-publish","hentry"],"_links":{"self":[{"href":"https:\/\/www.propiano.org\/romanian\/wp-json\/wp\/v2\/pages\/1756","targetHints":{"allow":["GET"]}}],"collection":[{"href":"https:\/\/www.propiano.org\/romanian\/wp-json\/wp\/v2\/pages"}],"about":[{"href":"https:\/\/www.propiano.org\/romanian\/wp-json\/wp\/v2\/types\/page"}],"author":[{"embeddable":true,"href":"https:\/\/www.propiano.org\/romanian\/wp-json\/wp\/v2\/users\/1"}],"replies":[{"embeddable":true,"href":"https:\/\/www.propiano.org\/romanian\/wp-json\/wp\/v2\/comments?post=1756"}],"version-history":[{"count":51,"href":"https:\/\/www.propiano.org\/romanian\/wp-json\/wp\/v2\/pages\/1756\/revisions"}],"predecessor-version":[{"id":6433,"href":"https:\/\/www.propiano.org\/romanian\/wp-json\/wp\/v2\/pages\/1756\/revisions\/6433"}],"wp:attachment":[{"href":"https:\/\/www.propiano.org\/romanian\/wp-json\/wp\/v2\/media?parent=1756"}],"curies":[{"name":"wp","href":"https:\/\/api.w.org\/{rel}","templated":true}]}}